{"id":8085,"date":"2013-12-09T14:43:04","date_gmt":"2013-12-09T14:43:04","guid":{"rendered":"http:\/\/munilaja.cl\/w\/?page_id=8085"},"modified":"2022-05-06T11:34:39","modified_gmt":"2022-05-06T15:34:39","slug":"renovacion-patente-alcoholes","status":"publish","type":"page","link":"https:\/\/munilaja.cl\/w\/administracion-finanzas\/renovacion-patente-alcoholes\/","title":{"rendered":"Renovaci\u00f3n Patente Alcoholes"},"content":{"rendered":"<p style=\"text-align: justify;\">Los contribuyentes, deben dirigirse a la Unidad de Rentas y Patentes solicitar el formulario adem\u00e1s de adjuntar la siguiente documentaci\u00f3n:<\/p>\n<ol>\n<li style=\"text-align: justify;\">\n<div>Fotocopia C\u00e9dula de Identidad<\/div>\n<\/li>\n<li style=\"text-align: justify;\">Certificado de Antecedentes<\/li>\n<li>\n<div>\n<div style=\"text-align: justify;\">Declaraci\u00f3n Jurada Ley N\u00ba 19.925<\/div>\n<div><\/div>\n<h2><strong>Plazo vence el 30 Junio 2022.<\/strong><\/h2>\n<\/div>\n<p><a href=\"https:\/\/munilaja.cl\/w\/wp-content\/uploads\/2022\/05\/FORMULARIO-SOLICITUD-RENOVACION-PATENTES-DE-ALCOHOLES-1.pdf\">(descargar) Formulario Renovaci\u00f3n Patente de Alcoholes\u00a0\u00a0\u00a0<\/a><\/p>\n<div>\n<div><\/div>\n<\/div>\n<div><\/div>\n<\/li>\n<\/ol>\n","protected":false},"excerpt":{"rendered":"<p>Los contribuyentes, deben dirigirse a la Unidad de Rentas y Patentes solicitar el formulario adem\u00e1s de adjuntar la siguiente documentaci\u00f3n: Fotocopia C\u00e9dula de Identidad Certificado de Antecedentes Declaraci\u00f3n Jurada Ley N\u00ba 19.925 Plazo vence el 30 Junio 2022. (descargar) Formulario Renovaci\u00f3n Patente de Alcoholes\u00a0\u00a0\u00a0<\/p>\n","protected":false},"author":11,"featured_media":0,"parent":9,"menu_order":0,"comment_status":"closed","ping_status":"open","template":"","meta":{"zakra_sidebar_layout":"customizer","zakra_remove_content_margin":false,"zakra_sidebar":"customizer","zakra_transparent_header":"customizer","zakra_logo":0,"zakra_main_header_style":"default","zakra_menu_item_color":"","zakra_menu_item_hover_color":"","zakra_menu_item_active_color":"","zakra_menu_active_style":"zakra_menu_active_style","zakra_page_header":true,"footnotes":""},"class_list":["post-8085","page","type-page","status-publish","hentry"],"yoast_head":"<!-- This site is optimized with the Yoast SEO plugin v24.0 - https:\/\/yoast.com\/wordpress\/plugins\/seo\/ -->\n<title>Renovaci\u00f3n Patente Alcoholes - Municipalidad de Laja<\/title>\n<meta name=\"robots\" content=\"index, follow, max-snippet:-1, max-image-preview:large, max-video-preview:-1\" \/>\n<link rel=\"canonical\" href=\"https:\/\/munilaja.cl\/w\/administracion-finanzas\/renovacion-patente-alcoholes\/\" \/>\n<meta property=\"og:locale\" content=\"es_ES\" \/>\n<meta property=\"og:type\" content=\"article\" \/>\n<meta property=\"og:title\" content=\"Renovaci\u00f3n Patente Alcoholes - Municipalidad de Laja\" \/>\n<meta property=\"og:description\" content=\"Los contribuyentes, deben dirigirse a la Unidad de Rentas y Patentes solicitar el formulario adem\u00e1s de adjuntar la siguiente documentaci\u00f3n: Fotocopia C\u00e9dula de Identidad Certificado de Antecedentes Declaraci\u00f3n Jurada Ley N\u00ba 19.925 Plazo vence el 30 Junio 2022. (descargar) Formulario Renovaci\u00f3n Patente de Alcoholes\u00a0\u00a0\u00a0\" \/>\n<meta property=\"og:url\" content=\"https:\/\/munilaja.cl\/w\/administracion-finanzas\/renovacion-patente-alcoholes\/\" \/>\n<meta property=\"og:site_name\" content=\"Municipalidad de Laja\" \/>\n<meta property=\"article:modified_time\" content=\"2022-05-06T15:34:39+00:00\" \/>\n<meta name=\"twitter:card\" content=\"summary_large_image\" \/>\n<script type=\"application\/ld+json\" class=\"yoast-schema-graph\">{\"@context\":\"https:\/\/schema.org\",\"@graph\":[{\"@type\":\"WebPage\",\"@id\":\"https:\/\/munilaja.cl\/w\/administracion-finanzas\/renovacion-patente-alcoholes\/\",\"url\":\"https:\/\/munilaja.cl\/w\/administracion-finanzas\/renovacion-patente-alcoholes\/\",\"name\":\"Renovaci\u00f3n Patente Alcoholes - Municipalidad de Laja\",\"isPartOf\":{\"@id\":\"https:\/\/munilaja.cl\/w\/#website\"},\"datePublished\":\"2013-12-09T14:43:04+00:00\",\"dateModified\":\"2022-05-06T15:34:39+00:00\",\"breadcrumb\":{\"@id\":\"https:\/\/munilaja.cl\/w\/administracion-finanzas\/renovacion-patente-alcoholes\/#breadcrumb\"},\"inLanguage\":\"es\",\"potentialAction\":[{\"@type\":\"ReadAction\",\"target\":[\"https:\/\/munilaja.cl\/w\/administracion-finanzas\/renovacion-patente-alcoholes\/\"]}]},{\"@type\":\"BreadcrumbList\",\"@id\":\"https:\/\/munilaja.cl\/w\/administracion-finanzas\/renovacion-patente-alcoholes\/#breadcrumb\",\"itemListElement\":[{\"@type\":\"ListItem\",\"position\":1,\"name\":\"Portada\",\"item\":\"https:\/\/munilaja.cl\/w\/\"},{\"@type\":\"ListItem\",\"position\":2,\"name\":\"Administraci\u00f3n &#038; Finanzas\",\"item\":\"https:\/\/munilaja.cl\/w\/administracion-finanzas\/\"},{\"@type\":\"ListItem\",\"position\":3,\"name\":\"Renovaci\u00f3n Patente Alcoholes\"}]},{\"@type\":\"WebSite\",\"@id\":\"https:\/\/munilaja.cl\/w\/#website\",\"url\":\"https:\/\/munilaja.cl\/w\/\",\"name\":\"Municipalidad de Laja\",\"description\":\"Web Municipal\",\"publisher\":{\"@id\":\"https:\/\/munilaja.cl\/w\/#organization\"},\"potentialAction\":[{\"@type\":\"SearchAction\",\"target\":{\"@type\":\"EntryPoint\",\"urlTemplate\":\"https:\/\/munilaja.cl\/w\/?s={search_term_string}\"},\"query-input\":{\"@type\":\"PropertyValueSpecification\",\"valueRequired\":true,\"valueName\":\"search_term_string\"}}],\"inLanguage\":\"es\"},{\"@type\":\"Organization\",\"@id\":\"https:\/\/munilaja.cl\/w\/#organization\",\"name\":\"Municipalidad de Laja\",\"url\":\"https:\/\/munilaja.cl\/w\/\",\"logo\":{\"@type\":\"ImageObject\",\"inLanguage\":\"es\",\"@id\":\"https:\/\/munilaja.cl\/w\/#\/schema\/logo\/image\/\",\"url\":\"https:\/\/munilaja.cl\/w\/wp-content\/uploads\/2024\/11\/ESCUDO-LAJA-LETRAS-BLANCAS-LOGO-WEB.png\",\"contentUrl\":\"https:\/\/munilaja.cl\/w\/wp-content\/uploads\/2024\/11\/ESCUDO-LAJA-LETRAS-BLANCAS-LOGO-WEB.png\",\"width\":150,\"height\":150,\"caption\":\"Municipalidad de Laja\"},\"image\":{\"@id\":\"https:\/\/munilaja.cl\/w\/#\/schema\/logo\/image\/\"}}]}<\/script>\n<!-- \/ Yoast SEO plugin. -->","yoast_head_json":{"title":"Renovaci\u00f3n Patente Alcoholes - Municipalidad de Laja","robots":{"index":"index","follow":"follow","max-snippet":"max-snippet:-1","max-image-preview":"max-image-preview:large","max-video-preview":"max-video-preview:-1"},"canonical":"https:\/\/munilaja.cl\/w\/administracion-finanzas\/renovacion-patente-alcoholes\/","og_locale":"es_ES","og_type":"article","og_title":"Renovaci\u00f3n Patente Alcoholes - Municipalidad de Laja","og_description":"Los contribuyentes, deben dirigirse a la Unidad de Rentas y Patentes solicitar el formulario adem\u00e1s de adjuntar la siguiente documentaci\u00f3n: Fotocopia C\u00e9dula de Identidad Certificado de Antecedentes Declaraci\u00f3n Jurada Ley N\u00ba 19.925 Plazo vence el 30 Junio 2022. (descargar) Formulario Renovaci\u00f3n Patente de Alcoholes\u00a0\u00a0\u00a0","og_url":"https:\/\/munilaja.cl\/w\/administracion-finanzas\/renovacion-patente-alcoholes\/","og_site_name":"Municipalidad de Laja","article_modified_time":"2022-05-06T15:34:39+00:00","twitter_card":"summary_large_image","schema":{"@context":"https:\/\/schema.org","@graph":[{"@type":"WebPage","@id":"https:\/\/munilaja.cl\/w\/administracion-finanzas\/renovacion-patente-alcoholes\/","url":"https:\/\/munilaja.cl\/w\/administracion-finanzas\/renovacion-patente-alcoholes\/","name":"Renovaci\u00f3n Patente Alcoholes - Municipalidad de Laja","isPartOf":{"@id":"https:\/\/munilaja.cl\/w\/#website"},"datePublished":"2013-12-09T14:43:04+00:00","dateModified":"2022-05-06T15:34:39+00:00","breadcrumb":{"@id":"https:\/\/munilaja.cl\/w\/administracion-finanzas\/renovacion-patente-alcoholes\/#breadcrumb"},"inLanguage":"es","potentialAction":[{"@type":"ReadAction","target":["https:\/\/munilaja.cl\/w\/administracion-finanzas\/renovacion-patente-alcoholes\/"]}]},{"@type":"BreadcrumbList","@id":"https:\/\/munilaja.cl\/w\/administracion-finanzas\/renovacion-patente-alcoholes\/#breadcrumb","itemListElement":[{"@type":"ListItem","position":1,"name":"Portada","item":"https:\/\/munilaja.cl\/w\/"},{"@type":"ListItem","position":2,"name":"Administraci\u00f3n &#038; Finanzas","item":"https:\/\/munilaja.cl\/w\/administracion-finanzas\/"},{"@type":"ListItem","position":3,"name":"Renovaci\u00f3n Patente Alcoholes"}]},{"@type":"WebSite","@id":"https:\/\/munilaja.cl\/w\/#website","url":"https:\/\/munilaja.cl\/w\/","name":"Municipalidad de Laja","description":"Web Municipal","publisher":{"@id":"https:\/\/munilaja.cl\/w\/#organization"},"potentialAction":[{"@type":"SearchAction","target":{"@type":"EntryPoint","urlTemplate":"https:\/\/munilaja.cl\/w\/?s={search_term_string}"},"query-input":{"@type":"PropertyValueSpecification","valueRequired":true,"valueName":"search_term_string"}}],"inLanguage":"es"},{"@type":"Organization","@id":"https:\/\/munilaja.cl\/w\/#organization","name":"Municipalidad de Laja","url":"https:\/\/munilaja.cl\/w\/","logo":{"@type":"ImageObject","inLanguage":"es","@id":"https:\/\/munilaja.cl\/w\/#\/schema\/logo\/image\/","url":"https:\/\/munilaja.cl\/w\/wp-content\/uploads\/2024\/11\/ESCUDO-LAJA-LETRAS-BLANCAS-LOGO-WEB.png","contentUrl":"https:\/\/munilaja.cl\/w\/wp-content\/uploads\/2024\/11\/ESCUDO-LAJA-LETRAS-BLANCAS-LOGO-WEB.png","width":150,"height":150,"caption":"Municipalidad de Laja"},"image":{"@id":"https:\/\/munilaja.cl\/w\/#\/schema\/logo\/image\/"}}]}},"_links":{"self":[{"href":"https:\/\/munilaja.cl\/w\/wp-json\/wp\/v2\/pages\/8085"}],"collection":[{"href":"https:\/\/munilaja.cl\/w\/wp-json\/wp\/v2\/pages"}],"about":[{"href":"https:\/\/munilaja.cl\/w\/wp-json\/wp\/v2\/types\/page"}],"author":[{"embeddable":true,"href":"https:\/\/munilaja.cl\/w\/wp-json\/wp\/v2\/users\/11"}],"replies":[{"embeddable":true,"href":"https:\/\/munilaja.cl\/w\/wp-json\/wp\/v2\/comments?post=8085"}],"version-history":[{"count":3,"href":"https:\/\/munilaja.cl\/w\/wp-json\/wp\/v2\/pages\/8085\/revisions"}],"predecessor-version":[{"id":58959,"href":"https:\/\/munilaja.cl\/w\/wp-json\/wp\/v2\/pages\/8085\/revisions\/58959"}],"up":[{"embeddable":true,"href":"https:\/\/munilaja.cl\/w\/wp-json\/wp\/v2\/pages\/9"}],"wp:attachment":[{"href":"https:\/\/munilaja.cl\/w\/wp-json\/wp\/v2\/media?parent=8085"}],"curies":[{"name":"wp","href":"https:\/\/api.w.org\/{rel}","templated":true}]}}