{"id":72268,"date":"2024-12-16T08:50:16","date_gmt":"2024-12-16T12:50:16","guid":{"rendered":"https:\/\/munilaja.cl\/w\/?page_id=72268"},"modified":"2024-12-16T17:45:40","modified_gmt":"2024-12-16T21:45:40","slug":"concejo-municipal-2024-2028","status":"publish","type":"page","link":"https:\/\/munilaja.cl\/w\/concejo-municipal-2024-2028\/","title":{"rendered":"Concejo Municipal 2024-2028"},"content":{"rendered":"\n<p>El concejo municipal del periodo 2024-2028 toma lugar tres mi\u00e9rcoles al mes a las 10:00 de la ma\u00f1ana. Este se desarrolla en la Sala del Concejo, ubicada en el Centro C\u00edvico (costado Municipalidad). <\/p>\n\n\n\n<p>Est\u00e1 compuesto por<strong> siete miembros<\/strong>: el alcalde, quien preside el concejo, y seis concejales, ordenados en la sala por cantidad de votos al momento de ser electos.<\/p>\n\n\n\n<p>La secretaria, cumple el rol de Ministro de Fe y el administrador, acompa\u00f1a la gesti\u00f3n del alcalde. <\/p>\n\n\n\n<h2 class=\"wp-block-heading\"><strong>\u00bfQUI\u00c9NES EST\u00c1N PRESENTES EN EL CONCEJO MUNICIPAL<\/strong>?<\/h2>\n\n\n\n<ul class=\"wp-block-list\">\n<li>Vladimir Fica Toledo, alcalde de Laja<\/li>\n\n\n\n<li>Germ\u00e1n Barra Fuentealba, administrador municipal. <\/li>\n\n\n\n<li>Karina Sep\u00falveda Mora, secretaria municipal.<\/li>\n\n\n\n<li>Freddy Castro Flores, concejal.<\/li>\n\n\n\n<li>Johnny Gonz\u00e1lez Toledo, concejal. <\/li>\n\n\n\n<li>Luis Espinoza Arroyo, concejal. <\/li>\n\n\n\n<li>Juan Carlos Cuevas Orme\u00f1o, concejal.<\/li>\n\n\n\n<li>Patricio Villalobos Inostroza, concejal. <\/li>\n\n\n\n<li>Yonathan Cea Valenzuela, concejal. <\/li>\n<\/ul>\n\n\n\n<h2 class=\"wp-block-heading\">\u00bf<strong>D\u00d3NDE VER EL CONCEJO MUNICIPAL<\/strong>?<\/h2>\n\n\n\n<p>El concejo es transmitido a trav\u00e9s del<a href=\"https:\/\/www.youtube.com\/@MuniLajaOficial\" data-type=\"link\" data-id=\"https:\/\/www.youtube.com\/@MuniLajaOficial\"> canal de YouTube de la Municipalidad<\/a>. Para conectarte a las transmisiones, s\u00f3lo es necesario buscar el canal en la plataforma y conectarse a la <strong>se\u00f1al en vivo<\/strong> en el <strong>horario indicado anteriormente<\/strong>. <\/p>\n","protected":false},"excerpt":{"rendered":"<p>El concejo municipal del periodo 2024-2028 toma lugar tres mi\u00e9rcoles al mes a las 10:00 de la ma\u00f1ana. Este se desarrolla en la Sala del Concejo, ubicada en el Centro C\u00edvico (costado Municipalidad). Est\u00e1 compuesto por siete miembros: el alcalde, quien preside el concejo, y seis concejales, ordenados en la sala por cantidad de votos [&hellip;]<\/p>\n","protected":false},"author":15,"featured_media":72278,"parent":0,"menu_order":0,"comment_status":"closed","ping_status":"closed","template":"","meta":{"zakra_sidebar_layout":"customizer","zakra_remove_content_margin":false,"zakra_sidebar":"customizer","zakra_transparent_header":"customizer","zakra_logo":0,"zakra_main_header_style":"default","zakra_menu_item_color":"","zakra_menu_item_hover_color":"","zakra_menu_item_active_color":"","zakra_menu_active_style":"zakra_menu_active_style","zakra_page_header":true,"footnotes":""},"class_list":["post-72268","page","type-page","status-publish","has-post-thumbnail","hentry"],"yoast_head":"<!-- This site is optimized with the Yoast SEO plugin v24.0 - https:\/\/yoast.com\/wordpress\/plugins\/seo\/ -->\n<title>Concejo Municipal 2024-2028 - Municipalidad de Laja<\/title>\n<meta name=\"robots\" content=\"index, follow, max-snippet:-1, max-image-preview:large, max-video-preview:-1\" \/>\n<link rel=\"canonical\" href=\"https:\/\/munilaja.cl\/w\/concejo-municipal-2024-2028\/\" \/>\n<meta property=\"og:locale\" content=\"es_ES\" \/>\n<meta property=\"og:type\" content=\"article\" \/>\n<meta property=\"og:title\" content=\"Concejo Municipal 2024-2028 - Municipalidad de Laja\" \/>\n<meta property=\"og:description\" content=\"El concejo municipal del periodo 2024-2028 toma lugar tres mi\u00e9rcoles al mes a las 10:00 de la ma\u00f1ana. Este se desarrolla en la Sala del Concejo, ubicada en el Centro C\u00edvico (costado Municipalidad). Est\u00e1 compuesto por siete miembros: el alcalde, quien preside el concejo, y seis concejales, ordenados en la sala por cantidad de votos [&hellip;]\" \/>\n<meta property=\"og:url\" content=\"https:\/\/munilaja.cl\/w\/concejo-municipal-2024-2028\/\" \/>\n<meta property=\"og:site_name\" content=\"Municipalidad de Laja\" \/>\n<meta property=\"article:modified_time\" content=\"2024-12-16T21:45:40+00:00\" \/>\n<meta property=\"og:image\" content=\"https:\/\/munilaja.cl\/w\/wp-content\/uploads\/2024\/12\/WhatsApp-Image-2024-12-11-at-10.18.32-1-scaled.jpeg\" \/>\n\t<meta property=\"og:image:width\" content=\"2560\" \/>\n\t<meta property=\"og:image:height\" content=\"1920\" \/>\n\t<meta property=\"og:image:type\" content=\"image\/jpeg\" \/>\n<meta name=\"twitter:card\" content=\"summary_large_image\" \/>\n<meta name=\"twitter:label1\" content=\"Tiempo de lectura\" \/>\n\t<meta name=\"twitter:data1\" content=\"1 minuto\" \/>\n<script type=\"application\/ld+json\" class=\"yoast-schema-graph\">{\"@context\":\"https:\/\/schema.org\",\"@graph\":[{\"@type\":\"WebPage\",\"@id\":\"https:\/\/munilaja.cl\/w\/concejo-municipal-2024-2028\/\",\"url\":\"https:\/\/munilaja.cl\/w\/concejo-municipal-2024-2028\/\",\"name\":\"Concejo Municipal 2024-2028 - Municipalidad de Laja\",\"isPartOf\":{\"@id\":\"https:\/\/munilaja.cl\/w\/#website\"},\"primaryImageOfPage\":{\"@id\":\"https:\/\/munilaja.cl\/w\/concejo-municipal-2024-2028\/#primaryimage\"},\"image\":{\"@id\":\"https:\/\/munilaja.cl\/w\/concejo-municipal-2024-2028\/#primaryimage\"},\"thumbnailUrl\":\"https:\/\/munilaja.cl\/w\/wp-content\/uploads\/2024\/12\/WhatsApp-Image-2024-12-11-at-10.18.32-1-scaled.jpeg\",\"datePublished\":\"2024-12-16T12:50:16+00:00\",\"dateModified\":\"2024-12-16T21:45:40+00:00\",\"breadcrumb\":{\"@id\":\"https:\/\/munilaja.cl\/w\/concejo-municipal-2024-2028\/#breadcrumb\"},\"inLanguage\":\"es\",\"potentialAction\":[{\"@type\":\"ReadAction\",\"target\":[\"https:\/\/munilaja.cl\/w\/concejo-municipal-2024-2028\/\"]}]},{\"@type\":\"ImageObject\",\"inLanguage\":\"es\",\"@id\":\"https:\/\/munilaja.cl\/w\/concejo-municipal-2024-2028\/#primaryimage\",\"url\":\"https:\/\/munilaja.cl\/w\/wp-content\/uploads\/2024\/12\/WhatsApp-Image-2024-12-11-at-10.18.32-1-scaled.jpeg\",\"contentUrl\":\"https:\/\/munilaja.cl\/w\/wp-content\/uploads\/2024\/12\/WhatsApp-Image-2024-12-11-at-10.18.32-1-scaled.jpeg\",\"width\":2560,\"height\":1920},{\"@type\":\"BreadcrumbList\",\"@id\":\"https:\/\/munilaja.cl\/w\/concejo-municipal-2024-2028\/#breadcrumb\",\"itemListElement\":[{\"@type\":\"ListItem\",\"position\":1,\"name\":\"Portada\",\"item\":\"https:\/\/munilaja.cl\/w\/\"},{\"@type\":\"ListItem\",\"position\":2,\"name\":\"Concejo Municipal 2024-2028\"}]},{\"@type\":\"WebSite\",\"@id\":\"https:\/\/munilaja.cl\/w\/#website\",\"url\":\"https:\/\/munilaja.cl\/w\/\",\"name\":\"Municipalidad de Laja\",\"description\":\"Web Municipal\",\"publisher\":{\"@id\":\"https:\/\/munilaja.cl\/w\/#organization\"},\"potentialAction\":[{\"@type\":\"SearchAction\",\"target\":{\"@type\":\"EntryPoint\",\"urlTemplate\":\"https:\/\/munilaja.cl\/w\/?s={search_term_string}\"},\"query-input\":{\"@type\":\"PropertyValueSpecification\",\"valueRequired\":true,\"valueName\":\"search_term_string\"}}],\"inLanguage\":\"es\"},{\"@type\":\"Organization\",\"@id\":\"https:\/\/munilaja.cl\/w\/#organization\",\"name\":\"Municipalidad de Laja\",\"url\":\"https:\/\/munilaja.cl\/w\/\",\"logo\":{\"@type\":\"ImageObject\",\"inLanguage\":\"es\",\"@id\":\"https:\/\/munilaja.cl\/w\/#\/schema\/logo\/image\/\",\"url\":\"https:\/\/munilaja.cl\/w\/wp-content\/uploads\/2024\/11\/ESCUDO-LAJA-LETRAS-BLANCAS-LOGO-WEB.png\",\"contentUrl\":\"https:\/\/munilaja.cl\/w\/wp-content\/uploads\/2024\/11\/ESCUDO-LAJA-LETRAS-BLANCAS-LOGO-WEB.png\",\"width\":150,\"height\":150,\"caption\":\"Municipalidad de Laja\"},\"image\":{\"@id\":\"https:\/\/munilaja.cl\/w\/#\/schema\/logo\/image\/\"}}]}<\/script>\n<!-- \/ Yoast SEO plugin. -->","yoast_head_json":{"title":"Concejo Municipal 2024-2028 - Municipalidad de Laja","robots":{"index":"index","follow":"follow","max-snippet":"max-snippet:-1","max-image-preview":"max-image-preview:large","max-video-preview":"max-video-preview:-1"},"canonical":"https:\/\/munilaja.cl\/w\/concejo-municipal-2024-2028\/","og_locale":"es_ES","og_type":"article","og_title":"Concejo Municipal 2024-2028 - Municipalidad de Laja","og_description":"El concejo municipal del periodo 2024-2028 toma lugar tres mi\u00e9rcoles al mes a las 10:00 de la ma\u00f1ana. Este se desarrolla en la Sala del Concejo, ubicada en el Centro C\u00edvico (costado Municipalidad). Est\u00e1 compuesto por siete miembros: el alcalde, quien preside el concejo, y seis concejales, ordenados en la sala por cantidad de votos [&hellip;]","og_url":"https:\/\/munilaja.cl\/w\/concejo-municipal-2024-2028\/","og_site_name":"Municipalidad de Laja","article_modified_time":"2024-12-16T21:45:40+00:00","og_image":[{"width":2560,"height":1920,"url":"https:\/\/munilaja.cl\/w\/wp-content\/uploads\/2024\/12\/WhatsApp-Image-2024-12-11-at-10.18.32-1-scaled.jpeg","type":"image\/jpeg"}],"twitter_card":"summary_large_image","twitter_misc":{"Tiempo de lectura":"1 minuto"},"schema":{"@context":"https:\/\/schema.org","@graph":[{"@type":"WebPage","@id":"https:\/\/munilaja.cl\/w\/concejo-municipal-2024-2028\/","url":"https:\/\/munilaja.cl\/w\/concejo-municipal-2024-2028\/","name":"Concejo Municipal 2024-2028 - Municipalidad de Laja","isPartOf":{"@id":"https:\/\/munilaja.cl\/w\/#website"},"primaryImageOfPage":{"@id":"https:\/\/munilaja.cl\/w\/concejo-municipal-2024-2028\/#primaryimage"},"image":{"@id":"https:\/\/munilaja.cl\/w\/concejo-municipal-2024-2028\/#primaryimage"},"thumbnailUrl":"https:\/\/munilaja.cl\/w\/wp-content\/uploads\/2024\/12\/WhatsApp-Image-2024-12-11-at-10.18.32-1-scaled.jpeg","datePublished":"2024-12-16T12:50:16+00:00","dateModified":"2024-12-16T21:45:40+00:00","breadcrumb":{"@id":"https:\/\/munilaja.cl\/w\/concejo-municipal-2024-2028\/#breadcrumb"},"inLanguage":"es","potentialAction":[{"@type":"ReadAction","target":["https:\/\/munilaja.cl\/w\/concejo-municipal-2024-2028\/"]}]},{"@type":"ImageObject","inLanguage":"es","@id":"https:\/\/munilaja.cl\/w\/concejo-municipal-2024-2028\/#primaryimage","url":"https:\/\/munilaja.cl\/w\/wp-content\/uploads\/2024\/12\/WhatsApp-Image-2024-12-11-at-10.18.32-1-scaled.jpeg","contentUrl":"https:\/\/munilaja.cl\/w\/wp-content\/uploads\/2024\/12\/WhatsApp-Image-2024-12-11-at-10.18.32-1-scaled.jpeg","width":2560,"height":1920},{"@type":"BreadcrumbList","@id":"https:\/\/munilaja.cl\/w\/concejo-municipal-2024-2028\/#breadcrumb","itemListElement":[{"@type":"ListItem","position":1,"name":"Portada","item":"https:\/\/munilaja.cl\/w\/"},{"@type":"ListItem","position":2,"name":"Concejo Municipal 2024-2028"}]},{"@type":"WebSite","@id":"https:\/\/munilaja.cl\/w\/#website","url":"https:\/\/munilaja.cl\/w\/","name":"Municipalidad de Laja","description":"Web Municipal","publisher":{"@id":"https:\/\/munilaja.cl\/w\/#organization"},"potentialAction":[{"@type":"SearchAction","target":{"@type":"EntryPoint","urlTemplate":"https:\/\/munilaja.cl\/w\/?s={search_term_string}"},"query-input":{"@type":"PropertyValueSpecification","valueRequired":true,"valueName":"search_term_string"}}],"inLanguage":"es"},{"@type":"Organization","@id":"https:\/\/munilaja.cl\/w\/#organization","name":"Municipalidad de Laja","url":"https:\/\/munilaja.cl\/w\/","logo":{"@type":"ImageObject","inLanguage":"es","@id":"https:\/\/munilaja.cl\/w\/#\/schema\/logo\/image\/","url":"https:\/\/munilaja.cl\/w\/wp-content\/uploads\/2024\/11\/ESCUDO-LAJA-LETRAS-BLANCAS-LOGO-WEB.png","contentUrl":"https:\/\/munilaja.cl\/w\/wp-content\/uploads\/2024\/11\/ESCUDO-LAJA-LETRAS-BLANCAS-LOGO-WEB.png","width":150,"height":150,"caption":"Municipalidad de Laja"},"image":{"@id":"https:\/\/munilaja.cl\/w\/#\/schema\/logo\/image\/"}}]}},"_links":{"self":[{"href":"https:\/\/munilaja.cl\/w\/wp-json\/wp\/v2\/pages\/72268"}],"collection":[{"href":"https:\/\/munilaja.cl\/w\/wp-json\/wp\/v2\/pages"}],"about":[{"href":"https:\/\/munilaja.cl\/w\/wp-json\/wp\/v2\/types\/page"}],"author":[{"embeddable":true,"href":"https:\/\/munilaja.cl\/w\/wp-json\/wp\/v2\/users\/15"}],"replies":[{"embeddable":true,"href":"https:\/\/munilaja.cl\/w\/wp-json\/wp\/v2\/comments?post=72268"}],"version-history":[{"count":7,"href":"https:\/\/munilaja.cl\/w\/wp-json\/wp\/v2\/pages\/72268\/revisions"}],"predecessor-version":[{"id":72311,"href":"https:\/\/munilaja.cl\/w\/wp-json\/wp\/v2\/pages\/72268\/revisions\/72311"}],"wp:featuredmedia":[{"embeddable":true,"href":"https:\/\/munilaja.cl\/w\/wp-json\/wp\/v2\/media\/72278"}],"wp:attachment":[{"href":"https:\/\/munilaja.cl\/w\/wp-json\/wp\/v2\/media?parent=72268"}],"curies":[{"name":"wp","href":"https:\/\/api.w.org\/{rel}","templated":true}]}}