{"id":68253,"date":"2023-11-28T15:40:06","date_gmt":"2023-11-28T19:40:06","guid":{"rendered":"https:\/\/munilaja.cl\/w\/?page_id=68253"},"modified":"2023-11-28T15:40:07","modified_gmt":"2023-11-28T19:40:07","slug":"programa-vinculos","status":"publish","type":"page","link":"https:\/\/munilaja.cl\/w\/programa-vinculos\/","title":{"rendered":"PROGRAMA V\u00cdNCULOS"},"content":{"rendered":"\n<p>Esta iniciativa entrega un acompa\u00f1amiento continuo a personas mayores de 65 a\u00f1os que ingresan al nuevo Subsistema de Seguridades y Oportunidades, por un periodo de 24 meses, entreg\u00e1ndoles herramientas psicosociales que permitan fortalecer su identidad, autonom\u00eda y sentido de pertenencia.<\/p>\n\n\n\n<p>El apoyo psicosocial es individual y grupal; el acompa\u00f1amiento es directo y personalizado en su domicilio. El programa promueve el proceso de vinculaci\u00f3n de las personas mayores al entorno y entrega bonos de protecci\u00f3n y prestaciones monetarias.<\/p>\n\n\n\n<p><strong><u>OBJETIVO<\/u><\/strong><\/p>\n\n\n\n<p>Lograr que las personas mayores de 65 a\u00f1os o m\u00e1s, que viven solas, en condiciones de vulnerabilidad, cuenten con subsidios garantizados, accedan de forma preferente a un conjunto de prestaciones sociales, de acuerdo a sus necesidades y est\u00e9n integrados a la red comunitaria de protecci\u00f3n social.<\/p>\n\n\n\n<p><strong><u>BENEFICIARIOS<\/u><\/strong><\/p>\n\n\n\n<p>Personas mayores de 65 a\u00f1os o m\u00e1s, que vivan solos o acompa\u00f1ados de una persona de cualquier edad, y que ingresan al nuevo Subsistema de Seguridades y Oportunidades del Ingreso \u00c9tico Familiar.<\/p>\n\n\n\n<p><strong>No se postula, pues las n\u00f3minas con los potenciales beneficiarios del programa emanan desde el Ministerio de Desarrollo Socia<\/strong>l a trav\u00e9s de la informaci\u00f3n que entrega el Registro Social de Hogares, los monitores Comunitarios llegan a los domicilios ofreciendo la incorporaci\u00f3n al Programa.<\/p>\n\n\n\n<p><strong><u>ENCARGADOS<\/u><\/strong><\/p>\n\n\n\n<p>1.- Encargada Programa: Jeovanna Torres Jara<\/p>\n\n\n\n<p>&nbsp;&nbsp;&nbsp;&nbsp;&nbsp;&nbsp;&nbsp;&nbsp;&nbsp;&nbsp;&nbsp;&nbsp;&nbsp;&nbsp;&nbsp;&nbsp;&nbsp;&nbsp;&nbsp;&nbsp;&nbsp;&nbsp;&nbsp;&nbsp;&nbsp;&nbsp;&nbsp;&nbsp;&nbsp;&nbsp;&nbsp;&nbsp;&nbsp;&nbsp;&nbsp;&nbsp;&nbsp;&nbsp;&nbsp; Asistente Social<\/p>\n\n\n\n<p>2.- Monitores Programa: Mauro Mons\u00e1lvez Anguita &#8211; Trabajador Social<\/p>\n\n\n\n<p>&nbsp;&nbsp;&nbsp;&nbsp;&nbsp;&nbsp;&nbsp;&nbsp;&nbsp;&nbsp;&nbsp;&nbsp;&nbsp;&nbsp;&nbsp;&nbsp;&nbsp;&nbsp;&nbsp;&nbsp;&nbsp;&nbsp;&nbsp;&nbsp;&nbsp;&nbsp;&nbsp;&nbsp;&nbsp; &nbsp;&nbsp;&nbsp;&nbsp;&nbsp;&nbsp;&nbsp; Fabiola Henr\u00edquez Ancalao \u2013 Trabajador Social<\/p>\n\n\n\n<p><strong><u>HORARIO ATENCI\u00d3N:<\/u><\/strong><\/p>\n\n\n\n<p>El programa no atiende P\u00fablico en general, ya que se trabaja directamente en el domicilio de las Personas Mayores, aplicando las sesiones de cada etapa del Programa y realizando talleres grupales.&nbsp;&nbsp;&nbsp;&nbsp;&nbsp;&nbsp;&nbsp;&nbsp;&nbsp;&nbsp;&nbsp;&nbsp;<\/p>\n\n\n\n<p>Lunes a Viernes 8:30 a 14:00 hrs<\/p>\n\n\n\n<p><strong><u>UBICACI\u00d3N<\/u><\/strong><\/p>\n\n\n\n<p>Oficina Coordinadora: Edificio Centro C\u00edvico<\/p>\n\n\n\n<p>\u00a0\u00a0\u00a0\u00a0\u00a0\u00a0\u00a0\u00a0\u00a0\u00a0\u00a0\u00a0\u00a0\u00a0\u00a0\u00a0\u00a0\u00a0\u00a0\u00a0\u00a0\u00a0\u00a0\u00a0\u00a0\u00a0\u00a0\u00a0\u00a0\u00a0\u00a0\u00a0\u00a0\u00a0\u00a0 Balmaceda N\u00ba 272 <\/p>\n","protected":false},"excerpt":{"rendered":"<p>Esta iniciativa entrega un acompa\u00f1amiento continuo a personas mayores de 65 a\u00f1os que ingresan al nuevo Subsistema de Seguridades y Oportunidades, por un periodo de 24 meses, entreg\u00e1ndoles herramientas psicosociales que permitan fortalecer su identidad, autonom\u00eda y sentido de pertenencia. El apoyo psicosocial es individual y grupal; el acompa\u00f1amiento es directo y personalizado en su [&hellip;]<\/p>\n","protected":false},"author":11,"featured_media":0,"parent":0,"menu_order":0,"comment_status":"closed","ping_status":"closed","template":"","meta":{"zakra_sidebar_layout":"customizer","zakra_remove_content_margin":false,"zakra_sidebar":"customizer","zakra_transparent_header":"customizer","zakra_logo":0,"zakra_main_header_style":"default","zakra_menu_item_color":"","zakra_menu_item_hover_color":"","zakra_menu_item_active_color":"","zakra_menu_active_style":"zakra_menu_active_style","zakra_page_header":true,"footnotes":""},"class_list":["post-68253","page","type-page","status-publish","hentry"],"yoast_head":"<!-- This site is optimized with the Yoast SEO plugin v24.0 - https:\/\/yoast.com\/wordpress\/plugins\/seo\/ -->\n<title>PROGRAMA V\u00cdNCULOS - Municipalidad de Laja<\/title>\n<meta name=\"robots\" content=\"index, follow, max-snippet:-1, max-image-preview:large, max-video-preview:-1\" \/>\n<link rel=\"canonical\" href=\"https:\/\/munilaja.cl\/w\/programa-vinculos\/\" \/>\n<meta property=\"og:locale\" content=\"es_ES\" \/>\n<meta property=\"og:type\" content=\"article\" \/>\n<meta property=\"og:title\" content=\"PROGRAMA V\u00cdNCULOS - Municipalidad de Laja\" \/>\n<meta property=\"og:description\" content=\"Esta iniciativa entrega un acompa\u00f1amiento continuo a personas mayores de 65 a\u00f1os que ingresan al nuevo Subsistema de Seguridades y Oportunidades, por un periodo de 24 meses, entreg\u00e1ndoles herramientas psicosociales que permitan fortalecer su identidad, autonom\u00eda y sentido de pertenencia. El apoyo psicosocial es individual y grupal; el acompa\u00f1amiento es directo y personalizado en su [&hellip;]\" \/>\n<meta property=\"og:url\" content=\"https:\/\/munilaja.cl\/w\/programa-vinculos\/\" \/>\n<meta property=\"og:site_name\" content=\"Municipalidad de Laja\" \/>\n<meta property=\"article:modified_time\" content=\"2023-11-28T19:40:07+00:00\" \/>\n<meta name=\"twitter:card\" content=\"summary_large_image\" \/>\n<meta name=\"twitter:label1\" content=\"Tiempo de lectura\" \/>\n\t<meta name=\"twitter:data1\" content=\"2 minutos\" \/>\n<script type=\"application\/ld+json\" class=\"yoast-schema-graph\">{\"@context\":\"https:\/\/schema.org\",\"@graph\":[{\"@type\":\"WebPage\",\"@id\":\"https:\/\/munilaja.cl\/w\/programa-vinculos\/\",\"url\":\"https:\/\/munilaja.cl\/w\/programa-vinculos\/\",\"name\":\"PROGRAMA V\u00cdNCULOS - Municipalidad de Laja\",\"isPartOf\":{\"@id\":\"https:\/\/munilaja.cl\/w\/#website\"},\"datePublished\":\"2023-11-28T19:40:06+00:00\",\"dateModified\":\"2023-11-28T19:40:07+00:00\",\"breadcrumb\":{\"@id\":\"https:\/\/munilaja.cl\/w\/programa-vinculos\/#breadcrumb\"},\"inLanguage\":\"es\",\"potentialAction\":[{\"@type\":\"ReadAction\",\"target\":[\"https:\/\/munilaja.cl\/w\/programa-vinculos\/\"]}]},{\"@type\":\"BreadcrumbList\",\"@id\":\"https:\/\/munilaja.cl\/w\/programa-vinculos\/#breadcrumb\",\"itemListElement\":[{\"@type\":\"ListItem\",\"position\":1,\"name\":\"Portada\",\"item\":\"https:\/\/munilaja.cl\/w\/\"},{\"@type\":\"ListItem\",\"position\":2,\"name\":\"PROGRAMA V\u00cdNCULOS\"}]},{\"@type\":\"WebSite\",\"@id\":\"https:\/\/munilaja.cl\/w\/#website\",\"url\":\"https:\/\/munilaja.cl\/w\/\",\"name\":\"Municipalidad de Laja\",\"description\":\"Web Municipal\",\"publisher\":{\"@id\":\"https:\/\/munilaja.cl\/w\/#organization\"},\"potentialAction\":[{\"@type\":\"SearchAction\",\"target\":{\"@type\":\"EntryPoint\",\"urlTemplate\":\"https:\/\/munilaja.cl\/w\/?s={search_term_string}\"},\"query-input\":{\"@type\":\"PropertyValueSpecification\",\"valueRequired\":true,\"valueName\":\"search_term_string\"}}],\"inLanguage\":\"es\"},{\"@type\":\"Organization\",\"@id\":\"https:\/\/munilaja.cl\/w\/#organization\",\"name\":\"Municipalidad de Laja\",\"url\":\"https:\/\/munilaja.cl\/w\/\",\"logo\":{\"@type\":\"ImageObject\",\"inLanguage\":\"es\",\"@id\":\"https:\/\/munilaja.cl\/w\/#\/schema\/logo\/image\/\",\"url\":\"https:\/\/munilaja.cl\/w\/wp-content\/uploads\/2024\/11\/ESCUDO-LAJA-LETRAS-BLANCAS-LOGO-WEB.png\",\"contentUrl\":\"https:\/\/munilaja.cl\/w\/wp-content\/uploads\/2024\/11\/ESCUDO-LAJA-LETRAS-BLANCAS-LOGO-WEB.png\",\"width\":150,\"height\":150,\"caption\":\"Municipalidad de Laja\"},\"image\":{\"@id\":\"https:\/\/munilaja.cl\/w\/#\/schema\/logo\/image\/\"}}]}<\/script>\n<!-- \/ Yoast SEO plugin. -->","yoast_head_json":{"title":"PROGRAMA V\u00cdNCULOS - Municipalidad de Laja","robots":{"index":"index","follow":"follow","max-snippet":"max-snippet:-1","max-image-preview":"max-image-preview:large","max-video-preview":"max-video-preview:-1"},"canonical":"https:\/\/munilaja.cl\/w\/programa-vinculos\/","og_locale":"es_ES","og_type":"article","og_title":"PROGRAMA V\u00cdNCULOS - Municipalidad de Laja","og_description":"Esta iniciativa entrega un acompa\u00f1amiento continuo a personas mayores de 65 a\u00f1os que ingresan al nuevo Subsistema de Seguridades y Oportunidades, por un periodo de 24 meses, entreg\u00e1ndoles herramientas psicosociales que permitan fortalecer su identidad, autonom\u00eda y sentido de pertenencia. El apoyo psicosocial es individual y grupal; el acompa\u00f1amiento es directo y personalizado en su [&hellip;]","og_url":"https:\/\/munilaja.cl\/w\/programa-vinculos\/","og_site_name":"Municipalidad de Laja","article_modified_time":"2023-11-28T19:40:07+00:00","twitter_card":"summary_large_image","twitter_misc":{"Tiempo de lectura":"2 minutos"},"schema":{"@context":"https:\/\/schema.org","@graph":[{"@type":"WebPage","@id":"https:\/\/munilaja.cl\/w\/programa-vinculos\/","url":"https:\/\/munilaja.cl\/w\/programa-vinculos\/","name":"PROGRAMA V\u00cdNCULOS - Municipalidad de Laja","isPartOf":{"@id":"https:\/\/munilaja.cl\/w\/#website"},"datePublished":"2023-11-28T19:40:06+00:00","dateModified":"2023-11-28T19:40:07+00:00","breadcrumb":{"@id":"https:\/\/munilaja.cl\/w\/programa-vinculos\/#breadcrumb"},"inLanguage":"es","potentialAction":[{"@type":"ReadAction","target":["https:\/\/munilaja.cl\/w\/programa-vinculos\/"]}]},{"@type":"BreadcrumbList","@id":"https:\/\/munilaja.cl\/w\/programa-vinculos\/#breadcrumb","itemListElement":[{"@type":"ListItem","position":1,"name":"Portada","item":"https:\/\/munilaja.cl\/w\/"},{"@type":"ListItem","position":2,"name":"PROGRAMA V\u00cdNCULOS"}]},{"@type":"WebSite","@id":"https:\/\/munilaja.cl\/w\/#website","url":"https:\/\/munilaja.cl\/w\/","name":"Municipalidad de Laja","description":"Web Municipal","publisher":{"@id":"https:\/\/munilaja.cl\/w\/#organization"},"potentialAction":[{"@type":"SearchAction","target":{"@type":"EntryPoint","urlTemplate":"https:\/\/munilaja.cl\/w\/?s={search_term_string}"},"query-input":{"@type":"PropertyValueSpecification","valueRequired":true,"valueName":"search_term_string"}}],"inLanguage":"es"},{"@type":"Organization","@id":"https:\/\/munilaja.cl\/w\/#organization","name":"Municipalidad de Laja","url":"https:\/\/munilaja.cl\/w\/","logo":{"@type":"ImageObject","inLanguage":"es","@id":"https:\/\/munilaja.cl\/w\/#\/schema\/logo\/image\/","url":"https:\/\/munilaja.cl\/w\/wp-content\/uploads\/2024\/11\/ESCUDO-LAJA-LETRAS-BLANCAS-LOGO-WEB.png","contentUrl":"https:\/\/munilaja.cl\/w\/wp-content\/uploads\/2024\/11\/ESCUDO-LAJA-LETRAS-BLANCAS-LOGO-WEB.png","width":150,"height":150,"caption":"Municipalidad de Laja"},"image":{"@id":"https:\/\/munilaja.cl\/w\/#\/schema\/logo\/image\/"}}]}},"_links":{"self":[{"href":"https:\/\/munilaja.cl\/w\/wp-json\/wp\/v2\/pages\/68253"}],"collection":[{"href":"https:\/\/munilaja.cl\/w\/wp-json\/wp\/v2\/pages"}],"about":[{"href":"https:\/\/munilaja.cl\/w\/wp-json\/wp\/v2\/types\/page"}],"author":[{"embeddable":true,"href":"https:\/\/munilaja.cl\/w\/wp-json\/wp\/v2\/users\/11"}],"replies":[{"embeddable":true,"href":"https:\/\/munilaja.cl\/w\/wp-json\/wp\/v2\/comments?post=68253"}],"version-history":[{"count":1,"href":"https:\/\/munilaja.cl\/w\/wp-json\/wp\/v2\/pages\/68253\/revisions"}],"predecessor-version":[{"id":68254,"href":"https:\/\/munilaja.cl\/w\/wp-json\/wp\/v2\/pages\/68253\/revisions\/68254"}],"wp:attachment":[{"href":"https:\/\/munilaja.cl\/w\/wp-json\/wp\/v2\/media?parent=68253"}],"curies":[{"name":"wp","href":"https:\/\/api.w.org\/{rel}","templated":true}]}}