{"id":68247,"date":"2023-11-28T15:36:56","date_gmt":"2023-11-28T19:36:56","guid":{"rendered":"https:\/\/munilaja.cl\/w\/?page_id=68247"},"modified":"2023-11-28T15:36:57","modified_gmt":"2023-11-28T19:36:57","slug":"omil-2","status":"publish","type":"page","link":"https:\/\/munilaja.cl\/w\/omil-2\/","title":{"rendered":"OMIL"},"content":{"rendered":"\n<p>Oficina Municipal de intermediaci\u00f3n laboral, dedicada a la asesor\u00eda de las personas que est\u00e1n en b\u00fasqueda de empleo y las empresas que las ofertan, busca mejorar sus competencias para ingresar al mundo del trabajo. Tambi\u00e9n brinda el apoyo en la gesti\u00f3n de herramientas cuando las personas est\u00e1n cesantes.<\/p>\n\n\n\n<p><strong>SERVICIOS OMIL<\/strong><\/p>\n\n\n\n<p>&#8211; Ayuda en la B\u00fasqueda de Trabajo<\/p>\n\n\n\n<p>&#8211; Confecci\u00f3n y Elaboraci\u00f3n de Curriculum Vitae<\/p>\n\n\n\n<p>&#8211;&nbsp; Gesti\u00f3n de Cursos de Capacitaci\u00f3n<\/p>\n\n\n\n<p>&#8211;&nbsp; Asesor\u00eda y Cobro del Seguro de Cesant\u00eda<\/p>\n\n\n\n<p>&#8211;&nbsp; Postulaci\u00f3n a Bonos SENCE<\/p>\n\n\n\n<p>&#8211; Inscripci\u00f3n en Bolsa Nacional de Empleo<\/p>\n\n\n\n<p><strong>&nbsp;FOMENTO PRODUCTIVO<\/strong><\/p>\n\n\n\n<p>&nbsp;Oficina dedicada al apoyo a emprendedores de la comuna, tanto formalizados como en v\u00edas de formalizaci\u00f3n. Brinda asesor\u00eda en postulaci\u00f3n a fondos de emprendimiento, capacitaci\u00f3n en temas de gesti\u00f3n, y mejoramiento de las competencias emprendedoras. Asimismo, la oficina tiene como fin fomentar y promocionar el turismo local, a trav\u00e9s de fiestas costumbristas y otras actividades.<\/p>\n\n\n\n<p><strong>SERVICIOS FOMENTO PRODUCTIVO<\/strong><\/p>\n\n\n\n<p>&#8211; Postulaci\u00f3n a Fondos de Emprendimiento FOSIS, SERCOTEC y CORFO<\/p>\n\n\n\n<p>&#8211; Postulaci\u00f3n a Fiestas Costumbristas<\/p>\n\n\n\n<p>&#8211; Asesor\u00eda a Emprendedores (resoluci\u00f3n sanitaria, formalizaci\u00f3n, SII etc.)<\/p>\n\n\n\n<p>&#8211; Gesti\u00f3n de Fiestas y Actividades Municipales<\/p>\n\n\n\n<p>&#8211; Gesti\u00f3n y Fomento del Turismo Local con SERNATUR<\/p>\n\n\n\n<p><strong>Encargado:<\/strong> Equipo OMIL \u2013 Fomento Productivo<\/p>\n\n\n\n<p>Fono contacto +56 9 3922 0382 <\/p>\n","protected":false},"excerpt":{"rendered":"<p>Oficina Municipal de intermediaci\u00f3n laboral, dedicada a la asesor\u00eda de las personas que est\u00e1n en b\u00fasqueda de empleo y las empresas que las ofertan, busca mejorar sus competencias para ingresar al mundo del trabajo. Tambi\u00e9n brinda el apoyo en la gesti\u00f3n de herramientas cuando las personas est\u00e1n cesantes. SERVICIOS OMIL &#8211; Ayuda en la B\u00fasqueda [&hellip;]<\/p>\n","protected":false},"author":11,"featured_media":0,"parent":0,"menu_order":0,"comment_status":"closed","ping_status":"closed","template":"","meta":{"zakra_sidebar_layout":"customizer","zakra_remove_content_margin":false,"zakra_sidebar":"customizer","zakra_transparent_header":"customizer","zakra_logo":0,"zakra_main_header_style":"default","zakra_menu_item_color":"","zakra_menu_item_hover_color":"","zakra_menu_item_active_color":"","zakra_menu_active_style":"zakra_menu_active_style","zakra_page_header":true,"footnotes":""},"class_list":["post-68247","page","type-page","status-publish","hentry"],"yoast_head":"<!-- This site is optimized with the Yoast SEO plugin v24.0 - https:\/\/yoast.com\/wordpress\/plugins\/seo\/ -->\n<title>OMIL - Municipalidad de Laja<\/title>\n<meta name=\"robots\" content=\"index, follow, max-snippet:-1, max-image-preview:large, max-video-preview:-1\" \/>\n<link rel=\"canonical\" href=\"https:\/\/munilaja.cl\/w\/omil-2\/\" \/>\n<meta property=\"og:locale\" content=\"es_ES\" \/>\n<meta property=\"og:type\" content=\"article\" \/>\n<meta property=\"og:title\" content=\"OMIL - Municipalidad de Laja\" \/>\n<meta property=\"og:description\" content=\"Oficina Municipal de intermediaci\u00f3n laboral, dedicada a la asesor\u00eda de las personas que est\u00e1n en b\u00fasqueda de empleo y las empresas que las ofertan, busca mejorar sus competencias para ingresar al mundo del trabajo. Tambi\u00e9n brinda el apoyo en la gesti\u00f3n de herramientas cuando las personas est\u00e1n cesantes. SERVICIOS OMIL &#8211; Ayuda en la B\u00fasqueda [&hellip;]\" \/>\n<meta property=\"og:url\" content=\"https:\/\/munilaja.cl\/w\/omil-2\/\" \/>\n<meta property=\"og:site_name\" content=\"Municipalidad de Laja\" \/>\n<meta property=\"article:modified_time\" content=\"2023-11-28T19:36:57+00:00\" \/>\n<meta name=\"twitter:card\" content=\"summary_large_image\" \/>\n<meta name=\"twitter:label1\" content=\"Tiempo de lectura\" \/>\n\t<meta name=\"twitter:data1\" content=\"1 minuto\" \/>\n<script type=\"application\/ld+json\" class=\"yoast-schema-graph\">{\"@context\":\"https:\/\/schema.org\",\"@graph\":[{\"@type\":\"WebPage\",\"@id\":\"https:\/\/munilaja.cl\/w\/omil-2\/\",\"url\":\"https:\/\/munilaja.cl\/w\/omil-2\/\",\"name\":\"OMIL - Municipalidad de Laja\",\"isPartOf\":{\"@id\":\"https:\/\/munilaja.cl\/w\/#website\"},\"datePublished\":\"2023-11-28T19:36:56+00:00\",\"dateModified\":\"2023-11-28T19:36:57+00:00\",\"breadcrumb\":{\"@id\":\"https:\/\/munilaja.cl\/w\/omil-2\/#breadcrumb\"},\"inLanguage\":\"es\",\"potentialAction\":[{\"@type\":\"ReadAction\",\"target\":[\"https:\/\/munilaja.cl\/w\/omil-2\/\"]}]},{\"@type\":\"BreadcrumbList\",\"@id\":\"https:\/\/munilaja.cl\/w\/omil-2\/#breadcrumb\",\"itemListElement\":[{\"@type\":\"ListItem\",\"position\":1,\"name\":\"Portada\",\"item\":\"https:\/\/munilaja.cl\/w\/\"},{\"@type\":\"ListItem\",\"position\":2,\"name\":\"OMIL\"}]},{\"@type\":\"WebSite\",\"@id\":\"https:\/\/munilaja.cl\/w\/#website\",\"url\":\"https:\/\/munilaja.cl\/w\/\",\"name\":\"Municipalidad de Laja\",\"description\":\"Web Municipal\",\"publisher\":{\"@id\":\"https:\/\/munilaja.cl\/w\/#organization\"},\"potentialAction\":[{\"@type\":\"SearchAction\",\"target\":{\"@type\":\"EntryPoint\",\"urlTemplate\":\"https:\/\/munilaja.cl\/w\/?s={search_term_string}\"},\"query-input\":{\"@type\":\"PropertyValueSpecification\",\"valueRequired\":true,\"valueName\":\"search_term_string\"}}],\"inLanguage\":\"es\"},{\"@type\":\"Organization\",\"@id\":\"https:\/\/munilaja.cl\/w\/#organization\",\"name\":\"Municipalidad de Laja\",\"url\":\"https:\/\/munilaja.cl\/w\/\",\"logo\":{\"@type\":\"ImageObject\",\"inLanguage\":\"es\",\"@id\":\"https:\/\/munilaja.cl\/w\/#\/schema\/logo\/image\/\",\"url\":\"https:\/\/munilaja.cl\/w\/wp-content\/uploads\/2024\/11\/ESCUDO-LAJA-LETRAS-BLANCAS-LOGO-WEB.png\",\"contentUrl\":\"https:\/\/munilaja.cl\/w\/wp-content\/uploads\/2024\/11\/ESCUDO-LAJA-LETRAS-BLANCAS-LOGO-WEB.png\",\"width\":150,\"height\":150,\"caption\":\"Municipalidad de Laja\"},\"image\":{\"@id\":\"https:\/\/munilaja.cl\/w\/#\/schema\/logo\/image\/\"}}]}<\/script>\n<!-- \/ Yoast SEO plugin. -->","yoast_head_json":{"title":"OMIL - Municipalidad de Laja","robots":{"index":"index","follow":"follow","max-snippet":"max-snippet:-1","max-image-preview":"max-image-preview:large","max-video-preview":"max-video-preview:-1"},"canonical":"https:\/\/munilaja.cl\/w\/omil-2\/","og_locale":"es_ES","og_type":"article","og_title":"OMIL - Municipalidad de Laja","og_description":"Oficina Municipal de intermediaci\u00f3n laboral, dedicada a la asesor\u00eda de las personas que est\u00e1n en b\u00fasqueda de empleo y las empresas que las ofertan, busca mejorar sus competencias para ingresar al mundo del trabajo. Tambi\u00e9n brinda el apoyo en la gesti\u00f3n de herramientas cuando las personas est\u00e1n cesantes. SERVICIOS OMIL &#8211; Ayuda en la B\u00fasqueda [&hellip;]","og_url":"https:\/\/munilaja.cl\/w\/omil-2\/","og_site_name":"Municipalidad de Laja","article_modified_time":"2023-11-28T19:36:57+00:00","twitter_card":"summary_large_image","twitter_misc":{"Tiempo de lectura":"1 minuto"},"schema":{"@context":"https:\/\/schema.org","@graph":[{"@type":"WebPage","@id":"https:\/\/munilaja.cl\/w\/omil-2\/","url":"https:\/\/munilaja.cl\/w\/omil-2\/","name":"OMIL - Municipalidad de Laja","isPartOf":{"@id":"https:\/\/munilaja.cl\/w\/#website"},"datePublished":"2023-11-28T19:36:56+00:00","dateModified":"2023-11-28T19:36:57+00:00","breadcrumb":{"@id":"https:\/\/munilaja.cl\/w\/omil-2\/#breadcrumb"},"inLanguage":"es","potentialAction":[{"@type":"ReadAction","target":["https:\/\/munilaja.cl\/w\/omil-2\/"]}]},{"@type":"BreadcrumbList","@id":"https:\/\/munilaja.cl\/w\/omil-2\/#breadcrumb","itemListElement":[{"@type":"ListItem","position":1,"name":"Portada","item":"https:\/\/munilaja.cl\/w\/"},{"@type":"ListItem","position":2,"name":"OMIL"}]},{"@type":"WebSite","@id":"https:\/\/munilaja.cl\/w\/#website","url":"https:\/\/munilaja.cl\/w\/","name":"Municipalidad de Laja","description":"Web Municipal","publisher":{"@id":"https:\/\/munilaja.cl\/w\/#organization"},"potentialAction":[{"@type":"SearchAction","target":{"@type":"EntryPoint","urlTemplate":"https:\/\/munilaja.cl\/w\/?s={search_term_string}"},"query-input":{"@type":"PropertyValueSpecification","valueRequired":true,"valueName":"search_term_string"}}],"inLanguage":"es"},{"@type":"Organization","@id":"https:\/\/munilaja.cl\/w\/#organization","name":"Municipalidad de Laja","url":"https:\/\/munilaja.cl\/w\/","logo":{"@type":"ImageObject","inLanguage":"es","@id":"https:\/\/munilaja.cl\/w\/#\/schema\/logo\/image\/","url":"https:\/\/munilaja.cl\/w\/wp-content\/uploads\/2024\/11\/ESCUDO-LAJA-LETRAS-BLANCAS-LOGO-WEB.png","contentUrl":"https:\/\/munilaja.cl\/w\/wp-content\/uploads\/2024\/11\/ESCUDO-LAJA-LETRAS-BLANCAS-LOGO-WEB.png","width":150,"height":150,"caption":"Municipalidad de Laja"},"image":{"@id":"https:\/\/munilaja.cl\/w\/#\/schema\/logo\/image\/"}}]}},"_links":{"self":[{"href":"https:\/\/munilaja.cl\/w\/wp-json\/wp\/v2\/pages\/68247"}],"collection":[{"href":"https:\/\/munilaja.cl\/w\/wp-json\/wp\/v2\/pages"}],"about":[{"href":"https:\/\/munilaja.cl\/w\/wp-json\/wp\/v2\/types\/page"}],"author":[{"embeddable":true,"href":"https:\/\/munilaja.cl\/w\/wp-json\/wp\/v2\/users\/11"}],"replies":[{"embeddable":true,"href":"https:\/\/munilaja.cl\/w\/wp-json\/wp\/v2\/comments?post=68247"}],"version-history":[{"count":1,"href":"https:\/\/munilaja.cl\/w\/wp-json\/wp\/v2\/pages\/68247\/revisions"}],"predecessor-version":[{"id":68248,"href":"https:\/\/munilaja.cl\/w\/wp-json\/wp\/v2\/pages\/68247\/revisions\/68248"}],"wp:attachment":[{"href":"https:\/\/munilaja.cl\/w\/wp-json\/wp\/v2\/media?parent=68247"}],"curies":[{"name":"wp","href":"https:\/\/api.w.org\/{rel}","templated":true}]}}