{"id":68245,"date":"2023-11-28T15:36:25","date_gmt":"2023-11-28T19:36:25","guid":{"rendered":"https:\/\/munilaja.cl\/w\/?page_id=68245"},"modified":"2023-11-28T15:36:26","modified_gmt":"2023-11-28T19:36:26","slug":"centro-integral","status":"publish","type":"page","link":"https:\/\/munilaja.cl\/w\/centro-integral\/","title":{"rendered":"CENTRO INTEGRAL"},"content":{"rendered":"\n<p><strong>OBJETIVO<\/strong><\/p>\n\n\n\n<p>El objetivo del centro integral es entregar diversos servicios en el \u00e1mbito de esparcimiento y recreaci\u00f3n a las personas mayores de la comuna de Laja, con el fin de crear lazos y redes de acompa\u00f1amiento entre ellos mismos, por parte de un equipo multidisciplinario de especialistas en distintas \u00e1reas, permitiendo a los usuarios atenci\u00f3n de diversos Profesionales como: Maso terapeuta, Tens, Estilista, Pod\u00f3loga, cuenta con Piscina temperada, taller de acondicionamiento f\u00edsico.<\/p>\n\n\n\n<p><strong>MISI\u00d2N<\/strong><\/p>\n\n\n\n<p>La misi\u00f3n del Centro Integral es promover e incentivar en las personas mayores un estilo de vida activo, mejorando significativamente su forma y calidad de vida, adem\u00e1s de ayudar a fomentar las relaciones interpersonales y con sus pares, impulsar la realizaci\u00f3n de diversas actividades y talleres dise\u00f1ados y acorde a sus habilidades cognitivas y motrices, promoviendo as\u00ed su bienestar f\u00edsico y mental<\/p>\n\n\n\n<p>El Centro Integral, ofrece diversos servicios gratuitos a las personas mayores a 60 a\u00f1os de la comuna de Laja, con atenci\u00f3n diariamente, previa coordinaci\u00f3n y agendando su visita, se puede acceder a diversos servicios, como son:<\/p>\n\n\n\n<ul class=\"wp-block-list\"><li>Podolog\u00eda, donde se tratan diversas patolog\u00edas de los pies, cortes de u\u00f1as, talleres de educaci\u00f3n de pie sano, entre otros.<\/li><li>Peluquer\u00eda, se realizan cortes de cabello dama y var\u00f3n, masajes capilares, lavados y peinados del cabello.<\/li><li>Masoterapia: se realizan masajes descontracturantes, de relajaci\u00f3n, de acuerdo a las necesidades individuales de nuestros usuarios, as\u00ed mismo en relaci\u00f3n a diagn\u00f3sticos abordables.<\/li><li>Piscina Temperada: Se realizan actividades acu\u00e1ticas dentro de la piscina temperada, la cual se encuentra a una T\u00b0 \u00f3ptima entre 25 y 28 grados, con un m\u00e1ximo de 6 personas dentro del agua.<\/li><li>Contamos con un profesor de Educaci\u00f3n F\u00edsica de manera permanente, quien realiza actividades diarias en distintos horarios y en bloques durante cada jornada.<\/li><li>Se realiza un taller de acondicionamiento f\u00edsico 2 veces por semana con un monitor, quien de manera l\u00fadica y entretenida coordina actividades f\u00edsicas para usuarios.<\/li><\/ul>\n\n\n\n<p><strong>Beneficiarios <\/strong>: Personas mayores de 60 a\u00f1os, de la comuna de Laja, tanto del sector rural como urbano.<\/p>\n\n\n\n<p><strong>Encargados :<\/strong><\/p>\n\n\n\n<p>Coordinadora Centro Integral: Karen Novoa Herrera<\/p>\n\n\n\n<p><strong>Horario de atenci\u00f3n:<\/strong><\/p>\n\n\n\n<p>De Lunes a Viernes<\/p>\n\n\n\n<p>Ma\u00f1ana : 8.15 a 14:00 hrs.<\/p>\n\n\n\n<p>Tarde : 14.30 a 17:00 hrs.<\/p>\n\n\n\n<p><strong>Ubicaci\u00f3n:<\/strong><strong><\/strong><\/p>\n\n\n\n<p>Baquedano 300, Laja<\/p>\n\n\n\n<p><strong>N\u00famero Telef\u00f3nico:<\/strong><strong><\/strong><\/p>\n\n\n\n<p>+569 39513429<\/p>\n\n\n\n<p><strong>Correo Electr\u00f3nico:<\/strong><\/p>\n\n\n\n<p>knovoa@munilaja.cl <\/p>\n","protected":false},"excerpt":{"rendered":"<p>OBJETIVO El objetivo del centro integral es entregar diversos servicios en el \u00e1mbito de esparcimiento y recreaci\u00f3n a las personas mayores de la comuna de Laja, con el fin de crear lazos y redes de acompa\u00f1amiento entre ellos mismos, por parte de un equipo multidisciplinario de especialistas en distintas \u00e1reas, permitiendo a los usuarios atenci\u00f3n [&hellip;]<\/p>\n","protected":false},"author":11,"featured_media":0,"parent":0,"menu_order":0,"comment_status":"closed","ping_status":"closed","template":"","meta":{"zakra_sidebar_layout":"customizer","zakra_remove_content_margin":false,"zakra_sidebar":"customizer","zakra_transparent_header":"customizer","zakra_logo":0,"zakra_main_header_style":"default","zakra_menu_item_color":"","zakra_menu_item_hover_color":"","zakra_menu_item_active_color":"","zakra_menu_active_style":"zakra_menu_active_style","zakra_page_header":true,"footnotes":""},"class_list":["post-68245","page","type-page","status-publish","hentry"],"yoast_head":"<!-- This site is optimized with the Yoast SEO plugin v24.0 - https:\/\/yoast.com\/wordpress\/plugins\/seo\/ -->\n<title>CENTRO INTEGRAL - Municipalidad de Laja<\/title>\n<meta name=\"robots\" content=\"index, follow, max-snippet:-1, max-image-preview:large, max-video-preview:-1\" \/>\n<link rel=\"canonical\" href=\"https:\/\/munilaja.cl\/w\/centro-integral\/\" \/>\n<meta property=\"og:locale\" content=\"es_ES\" \/>\n<meta property=\"og:type\" content=\"article\" \/>\n<meta property=\"og:title\" content=\"CENTRO INTEGRAL - Municipalidad de Laja\" \/>\n<meta property=\"og:description\" content=\"OBJETIVO El objetivo del centro integral es entregar diversos servicios en el \u00e1mbito de esparcimiento y recreaci\u00f3n a las personas mayores de la comuna de Laja, con el fin de crear lazos y redes de acompa\u00f1amiento entre ellos mismos, por parte de un equipo multidisciplinario de especialistas en distintas \u00e1reas, permitiendo a los usuarios atenci\u00f3n [&hellip;]\" \/>\n<meta property=\"og:url\" content=\"https:\/\/munilaja.cl\/w\/centro-integral\/\" \/>\n<meta property=\"og:site_name\" content=\"Municipalidad de Laja\" \/>\n<meta property=\"article:modified_time\" content=\"2023-11-28T19:36:26+00:00\" \/>\n<meta name=\"twitter:card\" content=\"summary_large_image\" \/>\n<meta name=\"twitter:label1\" content=\"Tiempo de lectura\" \/>\n\t<meta name=\"twitter:data1\" content=\"2 minutos\" \/>\n<script type=\"application\/ld+json\" class=\"yoast-schema-graph\">{\"@context\":\"https:\/\/schema.org\",\"@graph\":[{\"@type\":\"WebPage\",\"@id\":\"https:\/\/munilaja.cl\/w\/centro-integral\/\",\"url\":\"https:\/\/munilaja.cl\/w\/centro-integral\/\",\"name\":\"CENTRO INTEGRAL - Municipalidad de Laja\",\"isPartOf\":{\"@id\":\"https:\/\/munilaja.cl\/w\/#website\"},\"datePublished\":\"2023-11-28T19:36:25+00:00\",\"dateModified\":\"2023-11-28T19:36:26+00:00\",\"breadcrumb\":{\"@id\":\"https:\/\/munilaja.cl\/w\/centro-integral\/#breadcrumb\"},\"inLanguage\":\"es\",\"potentialAction\":[{\"@type\":\"ReadAction\",\"target\":[\"https:\/\/munilaja.cl\/w\/centro-integral\/\"]}]},{\"@type\":\"BreadcrumbList\",\"@id\":\"https:\/\/munilaja.cl\/w\/centro-integral\/#breadcrumb\",\"itemListElement\":[{\"@type\":\"ListItem\",\"position\":1,\"name\":\"Portada\",\"item\":\"https:\/\/munilaja.cl\/w\/\"},{\"@type\":\"ListItem\",\"position\":2,\"name\":\"CENTRO INTEGRAL\"}]},{\"@type\":\"WebSite\",\"@id\":\"https:\/\/munilaja.cl\/w\/#website\",\"url\":\"https:\/\/munilaja.cl\/w\/\",\"name\":\"Municipalidad de Laja\",\"description\":\"Web Municipal\",\"publisher\":{\"@id\":\"https:\/\/munilaja.cl\/w\/#organization\"},\"potentialAction\":[{\"@type\":\"SearchAction\",\"target\":{\"@type\":\"EntryPoint\",\"urlTemplate\":\"https:\/\/munilaja.cl\/w\/?s={search_term_string}\"},\"query-input\":{\"@type\":\"PropertyValueSpecification\",\"valueRequired\":true,\"valueName\":\"search_term_string\"}}],\"inLanguage\":\"es\"},{\"@type\":\"Organization\",\"@id\":\"https:\/\/munilaja.cl\/w\/#organization\",\"name\":\"Municipalidad de Laja\",\"url\":\"https:\/\/munilaja.cl\/w\/\",\"logo\":{\"@type\":\"ImageObject\",\"inLanguage\":\"es\",\"@id\":\"https:\/\/munilaja.cl\/w\/#\/schema\/logo\/image\/\",\"url\":\"https:\/\/munilaja.cl\/w\/wp-content\/uploads\/2024\/11\/ESCUDO-LAJA-LETRAS-BLANCAS-LOGO-WEB.png\",\"contentUrl\":\"https:\/\/munilaja.cl\/w\/wp-content\/uploads\/2024\/11\/ESCUDO-LAJA-LETRAS-BLANCAS-LOGO-WEB.png\",\"width\":150,\"height\":150,\"caption\":\"Municipalidad de Laja\"},\"image\":{\"@id\":\"https:\/\/munilaja.cl\/w\/#\/schema\/logo\/image\/\"}}]}<\/script>\n<!-- \/ Yoast SEO plugin. -->","yoast_head_json":{"title":"CENTRO INTEGRAL - Municipalidad de Laja","robots":{"index":"index","follow":"follow","max-snippet":"max-snippet:-1","max-image-preview":"max-image-preview:large","max-video-preview":"max-video-preview:-1"},"canonical":"https:\/\/munilaja.cl\/w\/centro-integral\/","og_locale":"es_ES","og_type":"article","og_title":"CENTRO INTEGRAL - Municipalidad de Laja","og_description":"OBJETIVO El objetivo del centro integral es entregar diversos servicios en el \u00e1mbito de esparcimiento y recreaci\u00f3n a las personas mayores de la comuna de Laja, con el fin de crear lazos y redes de acompa\u00f1amiento entre ellos mismos, por parte de un equipo multidisciplinario de especialistas en distintas \u00e1reas, permitiendo a los usuarios atenci\u00f3n [&hellip;]","og_url":"https:\/\/munilaja.cl\/w\/centro-integral\/","og_site_name":"Municipalidad de Laja","article_modified_time":"2023-11-28T19:36:26+00:00","twitter_card":"summary_large_image","twitter_misc":{"Tiempo de lectura":"2 minutos"},"schema":{"@context":"https:\/\/schema.org","@graph":[{"@type":"WebPage","@id":"https:\/\/munilaja.cl\/w\/centro-integral\/","url":"https:\/\/munilaja.cl\/w\/centro-integral\/","name":"CENTRO INTEGRAL - Municipalidad de Laja","isPartOf":{"@id":"https:\/\/munilaja.cl\/w\/#website"},"datePublished":"2023-11-28T19:36:25+00:00","dateModified":"2023-11-28T19:36:26+00:00","breadcrumb":{"@id":"https:\/\/munilaja.cl\/w\/centro-integral\/#breadcrumb"},"inLanguage":"es","potentialAction":[{"@type":"ReadAction","target":["https:\/\/munilaja.cl\/w\/centro-integral\/"]}]},{"@type":"BreadcrumbList","@id":"https:\/\/munilaja.cl\/w\/centro-integral\/#breadcrumb","itemListElement":[{"@type":"ListItem","position":1,"name":"Portada","item":"https:\/\/munilaja.cl\/w\/"},{"@type":"ListItem","position":2,"name":"CENTRO INTEGRAL"}]},{"@type":"WebSite","@id":"https:\/\/munilaja.cl\/w\/#website","url":"https:\/\/munilaja.cl\/w\/","name":"Municipalidad de Laja","description":"Web Municipal","publisher":{"@id":"https:\/\/munilaja.cl\/w\/#organization"},"potentialAction":[{"@type":"SearchAction","target":{"@type":"EntryPoint","urlTemplate":"https:\/\/munilaja.cl\/w\/?s={search_term_string}"},"query-input":{"@type":"PropertyValueSpecification","valueRequired":true,"valueName":"search_term_string"}}],"inLanguage":"es"},{"@type":"Organization","@id":"https:\/\/munilaja.cl\/w\/#organization","name":"Municipalidad de Laja","url":"https:\/\/munilaja.cl\/w\/","logo":{"@type":"ImageObject","inLanguage":"es","@id":"https:\/\/munilaja.cl\/w\/#\/schema\/logo\/image\/","url":"https:\/\/munilaja.cl\/w\/wp-content\/uploads\/2024\/11\/ESCUDO-LAJA-LETRAS-BLANCAS-LOGO-WEB.png","contentUrl":"https:\/\/munilaja.cl\/w\/wp-content\/uploads\/2024\/11\/ESCUDO-LAJA-LETRAS-BLANCAS-LOGO-WEB.png","width":150,"height":150,"caption":"Municipalidad de Laja"},"image":{"@id":"https:\/\/munilaja.cl\/w\/#\/schema\/logo\/image\/"}}]}},"_links":{"self":[{"href":"https:\/\/munilaja.cl\/w\/wp-json\/wp\/v2\/pages\/68245"}],"collection":[{"href":"https:\/\/munilaja.cl\/w\/wp-json\/wp\/v2\/pages"}],"about":[{"href":"https:\/\/munilaja.cl\/w\/wp-json\/wp\/v2\/types\/page"}],"author":[{"embeddable":true,"href":"https:\/\/munilaja.cl\/w\/wp-json\/wp\/v2\/users\/11"}],"replies":[{"embeddable":true,"href":"https:\/\/munilaja.cl\/w\/wp-json\/wp\/v2\/comments?post=68245"}],"version-history":[{"count":1,"href":"https:\/\/munilaja.cl\/w\/wp-json\/wp\/v2\/pages\/68245\/revisions"}],"predecessor-version":[{"id":68246,"href":"https:\/\/munilaja.cl\/w\/wp-json\/wp\/v2\/pages\/68245\/revisions\/68246"}],"wp:attachment":[{"href":"https:\/\/munilaja.cl\/w\/wp-json\/wp\/v2\/media?parent=68245"}],"curies":[{"name":"wp","href":"https:\/\/api.w.org\/{rel}","templated":true}]}}