{"id":65602,"date":"2023-07-27T08:38:36","date_gmt":"2023-07-27T12:38:36","guid":{"rendered":"https:\/\/munilaja.cl\/w\/?page_id=65602"},"modified":"2023-07-27T08:38:36","modified_gmt":"2023-07-27T12:38:36","slug":"oficina-de-cultura","status":"publish","type":"page","link":"https:\/\/munilaja.cl\/w\/oficina-de-cultura\/","title":{"rendered":"OFICINA DE CULTURA"},"content":{"rendered":"\n<p><strong>La oficina de Cultura dependiente de Dideco<\/strong>, funciona en la <strong>Casa de La Cultura Municipal de Laja,<\/strong> ubicada en calle Freire N\u00ba 120, Edificio Municipal con m\u00e1s de 20 a\u00f1os de existencia, es un espacio con una mirada de derecho cultural, donde se realizan talleres art\u00edsticos y se genera una parrilla program\u00e1tica consensuada con la comunidad, a partir del a\u00f1o 2022, cuenta con un <strong>Plan Municipal de Cultura PMC, <\/strong>lo cual permite realizar acciones culturales pertinentes al territorio comunal.<\/p>\n\n\n\n<p>Las actividades culturales se realizan en este edificio cultural, como tambi\u00e9n en otros escenarios como Parque Capponi , Anfiteatro, Plaza C\u00edvica y otros espacios&nbsp; formales e informales de uso p\u00fablico.<\/p>\n\n\n\n<p><strong>Cuenta con:<\/strong><\/p>\n\n\n\n<p>&nbsp; <strong>Sal\u00f3n Auditorio<\/strong> con un escenario de mediana envergadura y capacidad para 110 butacas, espacio en el cual se desarrollan, obras de teatro, conciertos de distintas m\u00fasicas y actividades formales e informales, se facilita a organizaciones, elencos y personas naturales para realizar ensayos y puestas en escenas de propuestas art\u00edsticas.<\/p>\n\n\n\n<p><strong>Pinacoteca Municipal<\/strong> , espacio de exposiciones fotogr\u00e1ficas, pict\u00f3ricas, escult\u00f3ricas entre otras, exposiciones en las cuales se realizan visitas mediadas por quienes est\u00e9n realizando la exposici\u00f3n y o el&nbsp; Encargado Cultural.<\/p>\n\n\n\n<p><strong>Biblioteca Municipal<\/strong>, cuenta con libros de car\u00e1cter obligatorio por el sistema de educaci\u00f3n formal, la utilizaci\u00f3n de computadores para tareas e investigaciones.<\/p>\n\n\n\n<p><strong>Visi\u00f3n Cultural Comunal:<\/strong><\/p>\n\n\n\n<p><em>&nbsp;\u201cLaja, una comuna con un desarrollo cultural consagrado, descentralizado, comprometido con su comunidad y sectores, que promueve la formaci\u00f3n, desarrollo y difusi\u00f3n de las diversas expresiones culturales y art\u00edsticas, con una oferta cultural permanente que pone \u00e9nfasis en la participaci\u00f3n y educaci\u00f3n cultural, valorizando el patrimonio cultural, ind\u00edgena, natural e identidad local y el turismo cultural\u201d<\/em><\/p>\n\n\n\n<p><strong>Misi\u00f3n Cultural Comunal:<\/strong><\/p>\n\n\n\n<p><em>&nbsp;\u201cSer un Municipio comprometido con el desarrollo cultural de Laja, potenciando y promoviendo la participaci\u00f3n ciudadana y la educaci\u00f3n cultural, desde un enfoque democr\u00e1tico, de manera integral, sostenible y sustentable, valorizando el patrimonio e identidad local, promoviendo el turismo cultural de manera participativa, siendo la propia comunidad un agente transformador de su propio desarrollo cultura<\/em><em><\/em><\/p>\n\n\n\n<p><strong>Actividades:<\/strong><\/p>\n\n\n\n<p><strong>Encuentro de Pintores In Situ<\/strong> , es el proyecto &nbsp;que convoca artistas de la comuna de Laja, como artistas de alta trayectoria nacional e internacional quienes retratan,&nbsp; ponen en valor y visibilizan a trav\u00e9s del arte los atributos geogr\u00e1ficos y la identidad local en obras de mediano tama\u00f1o, cuadros que posteriormente son expuestos en oficinas municipales, hall y exposiciones fuera de nuestra comuna, difundiendo el territorio local, obras que son donadas a la comuna por los propios artistas.<\/p>\n\n\n\n<p><strong>Gala Folcl\u00f3rica Comunal,<\/strong> es un espacio de intercambio y exhibici\u00f3n del trabajo realizado por los m\u00fasicos y bailarines que conforman los distintos elencos existentes en la comuna, actividad que se realiza todos los a\u00f1os, por m\u00e1s de 8 versiones.<\/p>\n\n\n\n<p><strong>Encargado de Cultura : Felipe Contreras<\/strong><\/p>\n\n\n\n<p><strong>Freire N\u00ba \u00a0120<\/strong><\/p>\n\n\n\n<p><strong>Correo : fcontreras@munilaja.cl<\/strong><\/p>\n","protected":false},"excerpt":{"rendered":"<p>La oficina de Cultura dependiente de Dideco, funciona en la Casa de La Cultura Municipal de Laja, ubicada en calle Freire N\u00ba 120, Edificio Municipal con m\u00e1s de 20 a\u00f1os de existencia, es un espacio con una mirada de derecho cultural, donde se realizan talleres art\u00edsticos y se genera una parrilla program\u00e1tica consensuada con la [&hellip;]<\/p>\n","protected":false},"author":11,"featured_media":0,"parent":0,"menu_order":0,"comment_status":"closed","ping_status":"closed","template":"","meta":{"zakra_sidebar_layout":"customizer","zakra_remove_content_margin":false,"zakra_sidebar":"customizer","zakra_transparent_header":"customizer","zakra_logo":0,"zakra_main_header_style":"default","zakra_menu_item_color":"","zakra_menu_item_hover_color":"","zakra_menu_item_active_color":"","zakra_menu_active_style":"zakra_menu_active_style","zakra_page_header":true,"footnotes":""},"class_list":["post-65602","page","type-page","status-publish","hentry"],"yoast_head":"<!-- This site is optimized with the Yoast SEO plugin v24.0 - https:\/\/yoast.com\/wordpress\/plugins\/seo\/ -->\n<title>OFICINA DE CULTURA - Municipalidad de Laja<\/title>\n<meta name=\"robots\" content=\"index, follow, max-snippet:-1, max-image-preview:large, max-video-preview:-1\" \/>\n<link rel=\"canonical\" href=\"https:\/\/munilaja.cl\/w\/oficina-de-cultura\/\" \/>\n<meta property=\"og:locale\" content=\"es_ES\" \/>\n<meta property=\"og:type\" content=\"article\" \/>\n<meta property=\"og:title\" content=\"OFICINA DE CULTURA - Municipalidad de Laja\" \/>\n<meta property=\"og:description\" content=\"La oficina de Cultura dependiente de Dideco, funciona en la Casa de La Cultura Municipal de Laja, ubicada en calle Freire N\u00ba 120, Edificio Municipal con m\u00e1s de 20 a\u00f1os de existencia, es un espacio con una mirada de derecho cultural, donde se realizan talleres art\u00edsticos y se genera una parrilla program\u00e1tica consensuada con la [&hellip;]\" \/>\n<meta property=\"og:url\" content=\"https:\/\/munilaja.cl\/w\/oficina-de-cultura\/\" \/>\n<meta property=\"og:site_name\" content=\"Municipalidad de Laja\" \/>\n<meta name=\"twitter:card\" content=\"summary_large_image\" \/>\n<meta name=\"twitter:label1\" content=\"Tiempo de lectura\" \/>\n\t<meta name=\"twitter:data1\" content=\"3 minutos\" \/>\n<script type=\"application\/ld+json\" class=\"yoast-schema-graph\">{\"@context\":\"https:\/\/schema.org\",\"@graph\":[{\"@type\":\"WebPage\",\"@id\":\"https:\/\/munilaja.cl\/w\/oficina-de-cultura\/\",\"url\":\"https:\/\/munilaja.cl\/w\/oficina-de-cultura\/\",\"name\":\"OFICINA DE CULTURA - Municipalidad de Laja\",\"isPartOf\":{\"@id\":\"https:\/\/munilaja.cl\/w\/#website\"},\"datePublished\":\"2023-07-27T12:38:36+00:00\",\"dateModified\":\"2023-07-27T12:38:36+00:00\",\"breadcrumb\":{\"@id\":\"https:\/\/munilaja.cl\/w\/oficina-de-cultura\/#breadcrumb\"},\"inLanguage\":\"es\",\"potentialAction\":[{\"@type\":\"ReadAction\",\"target\":[\"https:\/\/munilaja.cl\/w\/oficina-de-cultura\/\"]}]},{\"@type\":\"BreadcrumbList\",\"@id\":\"https:\/\/munilaja.cl\/w\/oficina-de-cultura\/#breadcrumb\",\"itemListElement\":[{\"@type\":\"ListItem\",\"position\":1,\"name\":\"Portada\",\"item\":\"https:\/\/munilaja.cl\/w\/\"},{\"@type\":\"ListItem\",\"position\":2,\"name\":\"OFICINA DE CULTURA\"}]},{\"@type\":\"WebSite\",\"@id\":\"https:\/\/munilaja.cl\/w\/#website\",\"url\":\"https:\/\/munilaja.cl\/w\/\",\"name\":\"Municipalidad de Laja\",\"description\":\"Web Municipal\",\"publisher\":{\"@id\":\"https:\/\/munilaja.cl\/w\/#organization\"},\"potentialAction\":[{\"@type\":\"SearchAction\",\"target\":{\"@type\":\"EntryPoint\",\"urlTemplate\":\"https:\/\/munilaja.cl\/w\/?s={search_term_string}\"},\"query-input\":{\"@type\":\"PropertyValueSpecification\",\"valueRequired\":true,\"valueName\":\"search_term_string\"}}],\"inLanguage\":\"es\"},{\"@type\":\"Organization\",\"@id\":\"https:\/\/munilaja.cl\/w\/#organization\",\"name\":\"Municipalidad de Laja\",\"url\":\"https:\/\/munilaja.cl\/w\/\",\"logo\":{\"@type\":\"ImageObject\",\"inLanguage\":\"es\",\"@id\":\"https:\/\/munilaja.cl\/w\/#\/schema\/logo\/image\/\",\"url\":\"https:\/\/munilaja.cl\/w\/wp-content\/uploads\/2024\/11\/ESCUDO-LAJA-LETRAS-BLANCAS-LOGO-WEB.png\",\"contentUrl\":\"https:\/\/munilaja.cl\/w\/wp-content\/uploads\/2024\/11\/ESCUDO-LAJA-LETRAS-BLANCAS-LOGO-WEB.png\",\"width\":150,\"height\":150,\"caption\":\"Municipalidad de Laja\"},\"image\":{\"@id\":\"https:\/\/munilaja.cl\/w\/#\/schema\/logo\/image\/\"}}]}<\/script>\n<!-- \/ Yoast SEO plugin. -->","yoast_head_json":{"title":"OFICINA DE CULTURA - Municipalidad de Laja","robots":{"index":"index","follow":"follow","max-snippet":"max-snippet:-1","max-image-preview":"max-image-preview:large","max-video-preview":"max-video-preview:-1"},"canonical":"https:\/\/munilaja.cl\/w\/oficina-de-cultura\/","og_locale":"es_ES","og_type":"article","og_title":"OFICINA DE CULTURA - Municipalidad de Laja","og_description":"La oficina de Cultura dependiente de Dideco, funciona en la Casa de La Cultura Municipal de Laja, ubicada en calle Freire N\u00ba 120, Edificio Municipal con m\u00e1s de 20 a\u00f1os de existencia, es un espacio con una mirada de derecho cultural, donde se realizan talleres art\u00edsticos y se genera una parrilla program\u00e1tica consensuada con la [&hellip;]","og_url":"https:\/\/munilaja.cl\/w\/oficina-de-cultura\/","og_site_name":"Municipalidad de Laja","twitter_card":"summary_large_image","twitter_misc":{"Tiempo de lectura":"3 minutos"},"schema":{"@context":"https:\/\/schema.org","@graph":[{"@type":"WebPage","@id":"https:\/\/munilaja.cl\/w\/oficina-de-cultura\/","url":"https:\/\/munilaja.cl\/w\/oficina-de-cultura\/","name":"OFICINA DE CULTURA - Municipalidad de Laja","isPartOf":{"@id":"https:\/\/munilaja.cl\/w\/#website"},"datePublished":"2023-07-27T12:38:36+00:00","dateModified":"2023-07-27T12:38:36+00:00","breadcrumb":{"@id":"https:\/\/munilaja.cl\/w\/oficina-de-cultura\/#breadcrumb"},"inLanguage":"es","potentialAction":[{"@type":"ReadAction","target":["https:\/\/munilaja.cl\/w\/oficina-de-cultura\/"]}]},{"@type":"BreadcrumbList","@id":"https:\/\/munilaja.cl\/w\/oficina-de-cultura\/#breadcrumb","itemListElement":[{"@type":"ListItem","position":1,"name":"Portada","item":"https:\/\/munilaja.cl\/w\/"},{"@type":"ListItem","position":2,"name":"OFICINA DE CULTURA"}]},{"@type":"WebSite","@id":"https:\/\/munilaja.cl\/w\/#website","url":"https:\/\/munilaja.cl\/w\/","name":"Municipalidad de Laja","description":"Web Municipal","publisher":{"@id":"https:\/\/munilaja.cl\/w\/#organization"},"potentialAction":[{"@type":"SearchAction","target":{"@type":"EntryPoint","urlTemplate":"https:\/\/munilaja.cl\/w\/?s={search_term_string}"},"query-input":{"@type":"PropertyValueSpecification","valueRequired":true,"valueName":"search_term_string"}}],"inLanguage":"es"},{"@type":"Organization","@id":"https:\/\/munilaja.cl\/w\/#organization","name":"Municipalidad de Laja","url":"https:\/\/munilaja.cl\/w\/","logo":{"@type":"ImageObject","inLanguage":"es","@id":"https:\/\/munilaja.cl\/w\/#\/schema\/logo\/image\/","url":"https:\/\/munilaja.cl\/w\/wp-content\/uploads\/2024\/11\/ESCUDO-LAJA-LETRAS-BLANCAS-LOGO-WEB.png","contentUrl":"https:\/\/munilaja.cl\/w\/wp-content\/uploads\/2024\/11\/ESCUDO-LAJA-LETRAS-BLANCAS-LOGO-WEB.png","width":150,"height":150,"caption":"Municipalidad de Laja"},"image":{"@id":"https:\/\/munilaja.cl\/w\/#\/schema\/logo\/image\/"}}]}},"_links":{"self":[{"href":"https:\/\/munilaja.cl\/w\/wp-json\/wp\/v2\/pages\/65602"}],"collection":[{"href":"https:\/\/munilaja.cl\/w\/wp-json\/wp\/v2\/pages"}],"about":[{"href":"https:\/\/munilaja.cl\/w\/wp-json\/wp\/v2\/types\/page"}],"author":[{"embeddable":true,"href":"https:\/\/munilaja.cl\/w\/wp-json\/wp\/v2\/users\/11"}],"replies":[{"embeddable":true,"href":"https:\/\/munilaja.cl\/w\/wp-json\/wp\/v2\/comments?post=65602"}],"version-history":[{"count":1,"href":"https:\/\/munilaja.cl\/w\/wp-json\/wp\/v2\/pages\/65602\/revisions"}],"predecessor-version":[{"id":65603,"href":"https:\/\/munilaja.cl\/w\/wp-json\/wp\/v2\/pages\/65602\/revisions\/65603"}],"wp:attachment":[{"href":"https:\/\/munilaja.cl\/w\/wp-json\/wp\/v2\/media?parent=65602"}],"curies":[{"name":"wp","href":"https:\/\/api.w.org\/{rel}","templated":true}]}}