{"id":61990,"date":"2022-11-14T16:08:30","date_gmt":"2022-11-14T20:08:30","guid":{"rendered":"https:\/\/munilaja.cl\/w\/?page_id=61990"},"modified":"2025-06-27T09:25:27","modified_gmt":"2025-06-27T13:25:27","slug":"unidad-medioambiente","status":"publish","type":"page","link":"https:\/\/munilaja.cl\/w\/unidad-medioambiente\/","title":{"rendered":"UNIDAD MEDIOAMBIENTE"},"content":{"rendered":"\n<h3 class=\"wp-block-heading\"><strong>SISTEMA DE CERTIFICACI\u00d3N AMBIENTAL MUNIICPAL (SCAM)<\/strong><\/h3>\n\n\n\n<p>El Sistema de Certificaci\u00f3n Ambiental Municipal es un sistema hol\u00edstico de car\u00e1cter voluntario, que permite a los municipios instalarse en el territorio como modelo de gesti\u00f3n ambiental, donde la org\u00e1nica municipal, la infraestructura, el personal, los procedimientos internos y los servicios que presta el municipio a la comunidad integran el factor ambiental en su quehacer.<\/p>\n\n\n\n<figure class=\"wp-block-image size-full is-resized\"><a href=\"https:\/\/munilaja.cl\/w\/wp-content\/uploads\/2025\/06\/Imagen1.png\"><img fetchpriority=\"high\" decoding=\"async\" width=\"529\" height=\"298\" src=\"https:\/\/munilaja.cl\/w\/wp-content\/uploads\/2025\/06\/Imagen1.png\" alt=\"\" class=\"wp-image-72597\" style=\"width:752px;height:auto\" srcset=\"https:\/\/munilaja.cl\/w\/wp-content\/uploads\/2025\/06\/Imagen1.png 529w, https:\/\/munilaja.cl\/w\/wp-content\/uploads\/2025\/06\/Imagen1-300x169.png 300w\" sizes=\"(max-width: 529px) 100vw, 529px\" \/><\/a><\/figure>\n\n\n\n<p>Actualmente la Municipalidad cuenta con la <strong><em>CERTIFICACI\u00d3N AMBIENTAL NIVEL GOBERNANZA AMBIENTAL CLIM\u00c1TICA COMUNAL \u2013 ETAPA APRESTO.<\/em><\/strong><\/p>\n\n\n\n<ol class=\"wp-block-list\"><\/ol>\n\n\n\n<ul class=\"wp-block-list\">\n<li>El nivel de Gobernanza Ambiental-Clim\u00e1tica Comunal es la m\u00e1xima categor\u00eda que puede alcanzar un municipio en el Sistema de Certificaci\u00f3n Ambiental Municipal. Implica la construcci\u00f3n de un modelo de gesti\u00f3n ambiental donde los actores locales participan en el desarrollo de un territorio sustentable, en un contexto de mitigaci\u00f3n y adaptaci\u00f3n ante el cambio clim\u00e1tico y global. Se caracteriza por la constituci\u00f3n de una mesa representada por instituciones ciudadanas, p\u00fablicas, privadas y educativas, cuyo objetivo es colaborar y definir una vocaci\u00f3n ambiental comunal, entre los siguientes temas: Energ\u00eda, Gesti\u00f3n h\u00eddrica, Descontaminaci\u00f3n Atmosf\u00e9rica, Paisaje de conservaci\u00f3n, Biodiversidad, Residuos s\u00f3lidos, Urbanismo Sustentable, u otro tema que proponga la comuna.<\/li>\n<\/ul>\n\n\n\n<figure class=\"wp-block-image size-large\"><a href=\"https:\/\/munilaja.cl\/w\/wp-content\/uploads\/2025\/06\/Imagen2.png\"><img decoding=\"async\" width=\"1024\" height=\"294\" src=\"https:\/\/munilaja.cl\/w\/wp-content\/uploads\/2025\/06\/Imagen2-1024x294.png\" alt=\"\" class=\"wp-image-72598\" srcset=\"https:\/\/munilaja.cl\/w\/wp-content\/uploads\/2025\/06\/Imagen2-1024x294.png 1024w, https:\/\/munilaja.cl\/w\/wp-content\/uploads\/2025\/06\/Imagen2-300x86.png 300w, https:\/\/munilaja.cl\/w\/wp-content\/uploads\/2025\/06\/Imagen2-768x220.png 768w, https:\/\/munilaja.cl\/w\/wp-content\/uploads\/2025\/06\/Imagen2-1536x441.png 1536w, https:\/\/munilaja.cl\/w\/wp-content\/uploads\/2025\/06\/Imagen2-2048x588.png 2048w\" sizes=\"(max-width: 1024px) 100vw, 1024px\" \/><\/a><\/figure>\n\n\n\n<p>Durante el transcurso del mes de julio 2025, se aprueba Convenio de Cooperaci\u00f3n con Transferencia de Recursos para Sistemas de Certificaci\u00f3n Ambiental Municipal entre la Ilustre Municipalidad de Laja y el Ministerio del Medio Ambiente, para la ejecuci\u00f3n de la <strong><em>Etapa Implementaci\u00f3n <\/em><\/strong>(Periodo de 15 meses)<\/p>\n\n\n\n<p>Hitos Relevantes del Proceso de Certificaci\u00f3n Ambiental Municipal<\/p>\n\n\n\n<p><span style=\"font-size: revert;\">\u00a0Ejecuci\u00f3n satisfactoria de procesos que anteceden el proceso actual- Implementaci\u00f3n.<\/span><\/p>\n\n\n\n<p><span style=\"font-size: revert;\">Fortalecimiento del Comit\u00e9 Ambiental Municipal, el cual lo conforman todos los Directivos del Municipio, revisando y desarrollando los compromisos adquiridos con respecto a la vocaci\u00f3n ambiental municipal \u201cGesti\u00f3n de Residuos S\u00f3lidos\u201d.<\/span><\/p>\n\n\n\n<p><span style=\"font-size: revert;\">Fortalecimiento de la Mesa de Gobernanza Ambiental Clim\u00e1tica; constituida por actores locales de la comuna, del \u00e1mbito p\u00fablico, privado y vecinal; desarrollado actividades de gesti\u00f3n de los residuos s\u00f3lidos, en virtud de su \u00e1mbito de acci\u00f3n. Actores tales como; Uni\u00f3n Comunal, Juntas de Vecinos, DAEM, DSM, DIMAAO, Subcomisaria de Carabineros, FRONTEL, ESSBIO, CMPC, DEMARCO S.A., ENGIE.<\/span><\/p>\n\n\n\n<p><span style=\"font-size: revert;\">Fortaleciendo la difusi\u00f3n del compromiso ambiental de la comuna en la gesti\u00f3n de los residuos solidos valorizables, en todas las instancias cotidianas de la comunidad y actividades municipales que se desarrollan durante diferente \u00e9pocas del a\u00f1o. De esta manera se contribuye a la disminuir la disposici\u00f3n final de residuos s\u00f3lidos domiciliarios (RSD) a Relleno Sanitario, entre otros beneficios.<\/span><\/p>\n\n\n\n<p><span style=\"font-size: revert;\">Fortalecimiento e incorporaci\u00f3n de logo SCAM en documentos de administraci\u00f3n municipal (Oficios y otros), presentaciones, equipamiento de reciclaje y material de difusi\u00f3n (pendones, afiches, adhesivos, bolsas y morrales de algod\u00f3n, botellas de agua, entre otros).<\/span><\/p>\n\n\n\n<p><span style=\"font-size: revert;\">Fortalecimiento del reciclaje de valorizables (botellas pl\u00e1sticas, vidrio, latas, papel y cart\u00f3n y aceite vegetal usado), a trav\u00e9s de la gesti\u00f3n y traslado a plantas de reciclaje autorizadas. Y la trazabilidad de los residuos valorizables y los s\u00f3lidos domiciliarios a trav\u00e9s del Sistema RETC Ventanilla \u00danica.<\/span><\/p>\n\n\n\n<p><span style=\"font-size: revert;\">Fortalecimiento del equipamiento de reciclaje; incorporaci\u00f3n de rejillas (para PET1(botellas pl\u00e1sticas)), campanas (reciclaje de vidrio) y puntos limpios (contenedor mar\u00edtimo con boquillas para deposito de botellas pl\u00e1sticas, papel y cart\u00f3n, y latas)<\/span><\/p>\n\n\n\n<p><span style=\"font-size: revert;\">Fortalecimiento de la Educaci\u00f3n Ambiental (formal (establecida en el PADEM) e informal (talleres, reuniones, capacitaci\u00f3n, entre otros)<\/span><\/p>\n\n\n\n<p><span style=\"font-size: revert;\">Fortalecimiento de l\u00edneas estrat\u00e9gicas: <\/span><\/p>\n\n\n\n<p><span style=\"font-size: revert;\">Biodiversidad; Monitoreo de calidad de agua en cuerpos de agua relevantes (Laguna La Se\u00f1oraza, Rio Laja), recambio de especies arb\u00f3reas y plantas de bajo requerimiento h\u00eddrico y mantenimiento, entre otros.<\/span><\/p>\n\n\n\n<p><span style=\"font-size: revert;\">Tenencia Responsable de Mascotas y Animales de Compa\u00f1\u00eda; Contrataci\u00f3n de Profesional Prestador de Servicios M\u00e9dicos Veterinarias y habilitaci\u00f3n de Oficina Veterinaria; trabajo colaborativo con Organizaci\u00f3n TRAWA KALEN; prestaci\u00f3n de servicios externalizados de control de reproducci\u00f3n para caninos y felinos, con y sin due\u00f1os dirigidos a vecinos y vecinas con mayor vulnerabilidad; control de mascotas comunitarias (mascotas sin due\u00f1o, alimentadas por la comunidad sectorial), vacunaci\u00f3n y desparcitaci\u00f3n de mascotas, entre otras acciones.<\/span><\/p>\n\n\n\n<p><span style=\"font-size: revert;\">Cambio Clim\u00e1tico: Elaboraci\u00f3n de Plan de Acci\u00f3n Clim\u00e1tico Comunal, a trav\u00e9s de un proceso externalizado con la participaci\u00f3n de Equipo Gestor Municipal y la participaci\u00f3n ciudadana.<\/span><\/p>\n\n\n\n<p><span style=\"font-size: revert;\">Gesti\u00f3n de Riesgos de Desastres Comunal; Revisi\u00f3n y actualizaci\u00f3n del Plan de emergencia vigente con la colaboraci\u00f3n y asesor\u00eda t\u00e9cnica externa.<\/span><\/p>\n\n\n\n<p>Fortalecimiento de Sustentabilidad Interna:<\/p>\n\n\n\n<p><span style=\"font-size: revert;\">Compras sustentables: informe de compras (DAF).<\/span><\/p>\n\n\n\n<p>Estrategia de ahorro papel, energ\u00eda el\u00e9ctrica y agua potable; todas las Direcciones, justificaci\u00f3n de cuadro resumen DAF.<\/p>\n\n\n\n<ol class=\"wp-block-list\"><\/ol>\n\n\n\n<ol class=\"wp-block-list\"><\/ol>\n\n\n\n<ol class=\"wp-block-list\"><\/ol>\n\n\n\n<p><strong>MAR\u00cdA ANG\u00c9LICA FA\u00daNDEZ ROJAS<\/strong> <strong>PROFESIONAL DE MEDIO AMBIENTE<\/strong><\/p>\n\n\n\n<p><\/p>\n\n\n\n<h3 class=\"wp-block-heading\">DIRECTOR<\/h3>\n\n\n\n<p><strong>Ren\u00e9 Vidal <\/strong><\/p>\n\n\n\n<p>rvidal@munilaja.cl<\/p>\n\n\n\n<p><strong>FONO SECRETARIA DIMAAO 4342 524 660<\/strong><\/p>\n\n\n\n<p><\/p>\n","protected":false},"excerpt":{"rendered":"<p>SISTEMA DE CERTIFICACI\u00d3N AMBIENTAL MUNIICPAL (SCAM) El Sistema de Certificaci\u00f3n Ambiental Municipal es un sistema hol\u00edstico de car\u00e1cter voluntario, que permite a los municipios instalarse en el territorio como modelo de gesti\u00f3n ambiental, donde la org\u00e1nica municipal, la infraestructura, el personal, los procedimientos internos y los servicios que presta el municipio a la comunidad integran [&hellip;]<\/p>\n","protected":false},"author":11,"featured_media":0,"parent":0,"menu_order":0,"comment_status":"closed","ping_status":"closed","template":"","meta":{"zakra_sidebar_layout":"customizer","zakra_remove_content_margin":false,"zakra_sidebar":"customizer","zakra_transparent_header":"customizer","zakra_logo":0,"zakra_main_header_style":"default","zakra_menu_item_color":"","zakra_menu_item_hover_color":"","zakra_menu_item_active_color":"","zakra_menu_active_style":"zakra_menu_active_style","zakra_page_header":true,"footnotes":""},"class_list":["post-61990","page","type-page","status-publish","hentry"],"yoast_head":"<!-- This site is optimized with the Yoast SEO plugin v24.0 - https:\/\/yoast.com\/wordpress\/plugins\/seo\/ -->\n<title>UNIDAD MEDIOAMBIENTE - Municipalidad de Laja<\/title>\n<meta name=\"robots\" content=\"index, follow, max-snippet:-1, max-image-preview:large, max-video-preview:-1\" \/>\n<link rel=\"canonical\" href=\"https:\/\/munilaja.cl\/w\/unidad-medioambiente\/\" \/>\n<meta property=\"og:locale\" content=\"es_ES\" \/>\n<meta property=\"og:type\" content=\"article\" \/>\n<meta property=\"og:title\" content=\"UNIDAD MEDIOAMBIENTE - Municipalidad de Laja\" \/>\n<meta property=\"og:description\" content=\"SISTEMA DE CERTIFICACI\u00d3N AMBIENTAL MUNIICPAL (SCAM) El Sistema de Certificaci\u00f3n Ambiental Municipal es un sistema hol\u00edstico de car\u00e1cter voluntario, que permite a los municipios instalarse en el territorio como modelo de gesti\u00f3n ambiental, donde la org\u00e1nica municipal, la infraestructura, el personal, los procedimientos internos y los servicios que presta el municipio a la comunidad integran [&hellip;]\" \/>\n<meta property=\"og:url\" content=\"https:\/\/munilaja.cl\/w\/unidad-medioambiente\/\" \/>\n<meta property=\"og:site_name\" content=\"Municipalidad de Laja\" \/>\n<meta property=\"article:modified_time\" content=\"2025-06-27T13:25:27+00:00\" \/>\n<meta property=\"og:image\" content=\"https:\/\/munilaja.cl\/w\/wp-content\/uploads\/2025\/06\/Imagen1.png\" \/>\n\t<meta property=\"og:image:width\" content=\"529\" \/>\n\t<meta property=\"og:image:height\" content=\"298\" \/>\n\t<meta property=\"og:image:type\" content=\"image\/png\" \/>\n<meta name=\"twitter:card\" content=\"summary_large_image\" \/>\n<meta name=\"twitter:label1\" content=\"Tiempo de lectura\" \/>\n\t<meta name=\"twitter:data1\" content=\"4 minutos\" \/>\n<script type=\"application\/ld+json\" class=\"yoast-schema-graph\">{\"@context\":\"https:\/\/schema.org\",\"@graph\":[{\"@type\":\"WebPage\",\"@id\":\"https:\/\/munilaja.cl\/w\/unidad-medioambiente\/\",\"url\":\"https:\/\/munilaja.cl\/w\/unidad-medioambiente\/\",\"name\":\"UNIDAD MEDIOAMBIENTE - Municipalidad de Laja\",\"isPartOf\":{\"@id\":\"https:\/\/munilaja.cl\/w\/#website\"},\"primaryImageOfPage\":{\"@id\":\"https:\/\/munilaja.cl\/w\/unidad-medioambiente\/#primaryimage\"},\"image\":{\"@id\":\"https:\/\/munilaja.cl\/w\/unidad-medioambiente\/#primaryimage\"},\"thumbnailUrl\":\"https:\/\/munilaja.cl\/w\/wp-content\/uploads\/2025\/06\/Imagen1.png\",\"datePublished\":\"2022-11-14T20:08:30+00:00\",\"dateModified\":\"2025-06-27T13:25:27+00:00\",\"breadcrumb\":{\"@id\":\"https:\/\/munilaja.cl\/w\/unidad-medioambiente\/#breadcrumb\"},\"inLanguage\":\"es\",\"potentialAction\":[{\"@type\":\"ReadAction\",\"target\":[\"https:\/\/munilaja.cl\/w\/unidad-medioambiente\/\"]}]},{\"@type\":\"ImageObject\",\"inLanguage\":\"es\",\"@id\":\"https:\/\/munilaja.cl\/w\/unidad-medioambiente\/#primaryimage\",\"url\":\"https:\/\/munilaja.cl\/w\/wp-content\/uploads\/2025\/06\/Imagen1.png\",\"contentUrl\":\"https:\/\/munilaja.cl\/w\/wp-content\/uploads\/2025\/06\/Imagen1.png\"},{\"@type\":\"BreadcrumbList\",\"@id\":\"https:\/\/munilaja.cl\/w\/unidad-medioambiente\/#breadcrumb\",\"itemListElement\":[{\"@type\":\"ListItem\",\"position\":1,\"name\":\"Portada\",\"item\":\"https:\/\/munilaja.cl\/w\/\"},{\"@type\":\"ListItem\",\"position\":2,\"name\":\"UNIDAD MEDIOAMBIENTE\"}]},{\"@type\":\"WebSite\",\"@id\":\"https:\/\/munilaja.cl\/w\/#website\",\"url\":\"https:\/\/munilaja.cl\/w\/\",\"name\":\"Municipalidad de Laja\",\"description\":\"Web Municipal\",\"publisher\":{\"@id\":\"https:\/\/munilaja.cl\/w\/#organization\"},\"potentialAction\":[{\"@type\":\"SearchAction\",\"target\":{\"@type\":\"EntryPoint\",\"urlTemplate\":\"https:\/\/munilaja.cl\/w\/?s={search_term_string}\"},\"query-input\":{\"@type\":\"PropertyValueSpecification\",\"valueRequired\":true,\"valueName\":\"search_term_string\"}}],\"inLanguage\":\"es\"},{\"@type\":\"Organization\",\"@id\":\"https:\/\/munilaja.cl\/w\/#organization\",\"name\":\"Municipalidad de Laja\",\"url\":\"https:\/\/munilaja.cl\/w\/\",\"logo\":{\"@type\":\"ImageObject\",\"inLanguage\":\"es\",\"@id\":\"https:\/\/munilaja.cl\/w\/#\/schema\/logo\/image\/\",\"url\":\"https:\/\/munilaja.cl\/w\/wp-content\/uploads\/2024\/11\/ESCUDO-LAJA-LETRAS-BLANCAS-LOGO-WEB.png\",\"contentUrl\":\"https:\/\/munilaja.cl\/w\/wp-content\/uploads\/2024\/11\/ESCUDO-LAJA-LETRAS-BLANCAS-LOGO-WEB.png\",\"width\":150,\"height\":150,\"caption\":\"Municipalidad de Laja\"},\"image\":{\"@id\":\"https:\/\/munilaja.cl\/w\/#\/schema\/logo\/image\/\"}}]}<\/script>\n<!-- \/ Yoast SEO plugin. -->","yoast_head_json":{"title":"UNIDAD MEDIOAMBIENTE - Municipalidad de Laja","robots":{"index":"index","follow":"follow","max-snippet":"max-snippet:-1","max-image-preview":"max-image-preview:large","max-video-preview":"max-video-preview:-1"},"canonical":"https:\/\/munilaja.cl\/w\/unidad-medioambiente\/","og_locale":"es_ES","og_type":"article","og_title":"UNIDAD MEDIOAMBIENTE - Municipalidad de Laja","og_description":"SISTEMA DE CERTIFICACI\u00d3N AMBIENTAL MUNIICPAL (SCAM) El Sistema de Certificaci\u00f3n Ambiental Municipal es un sistema hol\u00edstico de car\u00e1cter voluntario, que permite a los municipios instalarse en el territorio como modelo de gesti\u00f3n ambiental, donde la org\u00e1nica municipal, la infraestructura, el personal, los procedimientos internos y los servicios que presta el municipio a la comunidad integran [&hellip;]","og_url":"https:\/\/munilaja.cl\/w\/unidad-medioambiente\/","og_site_name":"Municipalidad de Laja","article_modified_time":"2025-06-27T13:25:27+00:00","og_image":[{"width":529,"height":298,"url":"https:\/\/munilaja.cl\/w\/wp-content\/uploads\/2025\/06\/Imagen1.png","type":"image\/png"}],"twitter_card":"summary_large_image","twitter_misc":{"Tiempo de lectura":"4 minutos"},"schema":{"@context":"https:\/\/schema.org","@graph":[{"@type":"WebPage","@id":"https:\/\/munilaja.cl\/w\/unidad-medioambiente\/","url":"https:\/\/munilaja.cl\/w\/unidad-medioambiente\/","name":"UNIDAD MEDIOAMBIENTE - Municipalidad de Laja","isPartOf":{"@id":"https:\/\/munilaja.cl\/w\/#website"},"primaryImageOfPage":{"@id":"https:\/\/munilaja.cl\/w\/unidad-medioambiente\/#primaryimage"},"image":{"@id":"https:\/\/munilaja.cl\/w\/unidad-medioambiente\/#primaryimage"},"thumbnailUrl":"https:\/\/munilaja.cl\/w\/wp-content\/uploads\/2025\/06\/Imagen1.png","datePublished":"2022-11-14T20:08:30+00:00","dateModified":"2025-06-27T13:25:27+00:00","breadcrumb":{"@id":"https:\/\/munilaja.cl\/w\/unidad-medioambiente\/#breadcrumb"},"inLanguage":"es","potentialAction":[{"@type":"ReadAction","target":["https:\/\/munilaja.cl\/w\/unidad-medioambiente\/"]}]},{"@type":"ImageObject","inLanguage":"es","@id":"https:\/\/munilaja.cl\/w\/unidad-medioambiente\/#primaryimage","url":"https:\/\/munilaja.cl\/w\/wp-content\/uploads\/2025\/06\/Imagen1.png","contentUrl":"https:\/\/munilaja.cl\/w\/wp-content\/uploads\/2025\/06\/Imagen1.png"},{"@type":"BreadcrumbList","@id":"https:\/\/munilaja.cl\/w\/unidad-medioambiente\/#breadcrumb","itemListElement":[{"@type":"ListItem","position":1,"name":"Portada","item":"https:\/\/munilaja.cl\/w\/"},{"@type":"ListItem","position":2,"name":"UNIDAD MEDIOAMBIENTE"}]},{"@type":"WebSite","@id":"https:\/\/munilaja.cl\/w\/#website","url":"https:\/\/munilaja.cl\/w\/","name":"Municipalidad de Laja","description":"Web Municipal","publisher":{"@id":"https:\/\/munilaja.cl\/w\/#organization"},"potentialAction":[{"@type":"SearchAction","target":{"@type":"EntryPoint","urlTemplate":"https:\/\/munilaja.cl\/w\/?s={search_term_string}"},"query-input":{"@type":"PropertyValueSpecification","valueRequired":true,"valueName":"search_term_string"}}],"inLanguage":"es"},{"@type":"Organization","@id":"https:\/\/munilaja.cl\/w\/#organization","name":"Municipalidad de Laja","url":"https:\/\/munilaja.cl\/w\/","logo":{"@type":"ImageObject","inLanguage":"es","@id":"https:\/\/munilaja.cl\/w\/#\/schema\/logo\/image\/","url":"https:\/\/munilaja.cl\/w\/wp-content\/uploads\/2024\/11\/ESCUDO-LAJA-LETRAS-BLANCAS-LOGO-WEB.png","contentUrl":"https:\/\/munilaja.cl\/w\/wp-content\/uploads\/2024\/11\/ESCUDO-LAJA-LETRAS-BLANCAS-LOGO-WEB.png","width":150,"height":150,"caption":"Municipalidad de Laja"},"image":{"@id":"https:\/\/munilaja.cl\/w\/#\/schema\/logo\/image\/"}}]}},"_links":{"self":[{"href":"https:\/\/munilaja.cl\/w\/wp-json\/wp\/v2\/pages\/61990"}],"collection":[{"href":"https:\/\/munilaja.cl\/w\/wp-json\/wp\/v2\/pages"}],"about":[{"href":"https:\/\/munilaja.cl\/w\/wp-json\/wp\/v2\/types\/page"}],"author":[{"embeddable":true,"href":"https:\/\/munilaja.cl\/w\/wp-json\/wp\/v2\/users\/11"}],"replies":[{"embeddable":true,"href":"https:\/\/munilaja.cl\/w\/wp-json\/wp\/v2\/comments?post=61990"}],"version-history":[{"count":6,"href":"https:\/\/munilaja.cl\/w\/wp-json\/wp\/v2\/pages\/61990\/revisions"}],"predecessor-version":[{"id":72600,"href":"https:\/\/munilaja.cl\/w\/wp-json\/wp\/v2\/pages\/61990\/revisions\/72600"}],"wp:attachment":[{"href":"https:\/\/munilaja.cl\/w\/wp-json\/wp\/v2\/media?parent=61990"}],"curies":[{"name":"wp","href":"https:\/\/api.w.org\/{rel}","templated":true}]}}