{"id":31140,"date":"2016-06-29T20:04:41","date_gmt":"2016-06-29T20:04:41","guid":{"rendered":"http:\/\/munilaja.cl\/w\/?page_id=31140"},"modified":"2021-08-25T22:46:44","modified_gmt":"2021-08-25T22:46:44","slug":"cosoc","status":"publish","type":"page","link":"https:\/\/munilaja.cl\/w\/cosoc\/","title":{"rendered":"cosoc"},"content":{"rendered":"<p style=\"text-align: justify;\">Actas del proceso de selecci\u00f3n del COSOC 2016.<\/p>\n<p style=\"text-align: justify;\"><a href=\"https:\/\/munilaja.cl\/w\/wp-content\/uploads\/2016\/06\/Acta-eleccion-COSOC-desierto-Funcionales.pdf\">Acta eleccion COSOC desierto Funcionales<\/a><\/p>\n<p style=\"text-align: justify;\"><a href=\"https:\/\/munilaja.cl\/w\/wp-content\/uploads\/2016\/06\/Acta-eleccion-COSOC-desierto-Territoriales.pdf\">Acta eleccion COSOC desierto Territoriales<\/a><\/p>\n<p style=\"text-align: justify;\">\n<hr \/>\n<p style=\"text-align: justify;\"><span style=\"font-family: verdana, geneva, sans-serif;\">Se comunica \u00a0a las organizaciones y entidades de inter\u00e9s p\u00fablico interesadas en participar en la elecci\u00f3n \u00a0y constituci\u00f3n del Consejo Comunal de Organizaciones de la Sociedad Civil de la comuna de Laja, COSOC, que \u00a0sus candidatos podr\u00e1n inscribirse en el Registro P\u00fablico que se encuentra abierto en Oficina de Secretar\u00eda Municipal.\u00a0<\/span><\/p>\n<p style=\"text-align: justify;\"><a href=\"https:\/\/munilaja.cl\/w\/wp-content\/uploads\/2013\/05\/pdf_download.png\"><br \/>\n<\/a>\u00a0<a href=\"https:\/\/munilaja.cl\/w\/wp-content\/uploads\/2016\/06\/ACTA-ASAMBLEA-DESIGNACI\u00d3N-CANDIDATO.pdf\">ACTA ASAMBLEA DESIGNACI\u00d3N CANDIDATO<\/a><\/p>\n<p style=\"text-align: justify;\"><a href=\"https:\/\/munilaja.cl\/w\/wp-content\/uploads\/2016\/06\/Carta-de-Reclamaci\u00f3n.pdf\">Carta de Reclamaci\u00f3n<\/a> <a href=\"https:\/\/munilaja.cl\/w\/wp-content\/uploads\/2016\/06\/Certificado-Designaci\u00f3n-Representante.pdf\">Certificado Designaci\u00f3n Representante<\/a><\/p>\n<p style=\"text-align: justify;\"><a href=\"https:\/\/munilaja.cl\/w\/wp-content\/uploads\/2016\/06\/Certificado-per\u00edodo-de-afiliaci\u00f3n-candidato.pdf\">Certificado per\u00edodo de afiliaci\u00f3n candidato<\/a><\/p>\n<p style=\"text-align: justify;\"><a href=\"https:\/\/munilaja.cl\/w\/wp-content\/uploads\/2016\/06\/COMUNICADO.pdf\">COMUNICADO<\/a><\/p>\n<p style=\"text-align: justify;\"><a href=\"https:\/\/munilaja.cl\/w\/wp-content\/uploads\/2016\/06\/D.A-N\u00b04.649-2016-CONVOCA-ELECCIONES-COSOC-2016-2020.pdf\">D.A N\u00b04.649-2016 CONVOCA ELECCIONES COSOC 2016-2020<\/a><\/p>\n<p style=\"text-align: justify;\"><a href=\"https:\/\/munilaja.cl\/w\/wp-content\/uploads\/2016\/06\/Formulario-Inscripci\u00f3n-Organizaciones-Funcionales.pdf\">Formulario Inscripci\u00f3n Organizaciones Funcionales<\/a><\/p>\n<p style=\"text-align: justify;\"><a href=\"https:\/\/munilaja.cl\/w\/wp-content\/uploads\/2016\/06\/Formulario-Inscripci\u00f3n-Organizaciones-Gremiales.pdf\">Formulario Inscripci\u00f3n Organizaciones Gremiales<\/a><\/p>\n<p style=\"text-align: justify;\"><a href=\"https:\/\/munilaja.cl\/w\/wp-content\/uploads\/2016\/06\/Formulario-Inscripci\u00f3n-Organizaciones-Sindicales.pdf\">Formulario Inscripci\u00f3n Organizaciones Sindicales<\/a><\/p>\n<p style=\"text-align: justify;\"><a href=\"https:\/\/munilaja.cl\/w\/wp-content\/uploads\/2016\/06\/Formulario-Inscripci\u00f3n-Organizaciones-Territoriales.pdf\">Formulario Inscripci\u00f3n Organizaciones Territoriales<\/a><\/p>\n<p style=\"text-align: justify;\"><a href=\"https:\/\/munilaja.cl\/w\/wp-content\/uploads\/2016\/06\/Formulario-Inscripci\u00f3n-Otras-organizaciones-de-actividades-relevantes-para-el-Desarrollo-Econ\u00f3mico-Social-y-Cultural.pdf\">Formulario Inscripci\u00f3n Otras organizaciones de actividades relevantes para el Desarrollo Econ\u00f3mico, Social y Cultural<\/a><\/p>\n<p style=\"text-align: justify;\"><a href=\"https:\/\/munilaja.cl\/w\/wp-content\/uploads\/2016\/06\/N\u00d3MINA-ORGANIZACIONES-ELECCI\u00d3N-COSOC-LAJA-2016-2020.pdf\">N\u00d3MINA ORGANIZACIONES ELECCI\u00d3N COSOC LAJA 2016-2020<\/a><\/p>\n<p style=\"text-align: justify;\">\n","protected":false},"excerpt":{"rendered":"<p>Actas del proceso de selecci\u00f3n del COSOC 2016. Acta eleccion COSOC desierto Funcionales Acta eleccion COSOC desierto Territoriales Se comunica \u00a0a las organizaciones y entidades de inter\u00e9s p\u00fablico interesadas en participar en la elecci\u00f3n \u00a0y constituci\u00f3n del Consejo Comunal de Organizaciones de la Sociedad Civil de la comuna de Laja, COSOC, que \u00a0sus candidatos podr\u00e1n [&hellip;]<\/p>\n","protected":false},"author":11,"featured_media":31162,"parent":0,"menu_order":0,"comment_status":"closed","ping_status":"closed","template":"","meta":{"zakra_sidebar_layout":"customizer","zakra_remove_content_margin":false,"zakra_sidebar":"customizer","zakra_transparent_header":"customizer","zakra_logo":0,"zakra_main_header_style":"default","zakra_menu_item_color":"","zakra_menu_item_hover_color":"","zakra_menu_item_active_color":"","zakra_menu_active_style":"zakra_menu_active_style","zakra_page_header":true,"footnotes":""},"class_list":["post-31140","page","type-page","status-publish","has-post-thumbnail","hentry"],"yoast_head":"<!-- This site is optimized with the Yoast SEO plugin v24.0 - https:\/\/yoast.com\/wordpress\/plugins\/seo\/ -->\n<title>cosoc - Municipalidad de Laja<\/title>\n<meta name=\"robots\" content=\"index, follow, max-snippet:-1, max-image-preview:large, max-video-preview:-1\" \/>\n<link rel=\"canonical\" href=\"https:\/\/munilaja.cl\/w\/cosoc\/\" \/>\n<meta property=\"og:locale\" content=\"es_ES\" \/>\n<meta property=\"og:type\" content=\"article\" \/>\n<meta property=\"og:title\" content=\"cosoc - Municipalidad de Laja\" \/>\n<meta property=\"og:description\" content=\"Actas del proceso de selecci\u00f3n del COSOC 2016. Acta eleccion COSOC desierto Funcionales Acta eleccion COSOC desierto Territoriales Se comunica \u00a0a las organizaciones y entidades de inter\u00e9s p\u00fablico interesadas en participar en la elecci\u00f3n \u00a0y constituci\u00f3n del Consejo Comunal de Organizaciones de la Sociedad Civil de la comuna de Laja, COSOC, que \u00a0sus candidatos podr\u00e1n [&hellip;]\" \/>\n<meta property=\"og:url\" content=\"https:\/\/munilaja.cl\/w\/cosoc\/\" \/>\n<meta property=\"og:site_name\" content=\"Municipalidad de Laja\" \/>\n<meta property=\"article:modified_time\" content=\"2021-08-25T22:46:44+00:00\" \/>\n<meta property=\"og:image\" content=\"https:\/\/munilaja.cl\/w\/wp-content\/uploads\/2016\/06\/COSOC-1.gif\" \/>\n\t<meta property=\"og:image:width\" content=\"350\" \/>\n\t<meta property=\"og:image:height\" content=\"250\" \/>\n\t<meta property=\"og:image:type\" content=\"image\/gif\" \/>\n<meta name=\"twitter:card\" content=\"summary_large_image\" \/>\n<meta name=\"twitter:label1\" content=\"Tiempo de lectura\" \/>\n\t<meta name=\"twitter:data1\" content=\"1 minuto\" \/>\n<script type=\"application\/ld+json\" class=\"yoast-schema-graph\">{\"@context\":\"https:\/\/schema.org\",\"@graph\":[{\"@type\":\"WebPage\",\"@id\":\"https:\/\/munilaja.cl\/w\/cosoc\/\",\"url\":\"https:\/\/munilaja.cl\/w\/cosoc\/\",\"name\":\"cosoc - Municipalidad de Laja\",\"isPartOf\":{\"@id\":\"https:\/\/munilaja.cl\/w\/#website\"},\"primaryImageOfPage\":{\"@id\":\"https:\/\/munilaja.cl\/w\/cosoc\/#primaryimage\"},\"image\":{\"@id\":\"https:\/\/munilaja.cl\/w\/cosoc\/#primaryimage\"},\"thumbnailUrl\":\"https:\/\/munilaja.cl\/w\/wp-content\/uploads\/2016\/06\/COSOC-1.gif\",\"datePublished\":\"2016-06-29T20:04:41+00:00\",\"dateModified\":\"2021-08-25T22:46:44+00:00\",\"breadcrumb\":{\"@id\":\"https:\/\/munilaja.cl\/w\/cosoc\/#breadcrumb\"},\"inLanguage\":\"es\",\"potentialAction\":[{\"@type\":\"ReadAction\",\"target\":[\"https:\/\/munilaja.cl\/w\/cosoc\/\"]}]},{\"@type\":\"ImageObject\",\"inLanguage\":\"es\",\"@id\":\"https:\/\/munilaja.cl\/w\/cosoc\/#primaryimage\",\"url\":\"https:\/\/munilaja.cl\/w\/wp-content\/uploads\/2016\/06\/COSOC-1.gif\",\"contentUrl\":\"https:\/\/munilaja.cl\/w\/wp-content\/uploads\/2016\/06\/COSOC-1.gif\",\"width\":350,\"height\":250},{\"@type\":\"BreadcrumbList\",\"@id\":\"https:\/\/munilaja.cl\/w\/cosoc\/#breadcrumb\",\"itemListElement\":[{\"@type\":\"ListItem\",\"position\":1,\"name\":\"Portada\",\"item\":\"https:\/\/munilaja.cl\/w\/\"},{\"@type\":\"ListItem\",\"position\":2,\"name\":\"cosoc\"}]},{\"@type\":\"WebSite\",\"@id\":\"https:\/\/munilaja.cl\/w\/#website\",\"url\":\"https:\/\/munilaja.cl\/w\/\",\"name\":\"Municipalidad de Laja\",\"description\":\"Web Municipal\",\"publisher\":{\"@id\":\"https:\/\/munilaja.cl\/w\/#organization\"},\"potentialAction\":[{\"@type\":\"SearchAction\",\"target\":{\"@type\":\"EntryPoint\",\"urlTemplate\":\"https:\/\/munilaja.cl\/w\/?s={search_term_string}\"},\"query-input\":{\"@type\":\"PropertyValueSpecification\",\"valueRequired\":true,\"valueName\":\"search_term_string\"}}],\"inLanguage\":\"es\"},{\"@type\":\"Organization\",\"@id\":\"https:\/\/munilaja.cl\/w\/#organization\",\"name\":\"Municipalidad de Laja\",\"url\":\"https:\/\/munilaja.cl\/w\/\",\"logo\":{\"@type\":\"ImageObject\",\"inLanguage\":\"es\",\"@id\":\"https:\/\/munilaja.cl\/w\/#\/schema\/logo\/image\/\",\"url\":\"https:\/\/munilaja.cl\/w\/wp-content\/uploads\/2024\/11\/ESCUDO-LAJA-LETRAS-BLANCAS-LOGO-WEB.png\",\"contentUrl\":\"https:\/\/munilaja.cl\/w\/wp-content\/uploads\/2024\/11\/ESCUDO-LAJA-LETRAS-BLANCAS-LOGO-WEB.png\",\"width\":150,\"height\":150,\"caption\":\"Municipalidad de Laja\"},\"image\":{\"@id\":\"https:\/\/munilaja.cl\/w\/#\/schema\/logo\/image\/\"}}]}<\/script>\n<!-- \/ Yoast SEO plugin. -->","yoast_head_json":{"title":"cosoc - Municipalidad de Laja","robots":{"index":"index","follow":"follow","max-snippet":"max-snippet:-1","max-image-preview":"max-image-preview:large","max-video-preview":"max-video-preview:-1"},"canonical":"https:\/\/munilaja.cl\/w\/cosoc\/","og_locale":"es_ES","og_type":"article","og_title":"cosoc - Municipalidad de Laja","og_description":"Actas del proceso de selecci\u00f3n del COSOC 2016. Acta eleccion COSOC desierto Funcionales Acta eleccion COSOC desierto Territoriales Se comunica \u00a0a las organizaciones y entidades de inter\u00e9s p\u00fablico interesadas en participar en la elecci\u00f3n \u00a0y constituci\u00f3n del Consejo Comunal de Organizaciones de la Sociedad Civil de la comuna de Laja, COSOC, que \u00a0sus candidatos podr\u00e1n [&hellip;]","og_url":"https:\/\/munilaja.cl\/w\/cosoc\/","og_site_name":"Municipalidad de Laja","article_modified_time":"2021-08-25T22:46:44+00:00","og_image":[{"width":350,"height":250,"url":"https:\/\/munilaja.cl\/w\/wp-content\/uploads\/2016\/06\/COSOC-1.gif","type":"image\/gif"}],"twitter_card":"summary_large_image","twitter_misc":{"Tiempo de lectura":"1 minuto"},"schema":{"@context":"https:\/\/schema.org","@graph":[{"@type":"WebPage","@id":"https:\/\/munilaja.cl\/w\/cosoc\/","url":"https:\/\/munilaja.cl\/w\/cosoc\/","name":"cosoc - Municipalidad de Laja","isPartOf":{"@id":"https:\/\/munilaja.cl\/w\/#website"},"primaryImageOfPage":{"@id":"https:\/\/munilaja.cl\/w\/cosoc\/#primaryimage"},"image":{"@id":"https:\/\/munilaja.cl\/w\/cosoc\/#primaryimage"},"thumbnailUrl":"https:\/\/munilaja.cl\/w\/wp-content\/uploads\/2016\/06\/COSOC-1.gif","datePublished":"2016-06-29T20:04:41+00:00","dateModified":"2021-08-25T22:46:44+00:00","breadcrumb":{"@id":"https:\/\/munilaja.cl\/w\/cosoc\/#breadcrumb"},"inLanguage":"es","potentialAction":[{"@type":"ReadAction","target":["https:\/\/munilaja.cl\/w\/cosoc\/"]}]},{"@type":"ImageObject","inLanguage":"es","@id":"https:\/\/munilaja.cl\/w\/cosoc\/#primaryimage","url":"https:\/\/munilaja.cl\/w\/wp-content\/uploads\/2016\/06\/COSOC-1.gif","contentUrl":"https:\/\/munilaja.cl\/w\/wp-content\/uploads\/2016\/06\/COSOC-1.gif","width":350,"height":250},{"@type":"BreadcrumbList","@id":"https:\/\/munilaja.cl\/w\/cosoc\/#breadcrumb","itemListElement":[{"@type":"ListItem","position":1,"name":"Portada","item":"https:\/\/munilaja.cl\/w\/"},{"@type":"ListItem","position":2,"name":"cosoc"}]},{"@type":"WebSite","@id":"https:\/\/munilaja.cl\/w\/#website","url":"https:\/\/munilaja.cl\/w\/","name":"Municipalidad de Laja","description":"Web Municipal","publisher":{"@id":"https:\/\/munilaja.cl\/w\/#organization"},"potentialAction":[{"@type":"SearchAction","target":{"@type":"EntryPoint","urlTemplate":"https:\/\/munilaja.cl\/w\/?s={search_term_string}"},"query-input":{"@type":"PropertyValueSpecification","valueRequired":true,"valueName":"search_term_string"}}],"inLanguage":"es"},{"@type":"Organization","@id":"https:\/\/munilaja.cl\/w\/#organization","name":"Municipalidad de Laja","url":"https:\/\/munilaja.cl\/w\/","logo":{"@type":"ImageObject","inLanguage":"es","@id":"https:\/\/munilaja.cl\/w\/#\/schema\/logo\/image\/","url":"https:\/\/munilaja.cl\/w\/wp-content\/uploads\/2024\/11\/ESCUDO-LAJA-LETRAS-BLANCAS-LOGO-WEB.png","contentUrl":"https:\/\/munilaja.cl\/w\/wp-content\/uploads\/2024\/11\/ESCUDO-LAJA-LETRAS-BLANCAS-LOGO-WEB.png","width":150,"height":150,"caption":"Municipalidad de Laja"},"image":{"@id":"https:\/\/munilaja.cl\/w\/#\/schema\/logo\/image\/"}}]}},"_links":{"self":[{"href":"https:\/\/munilaja.cl\/w\/wp-json\/wp\/v2\/pages\/31140"}],"collection":[{"href":"https:\/\/munilaja.cl\/w\/wp-json\/wp\/v2\/pages"}],"about":[{"href":"https:\/\/munilaja.cl\/w\/wp-json\/wp\/v2\/types\/page"}],"author":[{"embeddable":true,"href":"https:\/\/munilaja.cl\/w\/wp-json\/wp\/v2\/users\/11"}],"replies":[{"embeddable":true,"href":"https:\/\/munilaja.cl\/w\/wp-json\/wp\/v2\/comments?post=31140"}],"version-history":[{"count":1,"href":"https:\/\/munilaja.cl\/w\/wp-json\/wp\/v2\/pages\/31140\/revisions"}],"predecessor-version":[{"id":56197,"href":"https:\/\/munilaja.cl\/w\/wp-json\/wp\/v2\/pages\/31140\/revisions\/56197"}],"wp:featuredmedia":[{"embeddable":true,"href":"https:\/\/munilaja.cl\/w\/wp-json\/wp\/v2\/media\/31162"}],"wp:attachment":[{"href":"https:\/\/munilaja.cl\/w\/wp-json\/wp\/v2\/media?parent=31140"}],"curies":[{"name":"wp","href":"https:\/\/api.w.org\/{rel}","templated":true}]}}