{"id":2389,"date":"2013-07-17T20:30:57","date_gmt":"2013-07-17T20:30:57","guid":{"rendered":"http:\/\/munilaja.cl\/w\/?page_id=2389"},"modified":"2021-08-25T22:48:29","modified_gmt":"2021-08-25T22:48:29","slug":"municipio-lajino-y-empresa-demarco-realizan-limpieza-de-basuras-en-diferentes-sectores","status":"publish","type":"page","link":"https:\/\/munilaja.cl\/w\/municipio-lajino-y-empresa-demarco-realizan-limpieza-de-basuras-en-diferentes-sectores\/","title":{"rendered":"MUNICIPIO LAJINO Y EMPRESA DEMARCO REALIZAN LIMPIEZA DE BASURAS  EN DIFERENTES SECTORES"},"content":{"rendered":"<p style=\"text-align: justify;\">La Municipalidad Lajina, a trav\u00e9s de la empresa Demarco, que est\u00e1 a cargo del retiro de los residuos<!--more--> domiciliarios y el aseo en las calles de la comuna, informa del trabajo permanente por eliminar los basurales clandestinos que se forman en diferentes sectores de Laja, los cuales son creados por vecinos irresponsables con el medio ambiente, quienes no utilizan las disposiciones y recolecci\u00f3n normadas para eliminar de debida forma sus basuras.<\/p>\n<p style=\"text-align: justify;\">As\u00ed, en los \u00faltimos d\u00edas se realizaron limpiezas en los sectores de las Playas el 10 de julio y en calle Carrera el 12 de este mismo mes.<\/p>\n<p style=\"text-align: justify;\">Estos operativos se est\u00e1n realizando en diferentes sectores peri\u00f3dicamente, como una forma de mantener la limpieza \u00a0de los barrios y \u00e1reas p\u00fablicas, y se suma a esto la recolecci\u00f3n de residuos voluminosos que mensualmente se efect\u00faa en poblaciones y barrios, donde los vecinos pueden eliminar todos aquellos art\u00edculos en desuso de los hogares, como electrodom\u00e9sticos, muebles, cartones, papeles, fierros, bater\u00edas y otros que no sean escombros.<\/p>\n<p style=\"text-align: justify;\">El aseo de la ciudad es responsabilidad de todos y se\u00a0 requiere de la comunidad lajina una mayor responsabilidad y compromiso m\u00e1s all\u00e1 de los operativos de este tipo que la empresa Demarco realiza.\u00a0 As\u00ed podremos vivir en un entorno limpio y agradable.<\/p>\n<p style=\"text-align: justify;\"><strong>CLICK EN L AS IM\u00c1GENES.<\/strong><\/p>\n<div id='gallery-1' class='gallery galleryid-2389 gallery-columns-6 gallery-size-thumbnail'><figure class='gallery-item'>\n\t\t\t<div class='gallery-icon landscape'>\n\t\t\t\t<a href='https:\/\/munilaja.cl\/w\/municipio-lajino-y-empresa-demarco-realizan-limpieza-de-basuras-en-diferentes-sectores\/demarco0851\/'><img decoding=\"async\" width=\"150\" height=\"150\" src=\"https:\/\/munilaja.cl\/w\/wp-content\/uploads\/2013\/07\/Demarco0851-150x150.jpg\" class=\"attachment-thumbnail size-thumbnail\" alt=\"\" \/><\/a>\n\t\t\t<\/div><\/figure><figure class='gallery-item'>\n\t\t\t<div class='gallery-icon landscape'>\n\t\t\t\t<a href='https:\/\/munilaja.cl\/w\/municipio-lajino-y-empresa-demarco-realizan-limpieza-de-basuras-en-diferentes-sectores\/demarco0852\/'><img decoding=\"async\" width=\"150\" height=\"150\" src=\"https:\/\/munilaja.cl\/w\/wp-content\/uploads\/2013\/07\/Demarco0852-150x150.jpg\" class=\"attachment-thumbnail size-thumbnail\" alt=\"\" \/><\/a>\n\t\t\t<\/div><\/figure><figure class='gallery-item'>\n\t\t\t<div class='gallery-icon landscape'>\n\t\t\t\t<a href='https:\/\/munilaja.cl\/w\/municipio-lajino-y-empresa-demarco-realizan-limpieza-de-basuras-en-diferentes-sectores\/demarco0853\/'><img decoding=\"async\" width=\"150\" height=\"150\" src=\"https:\/\/munilaja.cl\/w\/wp-content\/uploads\/2013\/07\/Demarco0853-150x150.jpg\" class=\"attachment-thumbnail size-thumbnail\" alt=\"\" \/><\/a>\n\t\t\t<\/div><\/figure><figure class='gallery-item'>\n\t\t\t<div class='gallery-icon landscape'>\n\t\t\t\t<a href='https:\/\/munilaja.cl\/w\/municipio-lajino-y-empresa-demarco-realizan-limpieza-de-basuras-en-diferentes-sectores\/demarco0854\/'><img loading=\"lazy\" decoding=\"async\" width=\"150\" height=\"150\" src=\"https:\/\/munilaja.cl\/w\/wp-content\/uploads\/2013\/07\/Demarco0854-150x150.jpg\" class=\"attachment-thumbnail size-thumbnail\" alt=\"\" \/><\/a>\n\t\t\t<\/div><\/figure><figure class='gallery-item'>\n\t\t\t<div class='gallery-icon landscape'>\n\t\t\t\t<a href='https:\/\/munilaja.cl\/w\/municipio-lajino-y-empresa-demarco-realizan-limpieza-de-basuras-en-diferentes-sectores\/demarco0855\/'><img loading=\"lazy\" decoding=\"async\" width=\"150\" height=\"150\" src=\"https:\/\/munilaja.cl\/w\/wp-content\/uploads\/2013\/07\/Demarco0855-150x150.jpg\" class=\"attachment-thumbnail size-thumbnail\" alt=\"\" \/><\/a>\n\t\t\t<\/div><\/figure><figure class='gallery-item'>\n\t\t\t<div class='gallery-icon landscape'>\n\t\t\t\t<a href='https:\/\/munilaja.cl\/w\/municipio-lajino-y-empresa-demarco-realizan-limpieza-de-basuras-en-diferentes-sectores\/demarco0856\/'><img loading=\"lazy\" decoding=\"async\" width=\"150\" height=\"150\" src=\"https:\/\/munilaja.cl\/w\/wp-content\/uploads\/2013\/07\/Demarco0856-150x150.jpg\" class=\"attachment-thumbnail size-thumbnail\" alt=\"\" \/><\/a>\n\t\t\t<\/div><\/figure><figure class='gallery-item'>\n\t\t\t<div class='gallery-icon landscape'>\n\t\t\t\t<a href='https:\/\/munilaja.cl\/w\/municipio-lajino-y-empresa-demarco-realizan-limpieza-de-basuras-en-diferentes-sectores\/demarco0857\/'><img loading=\"lazy\" decoding=\"async\" width=\"150\" height=\"150\" src=\"https:\/\/munilaja.cl\/w\/wp-content\/uploads\/2013\/07\/Demarco0857-150x150.jpg\" class=\"attachment-thumbnail size-thumbnail\" alt=\"\" \/><\/a>\n\t\t\t<\/div><\/figure><figure class='gallery-item'>\n\t\t\t<div class='gallery-icon landscape'>\n\t\t\t\t<a href='https:\/\/munilaja.cl\/w\/municipio-lajino-y-empresa-demarco-realizan-limpieza-de-basuras-en-diferentes-sectores\/demarco0858\/'><img loading=\"lazy\" decoding=\"async\" width=\"150\" height=\"150\" src=\"https:\/\/munilaja.cl\/w\/wp-content\/uploads\/2013\/07\/Demarco0858-150x150.jpg\" class=\"attachment-thumbnail size-thumbnail\" alt=\"\" \/><\/a>\n\t\t\t<\/div><\/figure><figure class='gallery-item'>\n\t\t\t<div class='gallery-icon landscape'>\n\t\t\t\t<a href='https:\/\/munilaja.cl\/w\/municipio-lajino-y-empresa-demarco-realizan-limpieza-de-basuras-en-diferentes-sectores\/demarco0859\/'><img loading=\"lazy\" decoding=\"async\" width=\"150\" height=\"150\" src=\"https:\/\/munilaja.cl\/w\/wp-content\/uploads\/2013\/07\/Demarco0859-150x150.jpg\" class=\"attachment-thumbnail size-thumbnail\" alt=\"\" \/><\/a>\n\t\t\t<\/div><\/figure><figure class='gallery-item'>\n\t\t\t<div class='gallery-icon landscape'>\n\t\t\t\t<a href='https:\/\/munilaja.cl\/w\/municipio-lajino-y-empresa-demarco-realizan-limpieza-de-basuras-en-diferentes-sectores\/demarco0860\/'><img loading=\"lazy\" decoding=\"async\" width=\"150\" height=\"150\" src=\"https:\/\/munilaja.cl\/w\/wp-content\/uploads\/2013\/07\/Demarco0860-150x150.jpg\" class=\"attachment-thumbnail size-thumbnail\" alt=\"\" \/><\/a>\n\t\t\t<\/div><\/figure><figure class='gallery-item'>\n\t\t\t<div class='gallery-icon landscape'>\n\t\t\t\t<a href='https:\/\/munilaja.cl\/w\/municipio-lajino-y-empresa-demarco-realizan-limpieza-de-basuras-en-diferentes-sectores\/demarco0861\/'><img loading=\"lazy\" decoding=\"async\" width=\"150\" height=\"150\" src=\"https:\/\/munilaja.cl\/w\/wp-content\/uploads\/2013\/07\/Demarco0861-150x150.jpg\" class=\"attachment-thumbnail size-thumbnail\" alt=\"\" \/><\/a>\n\t\t\t<\/div><\/figure><figure class='gallery-item'>\n\t\t\t<div class='gallery-icon landscape'>\n\t\t\t\t<a href='https:\/\/munilaja.cl\/w\/municipio-lajino-y-empresa-demarco-realizan-limpieza-de-basuras-en-diferentes-sectores\/demarco0862\/'><img loading=\"lazy\" decoding=\"async\" width=\"150\" height=\"150\" src=\"https:\/\/munilaja.cl\/w\/wp-content\/uploads\/2013\/07\/Demarco0862-150x150.jpg\" class=\"attachment-thumbnail size-thumbnail\" alt=\"\" \/><\/a>\n\t\t\t<\/div><\/figure>\n\t\t<\/div>\n\n","protected":false},"excerpt":{"rendered":"<p>La Municipalidad Lajina, a trav\u00e9s de la empresa Demarco, que est\u00e1 a cargo del retiro de los residuos<\/p>\n","protected":false},"author":11,"featured_media":2390,"parent":0,"menu_order":0,"comment_status":"closed","ping_status":"open","template":"","meta":{"zakra_sidebar_layout":"customizer","zakra_remove_content_margin":false,"zakra_sidebar":"customizer","zakra_transparent_header":"customizer","zakra_logo":0,"zakra_main_header_style":"default","zakra_menu_item_color":"","zakra_menu_item_hover_color":"","zakra_menu_item_active_color":"","zakra_menu_active_style":"zakra_menu_active_style","zakra_page_header":true,"footnotes":""},"class_list":["post-2389","page","type-page","status-publish","has-post-thumbnail","hentry"],"yoast_head":"<!-- This site is optimized with the Yoast SEO plugin v24.0 - https:\/\/yoast.com\/wordpress\/plugins\/seo\/ -->\n<title>MUNICIPIO LAJINO Y EMPRESA DEMARCO REALIZAN LIMPIEZA DE BASURAS EN DIFERENTES SECTORES - Municipalidad de Laja<\/title>\n<meta name=\"robots\" content=\"index, follow, max-snippet:-1, max-image-preview:large, max-video-preview:-1\" \/>\n<link rel=\"canonical\" href=\"https:\/\/munilaja.cl\/w\/municipio-lajino-y-empresa-demarco-realizan-limpieza-de-basuras-en-diferentes-sectores\/\" \/>\n<meta property=\"og:locale\" content=\"es_ES\" \/>\n<meta property=\"og:type\" content=\"article\" \/>\n<meta property=\"og:title\" content=\"MUNICIPIO LAJINO Y EMPRESA DEMARCO REALIZAN LIMPIEZA DE BASURAS EN DIFERENTES SECTORES - Municipalidad de Laja\" \/>\n<meta property=\"og:description\" content=\"La Municipalidad Lajina, a trav\u00e9s de la empresa Demarco, que est\u00e1 a cargo del retiro de los residuos\" \/>\n<meta property=\"og:url\" content=\"https:\/\/munilaja.cl\/w\/municipio-lajino-y-empresa-demarco-realizan-limpieza-de-basuras-en-diferentes-sectores\/\" \/>\n<meta property=\"og:site_name\" content=\"Municipalidad de Laja\" \/>\n<meta property=\"article:modified_time\" content=\"2021-08-25T22:48:29+00:00\" \/>\n<meta property=\"og:image\" content=\"https:\/\/munilaja.cl\/w\/wp-content\/uploads\/2013\/07\/NOTICIA-OPERATIVO-LIMPIENZA-17-JULIO.jpg\" \/>\n\t<meta property=\"og:image:width\" content=\"615\" \/>\n\t<meta property=\"og:image:height\" content=\"300\" \/>\n\t<meta property=\"og:image:type\" content=\"image\/jpeg\" \/>\n<meta name=\"twitter:card\" content=\"summary_large_image\" \/>\n<meta name=\"twitter:label1\" content=\"Tiempo de lectura\" \/>\n\t<meta name=\"twitter:data1\" content=\"1 minuto\" \/>\n<script type=\"application\/ld+json\" class=\"yoast-schema-graph\">{\"@context\":\"https:\/\/schema.org\",\"@graph\":[{\"@type\":\"WebPage\",\"@id\":\"https:\/\/munilaja.cl\/w\/municipio-lajino-y-empresa-demarco-realizan-limpieza-de-basuras-en-diferentes-sectores\/\",\"url\":\"https:\/\/munilaja.cl\/w\/municipio-lajino-y-empresa-demarco-realizan-limpieza-de-basuras-en-diferentes-sectores\/\",\"name\":\"MUNICIPIO LAJINO Y EMPRESA DEMARCO REALIZAN LIMPIEZA DE BASURAS EN DIFERENTES SECTORES - Municipalidad de Laja\",\"isPartOf\":{\"@id\":\"https:\/\/munilaja.cl\/w\/#website\"},\"primaryImageOfPage\":{\"@id\":\"https:\/\/munilaja.cl\/w\/municipio-lajino-y-empresa-demarco-realizan-limpieza-de-basuras-en-diferentes-sectores\/#primaryimage\"},\"image\":{\"@id\":\"https:\/\/munilaja.cl\/w\/municipio-lajino-y-empresa-demarco-realizan-limpieza-de-basuras-en-diferentes-sectores\/#primaryimage\"},\"thumbnailUrl\":\"https:\/\/munilaja.cl\/w\/wp-content\/uploads\/2013\/07\/NOTICIA-OPERATIVO-LIMPIENZA-17-JULIO.jpg\",\"datePublished\":\"2013-07-17T20:30:57+00:00\",\"dateModified\":\"2021-08-25T22:48:29+00:00\",\"breadcrumb\":{\"@id\":\"https:\/\/munilaja.cl\/w\/municipio-lajino-y-empresa-demarco-realizan-limpieza-de-basuras-en-diferentes-sectores\/#breadcrumb\"},\"inLanguage\":\"es\",\"potentialAction\":[{\"@type\":\"ReadAction\",\"target\":[\"https:\/\/munilaja.cl\/w\/municipio-lajino-y-empresa-demarco-realizan-limpieza-de-basuras-en-diferentes-sectores\/\"]}]},{\"@type\":\"ImageObject\",\"inLanguage\":\"es\",\"@id\":\"https:\/\/munilaja.cl\/w\/municipio-lajino-y-empresa-demarco-realizan-limpieza-de-basuras-en-diferentes-sectores\/#primaryimage\",\"url\":\"https:\/\/munilaja.cl\/w\/wp-content\/uploads\/2013\/07\/NOTICIA-OPERATIVO-LIMPIENZA-17-JULIO.jpg\",\"contentUrl\":\"https:\/\/munilaja.cl\/w\/wp-content\/uploads\/2013\/07\/NOTICIA-OPERATIVO-LIMPIENZA-17-JULIO.jpg\",\"width\":615,\"height\":300},{\"@type\":\"BreadcrumbList\",\"@id\":\"https:\/\/munilaja.cl\/w\/municipio-lajino-y-empresa-demarco-realizan-limpieza-de-basuras-en-diferentes-sectores\/#breadcrumb\",\"itemListElement\":[{\"@type\":\"ListItem\",\"position\":1,\"name\":\"Portada\",\"item\":\"https:\/\/munilaja.cl\/w\/\"},{\"@type\":\"ListItem\",\"position\":2,\"name\":\"MUNICIPIO LAJINO Y EMPRESA DEMARCO REALIZAN LIMPIEZA DE BASURAS EN DIFERENTES SECTORES\"}]},{\"@type\":\"WebSite\",\"@id\":\"https:\/\/munilaja.cl\/w\/#website\",\"url\":\"https:\/\/munilaja.cl\/w\/\",\"name\":\"Municipalidad de Laja\",\"description\":\"Web Municipal\",\"publisher\":{\"@id\":\"https:\/\/munilaja.cl\/w\/#organization\"},\"potentialAction\":[{\"@type\":\"SearchAction\",\"target\":{\"@type\":\"EntryPoint\",\"urlTemplate\":\"https:\/\/munilaja.cl\/w\/?s={search_term_string}\"},\"query-input\":{\"@type\":\"PropertyValueSpecification\",\"valueRequired\":true,\"valueName\":\"search_term_string\"}}],\"inLanguage\":\"es\"},{\"@type\":\"Organization\",\"@id\":\"https:\/\/munilaja.cl\/w\/#organization\",\"name\":\"Municipalidad de Laja\",\"url\":\"https:\/\/munilaja.cl\/w\/\",\"logo\":{\"@type\":\"ImageObject\",\"inLanguage\":\"es\",\"@id\":\"https:\/\/munilaja.cl\/w\/#\/schema\/logo\/image\/\",\"url\":\"https:\/\/munilaja.cl\/w\/wp-content\/uploads\/2024\/11\/ESCUDO-LAJA-LETRAS-BLANCAS-LOGO-WEB.png\",\"contentUrl\":\"https:\/\/munilaja.cl\/w\/wp-content\/uploads\/2024\/11\/ESCUDO-LAJA-LETRAS-BLANCAS-LOGO-WEB.png\",\"width\":150,\"height\":150,\"caption\":\"Municipalidad de Laja\"},\"image\":{\"@id\":\"https:\/\/munilaja.cl\/w\/#\/schema\/logo\/image\/\"}}]}<\/script>\n<!-- \/ Yoast SEO plugin. -->","yoast_head_json":{"title":"MUNICIPIO LAJINO Y EMPRESA DEMARCO REALIZAN LIMPIEZA DE BASURAS EN DIFERENTES SECTORES - Municipalidad de Laja","robots":{"index":"index","follow":"follow","max-snippet":"max-snippet:-1","max-image-preview":"max-image-preview:large","max-video-preview":"max-video-preview:-1"},"canonical":"https:\/\/munilaja.cl\/w\/municipio-lajino-y-empresa-demarco-realizan-limpieza-de-basuras-en-diferentes-sectores\/","og_locale":"es_ES","og_type":"article","og_title":"MUNICIPIO LAJINO Y EMPRESA DEMARCO REALIZAN LIMPIEZA DE BASURAS EN DIFERENTES SECTORES - Municipalidad de Laja","og_description":"La Municipalidad Lajina, a trav\u00e9s de la empresa Demarco, que est\u00e1 a cargo del retiro de los residuos","og_url":"https:\/\/munilaja.cl\/w\/municipio-lajino-y-empresa-demarco-realizan-limpieza-de-basuras-en-diferentes-sectores\/","og_site_name":"Municipalidad de Laja","article_modified_time":"2021-08-25T22:48:29+00:00","og_image":[{"width":615,"height":300,"url":"https:\/\/munilaja.cl\/w\/wp-content\/uploads\/2013\/07\/NOTICIA-OPERATIVO-LIMPIENZA-17-JULIO.jpg","type":"image\/jpeg"}],"twitter_card":"summary_large_image","twitter_misc":{"Tiempo de lectura":"1 minuto"},"schema":{"@context":"https:\/\/schema.org","@graph":[{"@type":"WebPage","@id":"https:\/\/munilaja.cl\/w\/municipio-lajino-y-empresa-demarco-realizan-limpieza-de-basuras-en-diferentes-sectores\/","url":"https:\/\/munilaja.cl\/w\/municipio-lajino-y-empresa-demarco-realizan-limpieza-de-basuras-en-diferentes-sectores\/","name":"MUNICIPIO LAJINO Y EMPRESA DEMARCO REALIZAN LIMPIEZA DE BASURAS EN DIFERENTES SECTORES - Municipalidad de Laja","isPartOf":{"@id":"https:\/\/munilaja.cl\/w\/#website"},"primaryImageOfPage":{"@id":"https:\/\/munilaja.cl\/w\/municipio-lajino-y-empresa-demarco-realizan-limpieza-de-basuras-en-diferentes-sectores\/#primaryimage"},"image":{"@id":"https:\/\/munilaja.cl\/w\/municipio-lajino-y-empresa-demarco-realizan-limpieza-de-basuras-en-diferentes-sectores\/#primaryimage"},"thumbnailUrl":"https:\/\/munilaja.cl\/w\/wp-content\/uploads\/2013\/07\/NOTICIA-OPERATIVO-LIMPIENZA-17-JULIO.jpg","datePublished":"2013-07-17T20:30:57+00:00","dateModified":"2021-08-25T22:48:29+00:00","breadcrumb":{"@id":"https:\/\/munilaja.cl\/w\/municipio-lajino-y-empresa-demarco-realizan-limpieza-de-basuras-en-diferentes-sectores\/#breadcrumb"},"inLanguage":"es","potentialAction":[{"@type":"ReadAction","target":["https:\/\/munilaja.cl\/w\/municipio-lajino-y-empresa-demarco-realizan-limpieza-de-basuras-en-diferentes-sectores\/"]}]},{"@type":"ImageObject","inLanguage":"es","@id":"https:\/\/munilaja.cl\/w\/municipio-lajino-y-empresa-demarco-realizan-limpieza-de-basuras-en-diferentes-sectores\/#primaryimage","url":"https:\/\/munilaja.cl\/w\/wp-content\/uploads\/2013\/07\/NOTICIA-OPERATIVO-LIMPIENZA-17-JULIO.jpg","contentUrl":"https:\/\/munilaja.cl\/w\/wp-content\/uploads\/2013\/07\/NOTICIA-OPERATIVO-LIMPIENZA-17-JULIO.jpg","width":615,"height":300},{"@type":"BreadcrumbList","@id":"https:\/\/munilaja.cl\/w\/municipio-lajino-y-empresa-demarco-realizan-limpieza-de-basuras-en-diferentes-sectores\/#breadcrumb","itemListElement":[{"@type":"ListItem","position":1,"name":"Portada","item":"https:\/\/munilaja.cl\/w\/"},{"@type":"ListItem","position":2,"name":"MUNICIPIO LAJINO Y EMPRESA DEMARCO REALIZAN LIMPIEZA DE BASURAS EN DIFERENTES SECTORES"}]},{"@type":"WebSite","@id":"https:\/\/munilaja.cl\/w\/#website","url":"https:\/\/munilaja.cl\/w\/","name":"Municipalidad de Laja","description":"Web Municipal","publisher":{"@id":"https:\/\/munilaja.cl\/w\/#organization"},"potentialAction":[{"@type":"SearchAction","target":{"@type":"EntryPoint","urlTemplate":"https:\/\/munilaja.cl\/w\/?s={search_term_string}"},"query-input":{"@type":"PropertyValueSpecification","valueRequired":true,"valueName":"search_term_string"}}],"inLanguage":"es"},{"@type":"Organization","@id":"https:\/\/munilaja.cl\/w\/#organization","name":"Municipalidad de Laja","url":"https:\/\/munilaja.cl\/w\/","logo":{"@type":"ImageObject","inLanguage":"es","@id":"https:\/\/munilaja.cl\/w\/#\/schema\/logo\/image\/","url":"https:\/\/munilaja.cl\/w\/wp-content\/uploads\/2024\/11\/ESCUDO-LAJA-LETRAS-BLANCAS-LOGO-WEB.png","contentUrl":"https:\/\/munilaja.cl\/w\/wp-content\/uploads\/2024\/11\/ESCUDO-LAJA-LETRAS-BLANCAS-LOGO-WEB.png","width":150,"height":150,"caption":"Municipalidad de Laja"},"image":{"@id":"https:\/\/munilaja.cl\/w\/#\/schema\/logo\/image\/"}}]}},"_links":{"self":[{"href":"https:\/\/munilaja.cl\/w\/wp-json\/wp\/v2\/pages\/2389"}],"collection":[{"href":"https:\/\/munilaja.cl\/w\/wp-json\/wp\/v2\/pages"}],"about":[{"href":"https:\/\/munilaja.cl\/w\/wp-json\/wp\/v2\/types\/page"}],"author":[{"embeddable":true,"href":"https:\/\/munilaja.cl\/w\/wp-json\/wp\/v2\/users\/11"}],"replies":[{"embeddable":true,"href":"https:\/\/munilaja.cl\/w\/wp-json\/wp\/v2\/comments?post=2389"}],"version-history":[{"count":1,"href":"https:\/\/munilaja.cl\/w\/wp-json\/wp\/v2\/pages\/2389\/revisions"}],"predecessor-version":[{"id":56231,"href":"https:\/\/munilaja.cl\/w\/wp-json\/wp\/v2\/pages\/2389\/revisions\/56231"}],"wp:featuredmedia":[{"embeddable":true,"href":"https:\/\/munilaja.cl\/w\/wp-json\/wp\/v2\/media\/2390"}],"wp:attachment":[{"href":"https:\/\/munilaja.cl\/w\/wp-json\/wp\/v2\/media?parent=2389"}],"curies":[{"name":"wp","href":"https:\/\/api.w.org\/{rel}","templated":true}]}}