{"id":16657,"date":"2014-12-11T11:25:04","date_gmt":"2014-12-11T11:25:04","guid":{"rendered":"http:\/\/munilaja.cl\/w\/?page_id=16657"},"modified":"2021-08-25T22:48:29","modified_gmt":"2021-08-25T22:48:29","slug":"direccion-de-control","status":"publish","type":"page","link":"https:\/\/munilaja.cl\/w\/municipio\/direccion-de-control\/","title":{"rendered":"Direcci\u00f3n de Control"},"content":{"rendered":"<p style=\"text-align: justify;\"><em>A la unidad encargada del control le corresponder\u00e1n las siguientes funciones:<\/em><\/p>\n<p style=\"text-align: justify;\"><em>\u00a0<\/em><\/p>\n<ol style=\"text-align: justify;\">\n<li><em>Realizar la auditor\u00eda operativa interna de la municipalidad, con el objeto de fiscalizar la legalidad de su actuaci\u00f3n.<\/em><\/li>\n<li><em>Controlar la ejecuci\u00f3n financiera y presupuestaria municipal.<\/em><\/li>\n<li><em>Representar al alcalde los actos municipales que estime ilegales, informando de ello al concejo, para cuyo objeto tendr\u00e1 acceso a la informaci\u00f3n disponible.<\/em><\/li>\n<li><em>Colaborar directamente con el concejo para el ejercicio de sus funciones fiscalizadoras. Para estos efectos, emitir\u00e1 un informe trimestral acerca del estado de avance del ejercicio program\u00e1tico presupuestario; asimismo, deber\u00e1 informar, tambi\u00e9n trimestralmente, sobre el estado de cumplimiento de los pagos por concepto de cotizaciones previsionales de los funcionarios municipales y de los trabajadores que se desempe\u00f1an en servicios incorporados a la gesti\u00f3n municipal, administrados directamente por la municipalidad o a trav\u00e9s de corporaciones municipales, y de los aportes que la municipalidad debe efectuar al Fondo Com\u00fan municipal. En todo caso, deber\u00e1 dar respuesta por escrito a las consultas o peticiones de informes que le formule un concejal.<\/em><\/li>\n<li><em>Asesorar al concejo en la definici\u00f3n y evaluaci\u00f3n de la auditor\u00eda externa que aqu\u00e9l puede requerir en virtud de esta ley.<\/em><\/li>\n<\/ol>\n<p style=\"text-align: justify;\"><em>La jefatura de esta unidad se proveer\u00e1 mediante concurso de oposici\u00f3n y antecedentes. Las bases del concurso y el nombramiento del funcionario que desempe\u00f1e esta jefatura requerir\u00e1n de la aprobaci\u00f3n del concejo. A dicho cargo podr\u00e1n postular personas que est\u00e9n en posesi\u00f3n de un t\u00edtulo profesional o t\u00e9cnico acorde con la funci\u00f3n. El jefe de esta unidad s\u00f3lo podr\u00e1 ser removido en virtud de las causales que cese de funciones aplicables a los funcionarios municipales, previa instrucci\u00f3n del respectivo sumario.<\/em><\/p>\n<p style=\"text-align: justify; padding-left: 30px;\"><strong>Directora de Control<\/strong><\/p>\n<p style=\"text-align: justify; padding-left: 30px;\"><strong>Olga Silva Pacheco<\/strong><\/p>\n<p style=\"text-align: justify; padding-left: 30px;\"><strong>Mail: <span style=\"color: #800000;\"><a style=\"color: #800000;\" href=\"mailto:control@munilaja.cl\">control@munilaja.cl<\/a><\/span><\/strong><\/p>\n<p style=\"text-align: justify; padding-left: 30px;\"><span style=\"color: #800000;\"><strong>Contacto<\/strong><\/span><\/p>\n<p style=\"text-align: justify; padding-left: 30px;\"><strong>Fono: 043 2524 650<\/strong><\/p>\n<p style=\"text-align: justify; padding-left: 30px;\"><strong>Balmaceda N\u00ba 292, Segundo piso.<\/strong><\/p>\n","protected":false},"excerpt":{"rendered":"<p>A la unidad encargada del control le corresponder\u00e1n las siguientes funciones: \u00a0 Realizar la auditor\u00eda operativa interna de la municipalidad, con el objeto de fiscalizar la legalidad de su actuaci\u00f3n. Controlar la ejecuci\u00f3n financiera y presupuestaria municipal. Representar al alcalde los actos municipales que estime ilegales, informando de ello al concejo, para cuyo objeto tendr\u00e1 [&hellip;]<\/p>\n","protected":false},"author":11,"featured_media":0,"parent":8,"menu_order":0,"comment_status":"closed","ping_status":"open","template":"","meta":{"zakra_sidebar_layout":"customizer","zakra_remove_content_margin":false,"zakra_sidebar":"customizer","zakra_transparent_header":"customizer","zakra_logo":0,"zakra_main_header_style":"default","zakra_menu_item_color":"","zakra_menu_item_hover_color":"","zakra_menu_item_active_color":"","zakra_menu_active_style":"zakra_menu_active_style","zakra_page_header":true,"footnotes":""},"class_list":["post-16657","page","type-page","status-publish","hentry"],"yoast_head":"<!-- This site is optimized with the Yoast SEO plugin v24.0 - https:\/\/yoast.com\/wordpress\/plugins\/seo\/ -->\n<title>Direcci\u00f3n de Control - Municipalidad de Laja<\/title>\n<meta name=\"robots\" content=\"index, follow, max-snippet:-1, max-image-preview:large, max-video-preview:-1\" \/>\n<link rel=\"canonical\" href=\"https:\/\/munilaja.cl\/w\/municipio\/direccion-de-control\/\" \/>\n<meta property=\"og:locale\" content=\"es_ES\" \/>\n<meta property=\"og:type\" content=\"article\" \/>\n<meta property=\"og:title\" content=\"Direcci\u00f3n de Control - Municipalidad de Laja\" \/>\n<meta property=\"og:description\" content=\"A la unidad encargada del control le corresponder\u00e1n las siguientes funciones: \u00a0 Realizar la auditor\u00eda operativa interna de la municipalidad, con el objeto de fiscalizar la legalidad de su actuaci\u00f3n. Controlar la ejecuci\u00f3n financiera y presupuestaria municipal. Representar al alcalde los actos municipales que estime ilegales, informando de ello al concejo, para cuyo objeto tendr\u00e1 [&hellip;]\" \/>\n<meta property=\"og:url\" content=\"https:\/\/munilaja.cl\/w\/municipio\/direccion-de-control\/\" \/>\n<meta property=\"og:site_name\" content=\"Municipalidad de Laja\" \/>\n<meta property=\"article:modified_time\" content=\"2021-08-25T22:48:29+00:00\" \/>\n<meta name=\"twitter:card\" content=\"summary_large_image\" \/>\n<meta name=\"twitter:label1\" content=\"Tiempo de lectura\" \/>\n\t<meta name=\"twitter:data1\" content=\"2 minutos\" \/>\n<script type=\"application\/ld+json\" class=\"yoast-schema-graph\">{\"@context\":\"https:\/\/schema.org\",\"@graph\":[{\"@type\":\"WebPage\",\"@id\":\"https:\/\/munilaja.cl\/w\/municipio\/direccion-de-control\/\",\"url\":\"https:\/\/munilaja.cl\/w\/municipio\/direccion-de-control\/\",\"name\":\"Direcci\u00f3n de Control - Municipalidad de Laja\",\"isPartOf\":{\"@id\":\"https:\/\/munilaja.cl\/w\/#website\"},\"datePublished\":\"2014-12-11T11:25:04+00:00\",\"dateModified\":\"2021-08-25T22:48:29+00:00\",\"breadcrumb\":{\"@id\":\"https:\/\/munilaja.cl\/w\/municipio\/direccion-de-control\/#breadcrumb\"},\"inLanguage\":\"es\",\"potentialAction\":[{\"@type\":\"ReadAction\",\"target\":[\"https:\/\/munilaja.cl\/w\/municipio\/direccion-de-control\/\"]}]},{\"@type\":\"BreadcrumbList\",\"@id\":\"https:\/\/munilaja.cl\/w\/municipio\/direccion-de-control\/#breadcrumb\",\"itemListElement\":[{\"@type\":\"ListItem\",\"position\":1,\"name\":\"Portada\",\"item\":\"https:\/\/munilaja.cl\/w\/\"},{\"@type\":\"ListItem\",\"position\":2,\"name\":\"Municipio\",\"item\":\"https:\/\/munilaja.cl\/w\/municipio\/\"},{\"@type\":\"ListItem\",\"position\":3,\"name\":\"Direcci\u00f3n de Control\"}]},{\"@type\":\"WebSite\",\"@id\":\"https:\/\/munilaja.cl\/w\/#website\",\"url\":\"https:\/\/munilaja.cl\/w\/\",\"name\":\"Municipalidad de Laja\",\"description\":\"Web Municipal\",\"publisher\":{\"@id\":\"https:\/\/munilaja.cl\/w\/#organization\"},\"potentialAction\":[{\"@type\":\"SearchAction\",\"target\":{\"@type\":\"EntryPoint\",\"urlTemplate\":\"https:\/\/munilaja.cl\/w\/?s={search_term_string}\"},\"query-input\":{\"@type\":\"PropertyValueSpecification\",\"valueRequired\":true,\"valueName\":\"search_term_string\"}}],\"inLanguage\":\"es\"},{\"@type\":\"Organization\",\"@id\":\"https:\/\/munilaja.cl\/w\/#organization\",\"name\":\"Municipalidad de Laja\",\"url\":\"https:\/\/munilaja.cl\/w\/\",\"logo\":{\"@type\":\"ImageObject\",\"inLanguage\":\"es\",\"@id\":\"https:\/\/munilaja.cl\/w\/#\/schema\/logo\/image\/\",\"url\":\"https:\/\/munilaja.cl\/w\/wp-content\/uploads\/2024\/11\/ESCUDO-LAJA-LETRAS-BLANCAS-LOGO-WEB.png\",\"contentUrl\":\"https:\/\/munilaja.cl\/w\/wp-content\/uploads\/2024\/11\/ESCUDO-LAJA-LETRAS-BLANCAS-LOGO-WEB.png\",\"width\":150,\"height\":150,\"caption\":\"Municipalidad de Laja\"},\"image\":{\"@id\":\"https:\/\/munilaja.cl\/w\/#\/schema\/logo\/image\/\"}}]}<\/script>\n<!-- \/ Yoast SEO plugin. -->","yoast_head_json":{"title":"Direcci\u00f3n de Control - Municipalidad de Laja","robots":{"index":"index","follow":"follow","max-snippet":"max-snippet:-1","max-image-preview":"max-image-preview:large","max-video-preview":"max-video-preview:-1"},"canonical":"https:\/\/munilaja.cl\/w\/municipio\/direccion-de-control\/","og_locale":"es_ES","og_type":"article","og_title":"Direcci\u00f3n de Control - Municipalidad de Laja","og_description":"A la unidad encargada del control le corresponder\u00e1n las siguientes funciones: \u00a0 Realizar la auditor\u00eda operativa interna de la municipalidad, con el objeto de fiscalizar la legalidad de su actuaci\u00f3n. Controlar la ejecuci\u00f3n financiera y presupuestaria municipal. Representar al alcalde los actos municipales que estime ilegales, informando de ello al concejo, para cuyo objeto tendr\u00e1 [&hellip;]","og_url":"https:\/\/munilaja.cl\/w\/municipio\/direccion-de-control\/","og_site_name":"Municipalidad de Laja","article_modified_time":"2021-08-25T22:48:29+00:00","twitter_card":"summary_large_image","twitter_misc":{"Tiempo de lectura":"2 minutos"},"schema":{"@context":"https:\/\/schema.org","@graph":[{"@type":"WebPage","@id":"https:\/\/munilaja.cl\/w\/municipio\/direccion-de-control\/","url":"https:\/\/munilaja.cl\/w\/municipio\/direccion-de-control\/","name":"Direcci\u00f3n de Control - Municipalidad de Laja","isPartOf":{"@id":"https:\/\/munilaja.cl\/w\/#website"},"datePublished":"2014-12-11T11:25:04+00:00","dateModified":"2021-08-25T22:48:29+00:00","breadcrumb":{"@id":"https:\/\/munilaja.cl\/w\/municipio\/direccion-de-control\/#breadcrumb"},"inLanguage":"es","potentialAction":[{"@type":"ReadAction","target":["https:\/\/munilaja.cl\/w\/municipio\/direccion-de-control\/"]}]},{"@type":"BreadcrumbList","@id":"https:\/\/munilaja.cl\/w\/municipio\/direccion-de-control\/#breadcrumb","itemListElement":[{"@type":"ListItem","position":1,"name":"Portada","item":"https:\/\/munilaja.cl\/w\/"},{"@type":"ListItem","position":2,"name":"Municipio","item":"https:\/\/munilaja.cl\/w\/municipio\/"},{"@type":"ListItem","position":3,"name":"Direcci\u00f3n de Control"}]},{"@type":"WebSite","@id":"https:\/\/munilaja.cl\/w\/#website","url":"https:\/\/munilaja.cl\/w\/","name":"Municipalidad de Laja","description":"Web Municipal","publisher":{"@id":"https:\/\/munilaja.cl\/w\/#organization"},"potentialAction":[{"@type":"SearchAction","target":{"@type":"EntryPoint","urlTemplate":"https:\/\/munilaja.cl\/w\/?s={search_term_string}"},"query-input":{"@type":"PropertyValueSpecification","valueRequired":true,"valueName":"search_term_string"}}],"inLanguage":"es"},{"@type":"Organization","@id":"https:\/\/munilaja.cl\/w\/#organization","name":"Municipalidad de Laja","url":"https:\/\/munilaja.cl\/w\/","logo":{"@type":"ImageObject","inLanguage":"es","@id":"https:\/\/munilaja.cl\/w\/#\/schema\/logo\/image\/","url":"https:\/\/munilaja.cl\/w\/wp-content\/uploads\/2024\/11\/ESCUDO-LAJA-LETRAS-BLANCAS-LOGO-WEB.png","contentUrl":"https:\/\/munilaja.cl\/w\/wp-content\/uploads\/2024\/11\/ESCUDO-LAJA-LETRAS-BLANCAS-LOGO-WEB.png","width":150,"height":150,"caption":"Municipalidad de Laja"},"image":{"@id":"https:\/\/munilaja.cl\/w\/#\/schema\/logo\/image\/"}}]}},"_links":{"self":[{"href":"https:\/\/munilaja.cl\/w\/wp-json\/wp\/v2\/pages\/16657"}],"collection":[{"href":"https:\/\/munilaja.cl\/w\/wp-json\/wp\/v2\/pages"}],"about":[{"href":"https:\/\/munilaja.cl\/w\/wp-json\/wp\/v2\/types\/page"}],"author":[{"embeddable":true,"href":"https:\/\/munilaja.cl\/w\/wp-json\/wp\/v2\/users\/11"}],"replies":[{"embeddable":true,"href":"https:\/\/munilaja.cl\/w\/wp-json\/wp\/v2\/comments?post=16657"}],"version-history":[{"count":1,"href":"https:\/\/munilaja.cl\/w\/wp-json\/wp\/v2\/pages\/16657\/revisions"}],"predecessor-version":[{"id":56225,"href":"https:\/\/munilaja.cl\/w\/wp-json\/wp\/v2\/pages\/16657\/revisions\/56225"}],"up":[{"embeddable":true,"href":"https:\/\/munilaja.cl\/w\/wp-json\/wp\/v2\/pages\/8"}],"wp:attachment":[{"href":"https:\/\/munilaja.cl\/w\/wp-json\/wp\/v2\/media?parent=16657"}],"curies":[{"name":"wp","href":"https:\/\/api.w.org\/{rel}","templated":true}]}}