{"id":11,"date":"2013-04-14T18:31:53","date_gmt":"2013-04-14T18:31:53","guid":{"rendered":"http:\/\/munilaja.cl\/w\/?page_id=11"},"modified":"2024-12-10T12:57:15","modified_gmt":"2024-12-10T16:57:15","slug":"dideco","status":"publish","type":"page","link":"https:\/\/munilaja.cl\/w\/dideco\/","title":{"rendered":"DIDECO"},"content":{"rendered":"<p style=\"text-align: justify;\"><em>La Direcci\u00f3n de Desarrollo Comunitario cumple\u00a0diversas funciones, las cuales se desarrollan a trav\u00e9s de sus departamentos y programas que atienden a la comunidad lajina.<\/em><\/p>\n<p style=\"text-align: justify;\"><em>Entre sus principales\u00a0funciones:<\/em><\/p>\n<p style=\"text-align: justify;\"><em>&#8211; Asesorar al se\u00f1or Alcalde y al Concejo en la promoci\u00f3n del desarrollo social y comunitario; prestar asesor\u00eda t\u00e9cnica a las organizaciones comunitarias; promover su efectiva participaci\u00f3n; proponer y ejecutar acciones para la promoci\u00f3n y fortalecimiento de la familia, el barrio y la comunidad en general.<\/em><\/p>\n<p style=\"text-align: justify;\"><em>&#8211; Coordinar con organismos del Estado y privados acciones tendientes a fomentar los emprendimientos y microempresas.<\/em><\/p>\n<p style=\"text-align: justify;\"><em>&#8211; Proponer y ejecutar acciones relacionadas con la asistencia social, la prevenci\u00f3n de riesgos y la prestaci\u00f3n de auxilio en situaciones de emergencia y cat\u00e1strofe.<\/em><\/p>\n<p style=\"text-align: justify;\"><em>&#8211; Administrar y\/o ejecutar planes, programas y\/o proyectos que emanan de las pol\u00edticas p\u00fablicas del \u00e1rea social, como por ejemplo de los provenientes de los ministerios de:<span style=\"color: #000000;\"> <strong>MIDEPLAN, MINVU, Interior, Bienes Nacionales, Mineduc, Justicia, Trabajo y Servicio Nacional de la Muje<\/strong><\/span><span style=\"color: #000000;\"><strong>r,<\/strong><\/span> entre otros.<\/em><\/p>\n<p style=\"text-align: justify;\"><span style=\"color: #000000;\"><em>De esta direcci\u00f3n dependen diversos Departamentos y programas, entre los cuales destacan:\u00a0<\/em><strong><em>Fomento Productivo,\u00a0<\/em><\/strong><strong><em>Deportes,\u00a0<\/em><\/strong><strong><em>Cultura,\u00a0<\/em><\/strong><strong><em>Unidad de Desarrollo Rural,\u00a0<\/em><\/strong><strong><em>Programa del Adulto Mayor,\u00a0<\/em><\/strong><strong><em>Senda, \u00a0<\/em><\/strong><strong><em>Mujer Trabajadora y Jefa de Hogar,\u00a0<\/em><\/strong><strong><em>Ficha de Protecci\u00f3n Social,\u00a0<\/em><\/strong><strong><em>Subsidios familiares y pensiones b\u00e1sicas solidarias, <\/em><\/strong><em>entre otras iniciativas.<\/em><\/span><\/p>\n<p style=\"text-align: justify;\"><span style=\"color: #000000;\"><strong>Director de Desarrollo Comunitario<\/strong><\/span><\/p>\n<p style=\"text-align: justify;\"><strong>FELIPE CARTES SALGADO<\/strong><\/p>\n<p style=\"text-align: justify;\"><strong>Cientista Pol\u00edtico<\/strong><\/p>\n<p style=\"text-align: justify;\"><strong>Mail: fcartes@munilaja.cl<\/strong><\/p>\n<p style=\"text-align: justify;\"><strong>Fono: 43 2524642<\/strong><\/p>\n<p style=\"text-align: justify;\"><strong>Secretaria de Desarrollo Comunitario<\/strong><\/p>\n<p style=\"text-align: justify;\"><strong>Pilar Ximena Rosales Morales<\/strong><\/p>\n<p style=\"text-align: justify;\"><strong>Mail: prosales@munilaja.cl<\/strong><\/p>\n<p style=\"text-align: justify;\"><strong>Fono: 43 2524669<\/strong><\/p>\n","protected":false},"excerpt":{"rendered":"<p>La Direcci\u00f3n de Desarrollo Comunitario cumple\u00a0diversas funciones, las cuales se desarrollan a trav\u00e9s de sus departamentos y programas que atienden a la comunidad lajina. Entre sus principales\u00a0funciones: &#8211; Asesorar al se\u00f1or Alcalde y al Concejo en la promoci\u00f3n del desarrollo social y comunitario; prestar asesor\u00eda t\u00e9cnica a las organizaciones comunitarias; promover su efectiva participaci\u00f3n; proponer [&hellip;]<\/p>\n","protected":false},"author":11,"featured_media":0,"parent":0,"menu_order":0,"comment_status":"closed","ping_status":"open","template":"","meta":{"zakra_sidebar_layout":"customizer","zakra_remove_content_margin":false,"zakra_sidebar":"customizer","zakra_transparent_header":"customizer","zakra_logo":0,"zakra_main_header_style":"default","zakra_menu_item_color":"","zakra_menu_item_hover_color":"","zakra_menu_item_active_color":"","zakra_menu_active_style":"zakra_menu_active_style","zakra_page_header":true,"footnotes":""},"class_list":["post-11","page","type-page","status-publish","hentry"],"yoast_head":"<!-- This site is optimized with the Yoast SEO plugin v24.0 - https:\/\/yoast.com\/wordpress\/plugins\/seo\/ -->\n<title>DIDECO - Municipalidad de Laja<\/title>\n<meta name=\"robots\" content=\"index, follow, max-snippet:-1, max-image-preview:large, max-video-preview:-1\" \/>\n<link rel=\"canonical\" href=\"https:\/\/munilaja.cl\/w\/dideco\/\" \/>\n<meta property=\"og:locale\" content=\"es_ES\" \/>\n<meta property=\"og:type\" content=\"article\" \/>\n<meta property=\"og:title\" content=\"DIDECO - Municipalidad de Laja\" \/>\n<meta property=\"og:description\" content=\"La Direcci\u00f3n de Desarrollo Comunitario cumple\u00a0diversas funciones, las cuales se desarrollan a trav\u00e9s de sus departamentos y programas que atienden a la comunidad lajina. Entre sus principales\u00a0funciones: &#8211; Asesorar al se\u00f1or Alcalde y al Concejo en la promoci\u00f3n del desarrollo social y comunitario; prestar asesor\u00eda t\u00e9cnica a las organizaciones comunitarias; promover su efectiva participaci\u00f3n; proponer [&hellip;]\" \/>\n<meta property=\"og:url\" content=\"https:\/\/munilaja.cl\/w\/dideco\/\" \/>\n<meta property=\"og:site_name\" content=\"Municipalidad de Laja\" \/>\n<meta property=\"article:modified_time\" content=\"2024-12-10T16:57:15+00:00\" \/>\n<meta name=\"twitter:card\" content=\"summary_large_image\" \/>\n<meta name=\"twitter:label1\" content=\"Tiempo de lectura\" \/>\n\t<meta name=\"twitter:data1\" content=\"1 minuto\" \/>\n<script type=\"application\/ld+json\" class=\"yoast-schema-graph\">{\"@context\":\"https:\/\/schema.org\",\"@graph\":[{\"@type\":\"WebPage\",\"@id\":\"https:\/\/munilaja.cl\/w\/dideco\/\",\"url\":\"https:\/\/munilaja.cl\/w\/dideco\/\",\"name\":\"DIDECO - Municipalidad de Laja\",\"isPartOf\":{\"@id\":\"https:\/\/munilaja.cl\/w\/#website\"},\"datePublished\":\"2013-04-14T18:31:53+00:00\",\"dateModified\":\"2024-12-10T16:57:15+00:00\",\"breadcrumb\":{\"@id\":\"https:\/\/munilaja.cl\/w\/dideco\/#breadcrumb\"},\"inLanguage\":\"es\",\"potentialAction\":[{\"@type\":\"ReadAction\",\"target\":[\"https:\/\/munilaja.cl\/w\/dideco\/\"]}]},{\"@type\":\"BreadcrumbList\",\"@id\":\"https:\/\/munilaja.cl\/w\/dideco\/#breadcrumb\",\"itemListElement\":[{\"@type\":\"ListItem\",\"position\":1,\"name\":\"Portada\",\"item\":\"https:\/\/munilaja.cl\/w\/\"},{\"@type\":\"ListItem\",\"position\":2,\"name\":\"DIDECO\"}]},{\"@type\":\"WebSite\",\"@id\":\"https:\/\/munilaja.cl\/w\/#website\",\"url\":\"https:\/\/munilaja.cl\/w\/\",\"name\":\"Municipalidad de Laja\",\"description\":\"Web Municipal\",\"publisher\":{\"@id\":\"https:\/\/munilaja.cl\/w\/#organization\"},\"potentialAction\":[{\"@type\":\"SearchAction\",\"target\":{\"@type\":\"EntryPoint\",\"urlTemplate\":\"https:\/\/munilaja.cl\/w\/?s={search_term_string}\"},\"query-input\":{\"@type\":\"PropertyValueSpecification\",\"valueRequired\":true,\"valueName\":\"search_term_string\"}}],\"inLanguage\":\"es\"},{\"@type\":\"Organization\",\"@id\":\"https:\/\/munilaja.cl\/w\/#organization\",\"name\":\"Municipalidad de Laja\",\"url\":\"https:\/\/munilaja.cl\/w\/\",\"logo\":{\"@type\":\"ImageObject\",\"inLanguage\":\"es\",\"@id\":\"https:\/\/munilaja.cl\/w\/#\/schema\/logo\/image\/\",\"url\":\"https:\/\/munilaja.cl\/w\/wp-content\/uploads\/2024\/11\/ESCUDO-LAJA-LETRAS-BLANCAS-LOGO-WEB.png\",\"contentUrl\":\"https:\/\/munilaja.cl\/w\/wp-content\/uploads\/2024\/11\/ESCUDO-LAJA-LETRAS-BLANCAS-LOGO-WEB.png\",\"width\":150,\"height\":150,\"caption\":\"Municipalidad de Laja\"},\"image\":{\"@id\":\"https:\/\/munilaja.cl\/w\/#\/schema\/logo\/image\/\"}}]}<\/script>\n<!-- \/ Yoast SEO plugin. -->","yoast_head_json":{"title":"DIDECO - Municipalidad de Laja","robots":{"index":"index","follow":"follow","max-snippet":"max-snippet:-1","max-image-preview":"max-image-preview:large","max-video-preview":"max-video-preview:-1"},"canonical":"https:\/\/munilaja.cl\/w\/dideco\/","og_locale":"es_ES","og_type":"article","og_title":"DIDECO - Municipalidad de Laja","og_description":"La Direcci\u00f3n de Desarrollo Comunitario cumple\u00a0diversas funciones, las cuales se desarrollan a trav\u00e9s de sus departamentos y programas que atienden a la comunidad lajina. Entre sus principales\u00a0funciones: &#8211; Asesorar al se\u00f1or Alcalde y al Concejo en la promoci\u00f3n del desarrollo social y comunitario; prestar asesor\u00eda t\u00e9cnica a las organizaciones comunitarias; promover su efectiva participaci\u00f3n; proponer [&hellip;]","og_url":"https:\/\/munilaja.cl\/w\/dideco\/","og_site_name":"Municipalidad de Laja","article_modified_time":"2024-12-10T16:57:15+00:00","twitter_card":"summary_large_image","twitter_misc":{"Tiempo de lectura":"1 minuto"},"schema":{"@context":"https:\/\/schema.org","@graph":[{"@type":"WebPage","@id":"https:\/\/munilaja.cl\/w\/dideco\/","url":"https:\/\/munilaja.cl\/w\/dideco\/","name":"DIDECO - Municipalidad de Laja","isPartOf":{"@id":"https:\/\/munilaja.cl\/w\/#website"},"datePublished":"2013-04-14T18:31:53+00:00","dateModified":"2024-12-10T16:57:15+00:00","breadcrumb":{"@id":"https:\/\/munilaja.cl\/w\/dideco\/#breadcrumb"},"inLanguage":"es","potentialAction":[{"@type":"ReadAction","target":["https:\/\/munilaja.cl\/w\/dideco\/"]}]},{"@type":"BreadcrumbList","@id":"https:\/\/munilaja.cl\/w\/dideco\/#breadcrumb","itemListElement":[{"@type":"ListItem","position":1,"name":"Portada","item":"https:\/\/munilaja.cl\/w\/"},{"@type":"ListItem","position":2,"name":"DIDECO"}]},{"@type":"WebSite","@id":"https:\/\/munilaja.cl\/w\/#website","url":"https:\/\/munilaja.cl\/w\/","name":"Municipalidad de Laja","description":"Web Municipal","publisher":{"@id":"https:\/\/munilaja.cl\/w\/#organization"},"potentialAction":[{"@type":"SearchAction","target":{"@type":"EntryPoint","urlTemplate":"https:\/\/munilaja.cl\/w\/?s={search_term_string}"},"query-input":{"@type":"PropertyValueSpecification","valueRequired":true,"valueName":"search_term_string"}}],"inLanguage":"es"},{"@type":"Organization","@id":"https:\/\/munilaja.cl\/w\/#organization","name":"Municipalidad de Laja","url":"https:\/\/munilaja.cl\/w\/","logo":{"@type":"ImageObject","inLanguage":"es","@id":"https:\/\/munilaja.cl\/w\/#\/schema\/logo\/image\/","url":"https:\/\/munilaja.cl\/w\/wp-content\/uploads\/2024\/11\/ESCUDO-LAJA-LETRAS-BLANCAS-LOGO-WEB.png","contentUrl":"https:\/\/munilaja.cl\/w\/wp-content\/uploads\/2024\/11\/ESCUDO-LAJA-LETRAS-BLANCAS-LOGO-WEB.png","width":150,"height":150,"caption":"Municipalidad de Laja"},"image":{"@id":"https:\/\/munilaja.cl\/w\/#\/schema\/logo\/image\/"}}]}},"_links":{"self":[{"href":"https:\/\/munilaja.cl\/w\/wp-json\/wp\/v2\/pages\/11"}],"collection":[{"href":"https:\/\/munilaja.cl\/w\/wp-json\/wp\/v2\/pages"}],"about":[{"href":"https:\/\/munilaja.cl\/w\/wp-json\/wp\/v2\/types\/page"}],"author":[{"embeddable":true,"href":"https:\/\/munilaja.cl\/w\/wp-json\/wp\/v2\/users\/11"}],"replies":[{"embeddable":true,"href":"https:\/\/munilaja.cl\/w\/wp-json\/wp\/v2\/comments?post=11"}],"version-history":[{"count":2,"href":"https:\/\/munilaja.cl\/w\/wp-json\/wp\/v2\/pages\/11\/revisions"}],"predecessor-version":[{"id":72190,"href":"https:\/\/munilaja.cl\/w\/wp-json\/wp\/v2\/pages\/11\/revisions\/72190"}],"wp:attachment":[{"href":"https:\/\/munilaja.cl\/w\/wp-json\/wp\/v2\/media?parent=11"}],"curies":[{"name":"wp","href":"https:\/\/api.w.org\/{rel}","templated":true}]}}