{"id":10474,"date":"2014-03-13T03:20:40","date_gmt":"2014-03-13T03:20:40","guid":{"rendered":"http:\/\/munilaja.cl\/w\/?page_id=10474"},"modified":"2026-03-09T11:24:24","modified_gmt":"2026-03-09T15:24:24","slug":"pago-online-del-permiso-circulacion","status":"publish","type":"page","link":"https:\/\/munilaja.cl\/w\/pago-online-del-permiso-circulacion\/","title":{"rendered":"PAGO ONLINE DEL PERMISO CIRCULACI\u00d3N"},"content":{"rendered":"<table width=\"823\">\n<tbody>\n<tr>\n<td>\n<h4><b><\/b>Paga Aqu\u00ed<\/h4>\n<h4><a href=\"https:\/\/portalpagos.smc.cl\/Laja\/PV\/Login\" target=\"_blank\" rel=\"noopener noreferrer\"><img decoding=\"async\" class=\"alignnone size-full wp-image-35517\" src=\"https:\/\/munilaja.cl\/w\/wp-content\/uploads\/2014\/03\/permisolaja.jpg\" alt=\"\" width=\"579\" height=\"74\" srcset=\"https:\/\/munilaja.cl\/w\/wp-content\/uploads\/2014\/03\/permisolaja.jpg 579w, https:\/\/munilaja.cl\/w\/wp-content\/uploads\/2014\/03\/permisolaja-300x38.jpg 300w\" sizes=\"(max-width: 579px) 100vw, 579px\" \/><\/a><\/h4>\n<\/td>\n<\/tr>\n<\/tbody>\n<\/table>\n<p><b>Antes de proceder debe tener en consideraci\u00f3n lo siguiente:<\/b><\/p>\n<ul>\n<li>El veh\u00edculo debe tener el permiso circulaci\u00f3n anterior pagado en la Municipalidad de Laja.<\/li>\n<li>Revisi\u00f3n T\u00e9cnica vigente.<\/li>\n<li>Seguro Obligatorio SOAP electr\u00f3nico\u00a0 y vigente hasta 31 marzo de 2027.<\/li>\n<\/ul>\n<p align=\"center\"><b>Dudas \u00a0 y\/o \u00a0consultas comunicarse a fono 43 2 524667<\/b><\/p>\n<p align=\"center\">Correo soporte pago\u00a0 informatica@munilaja.cl<\/p>\n","protected":false},"excerpt":{"rendered":"<p>Paga Aqu\u00ed Antes de proceder debe tener en consideraci\u00f3n lo siguiente: El veh\u00edculo debe tener el permiso circulaci\u00f3n anterior pagado en la Municipalidad de Laja. Revisi\u00f3n T\u00e9cnica vigente. Seguro Obligatorio SOAP electr\u00f3nico\u00a0 y vigente hasta 31 marzo de 2027. Dudas \u00a0 y\/o \u00a0consultas comunicarse a fono 43 2 524667 Correo soporte pago\u00a0 informatica@munilaja.cl<\/p>\n","protected":false},"author":11,"featured_media":0,"parent":0,"menu_order":0,"comment_status":"closed","ping_status":"open","template":"","meta":{"zakra_sidebar_layout":"customizer","zakra_remove_content_margin":false,"zakra_sidebar":"customizer","zakra_transparent_header":"customizer","zakra_logo":0,"zakra_main_header_style":"default","zakra_menu_item_color":"","zakra_menu_item_hover_color":"","zakra_menu_item_active_color":"","zakra_menu_active_style":"zakra_menu_active_style","zakra_page_header":true,"footnotes":""},"class_list":["post-10474","page","type-page","status-publish","hentry"],"yoast_head":"<!-- This site is optimized with the Yoast SEO plugin v24.0 - https:\/\/yoast.com\/wordpress\/plugins\/seo\/ -->\n<title>PAGO ONLINE DEL PERMISO CIRCULACI\u00d3N - Municipalidad de Laja<\/title>\n<meta name=\"robots\" content=\"index, follow, max-snippet:-1, max-image-preview:large, max-video-preview:-1\" \/>\n<link rel=\"canonical\" href=\"https:\/\/munilaja.cl\/w\/pago-online-del-permiso-circulacion\/\" \/>\n<meta property=\"og:locale\" content=\"es_ES\" \/>\n<meta property=\"og:type\" content=\"article\" \/>\n<meta property=\"og:title\" content=\"PAGO ONLINE DEL PERMISO CIRCULACI\u00d3N - Municipalidad de Laja\" \/>\n<meta property=\"og:description\" content=\"Paga Aqu\u00ed Antes de proceder debe tener en consideraci\u00f3n lo siguiente: El veh\u00edculo debe tener el permiso circulaci\u00f3n anterior pagado en la Municipalidad de Laja. Revisi\u00f3n T\u00e9cnica vigente. Seguro Obligatorio SOAP electr\u00f3nico\u00a0 y vigente hasta 31 marzo de 2027. Dudas \u00a0 y\/o \u00a0consultas comunicarse a fono 43 2 524667 Correo soporte pago\u00a0 informatica@munilaja.cl\" \/>\n<meta property=\"og:url\" content=\"https:\/\/munilaja.cl\/w\/pago-online-del-permiso-circulacion\/\" \/>\n<meta property=\"og:site_name\" content=\"Municipalidad de Laja\" \/>\n<meta property=\"article:modified_time\" content=\"2026-03-09T15:24:24+00:00\" \/>\n<meta property=\"og:image\" content=\"https:\/\/munilaja.cl\/w\/wp-content\/uploads\/2014\/03\/permisolaja.jpg\" \/>\n\t<meta property=\"og:image:width\" content=\"579\" \/>\n\t<meta property=\"og:image:height\" content=\"74\" \/>\n\t<meta property=\"og:image:type\" content=\"image\/jpeg\" \/>\n<meta name=\"twitter:card\" content=\"summary_large_image\" \/>\n<meta name=\"twitter:label1\" content=\"Tiempo de lectura\" \/>\n\t<meta name=\"twitter:data1\" content=\"1 minuto\" \/>\n<script type=\"application\/ld+json\" class=\"yoast-schema-graph\">{\"@context\":\"https:\/\/schema.org\",\"@graph\":[{\"@type\":\"WebPage\",\"@id\":\"https:\/\/munilaja.cl\/w\/pago-online-del-permiso-circulacion\/\",\"url\":\"https:\/\/munilaja.cl\/w\/pago-online-del-permiso-circulacion\/\",\"name\":\"PAGO ONLINE DEL PERMISO CIRCULACI\u00d3N - Municipalidad de Laja\",\"isPartOf\":{\"@id\":\"https:\/\/munilaja.cl\/w\/#website\"},\"primaryImageOfPage\":{\"@id\":\"https:\/\/munilaja.cl\/w\/pago-online-del-permiso-circulacion\/#primaryimage\"},\"image\":{\"@id\":\"https:\/\/munilaja.cl\/w\/pago-online-del-permiso-circulacion\/#primaryimage\"},\"thumbnailUrl\":\"https:\/\/munilaja.cl\/w\/wp-content\/uploads\/2014\/03\/permisolaja.jpg\",\"datePublished\":\"2014-03-13T03:20:40+00:00\",\"dateModified\":\"2026-03-09T15:24:24+00:00\",\"breadcrumb\":{\"@id\":\"https:\/\/munilaja.cl\/w\/pago-online-del-permiso-circulacion\/#breadcrumb\"},\"inLanguage\":\"es\",\"potentialAction\":[{\"@type\":\"ReadAction\",\"target\":[\"https:\/\/munilaja.cl\/w\/pago-online-del-permiso-circulacion\/\"]}]},{\"@type\":\"ImageObject\",\"inLanguage\":\"es\",\"@id\":\"https:\/\/munilaja.cl\/w\/pago-online-del-permiso-circulacion\/#primaryimage\",\"url\":\"https:\/\/munilaja.cl\/w\/wp-content\/uploads\/2014\/03\/permisolaja.jpg\",\"contentUrl\":\"https:\/\/munilaja.cl\/w\/wp-content\/uploads\/2014\/03\/permisolaja.jpg\",\"width\":579,\"height\":74},{\"@type\":\"BreadcrumbList\",\"@id\":\"https:\/\/munilaja.cl\/w\/pago-online-del-permiso-circulacion\/#breadcrumb\",\"itemListElement\":[{\"@type\":\"ListItem\",\"position\":1,\"name\":\"Portada\",\"item\":\"https:\/\/munilaja.cl\/w\/\"},{\"@type\":\"ListItem\",\"position\":2,\"name\":\"PAGO ONLINE DEL PERMISO CIRCULACI\u00d3N\"}]},{\"@type\":\"WebSite\",\"@id\":\"https:\/\/munilaja.cl\/w\/#website\",\"url\":\"https:\/\/munilaja.cl\/w\/\",\"name\":\"Municipalidad de Laja\",\"description\":\"Web Municipal\",\"publisher\":{\"@id\":\"https:\/\/munilaja.cl\/w\/#organization\"},\"potentialAction\":[{\"@type\":\"SearchAction\",\"target\":{\"@type\":\"EntryPoint\",\"urlTemplate\":\"https:\/\/munilaja.cl\/w\/?s={search_term_string}\"},\"query-input\":{\"@type\":\"PropertyValueSpecification\",\"valueRequired\":true,\"valueName\":\"search_term_string\"}}],\"inLanguage\":\"es\"},{\"@type\":\"Organization\",\"@id\":\"https:\/\/munilaja.cl\/w\/#organization\",\"name\":\"Municipalidad de Laja\",\"url\":\"https:\/\/munilaja.cl\/w\/\",\"logo\":{\"@type\":\"ImageObject\",\"inLanguage\":\"es\",\"@id\":\"https:\/\/munilaja.cl\/w\/#\/schema\/logo\/image\/\",\"url\":\"https:\/\/munilaja.cl\/w\/wp-content\/uploads\/2024\/11\/ESCUDO-LAJA-LETRAS-BLANCAS-LOGO-WEB.png\",\"contentUrl\":\"https:\/\/munilaja.cl\/w\/wp-content\/uploads\/2024\/11\/ESCUDO-LAJA-LETRAS-BLANCAS-LOGO-WEB.png\",\"width\":150,\"height\":150,\"caption\":\"Municipalidad de Laja\"},\"image\":{\"@id\":\"https:\/\/munilaja.cl\/w\/#\/schema\/logo\/image\/\"}}]}<\/script>\n<!-- \/ Yoast SEO plugin. -->","yoast_head_json":{"title":"PAGO ONLINE DEL PERMISO CIRCULACI\u00d3N - Municipalidad de Laja","robots":{"index":"index","follow":"follow","max-snippet":"max-snippet:-1","max-image-preview":"max-image-preview:large","max-video-preview":"max-video-preview:-1"},"canonical":"https:\/\/munilaja.cl\/w\/pago-online-del-permiso-circulacion\/","og_locale":"es_ES","og_type":"article","og_title":"PAGO ONLINE DEL PERMISO CIRCULACI\u00d3N - Municipalidad de Laja","og_description":"Paga Aqu\u00ed Antes de proceder debe tener en consideraci\u00f3n lo siguiente: El veh\u00edculo debe tener el permiso circulaci\u00f3n anterior pagado en la Municipalidad de Laja. Revisi\u00f3n T\u00e9cnica vigente. Seguro Obligatorio SOAP electr\u00f3nico\u00a0 y vigente hasta 31 marzo de 2027. Dudas \u00a0 y\/o \u00a0consultas comunicarse a fono 43 2 524667 Correo soporte pago\u00a0 informatica@munilaja.cl","og_url":"https:\/\/munilaja.cl\/w\/pago-online-del-permiso-circulacion\/","og_site_name":"Municipalidad de Laja","article_modified_time":"2026-03-09T15:24:24+00:00","og_image":[{"width":579,"height":74,"url":"https:\/\/munilaja.cl\/w\/wp-content\/uploads\/2014\/03\/permisolaja.jpg","type":"image\/jpeg"}],"twitter_card":"summary_large_image","twitter_misc":{"Tiempo de lectura":"1 minuto"},"schema":{"@context":"https:\/\/schema.org","@graph":[{"@type":"WebPage","@id":"https:\/\/munilaja.cl\/w\/pago-online-del-permiso-circulacion\/","url":"https:\/\/munilaja.cl\/w\/pago-online-del-permiso-circulacion\/","name":"PAGO ONLINE DEL PERMISO CIRCULACI\u00d3N - Municipalidad de Laja","isPartOf":{"@id":"https:\/\/munilaja.cl\/w\/#website"},"primaryImageOfPage":{"@id":"https:\/\/munilaja.cl\/w\/pago-online-del-permiso-circulacion\/#primaryimage"},"image":{"@id":"https:\/\/munilaja.cl\/w\/pago-online-del-permiso-circulacion\/#primaryimage"},"thumbnailUrl":"https:\/\/munilaja.cl\/w\/wp-content\/uploads\/2014\/03\/permisolaja.jpg","datePublished":"2014-03-13T03:20:40+00:00","dateModified":"2026-03-09T15:24:24+00:00","breadcrumb":{"@id":"https:\/\/munilaja.cl\/w\/pago-online-del-permiso-circulacion\/#breadcrumb"},"inLanguage":"es","potentialAction":[{"@type":"ReadAction","target":["https:\/\/munilaja.cl\/w\/pago-online-del-permiso-circulacion\/"]}]},{"@type":"ImageObject","inLanguage":"es","@id":"https:\/\/munilaja.cl\/w\/pago-online-del-permiso-circulacion\/#primaryimage","url":"https:\/\/munilaja.cl\/w\/wp-content\/uploads\/2014\/03\/permisolaja.jpg","contentUrl":"https:\/\/munilaja.cl\/w\/wp-content\/uploads\/2014\/03\/permisolaja.jpg","width":579,"height":74},{"@type":"BreadcrumbList","@id":"https:\/\/munilaja.cl\/w\/pago-online-del-permiso-circulacion\/#breadcrumb","itemListElement":[{"@type":"ListItem","position":1,"name":"Portada","item":"https:\/\/munilaja.cl\/w\/"},{"@type":"ListItem","position":2,"name":"PAGO ONLINE DEL PERMISO CIRCULACI\u00d3N"}]},{"@type":"WebSite","@id":"https:\/\/munilaja.cl\/w\/#website","url":"https:\/\/munilaja.cl\/w\/","name":"Municipalidad de Laja","description":"Web Municipal","publisher":{"@id":"https:\/\/munilaja.cl\/w\/#organization"},"potentialAction":[{"@type":"SearchAction","target":{"@type":"EntryPoint","urlTemplate":"https:\/\/munilaja.cl\/w\/?s={search_term_string}"},"query-input":{"@type":"PropertyValueSpecification","valueRequired":true,"valueName":"search_term_string"}}],"inLanguage":"es"},{"@type":"Organization","@id":"https:\/\/munilaja.cl\/w\/#organization","name":"Municipalidad de Laja","url":"https:\/\/munilaja.cl\/w\/","logo":{"@type":"ImageObject","inLanguage":"es","@id":"https:\/\/munilaja.cl\/w\/#\/schema\/logo\/image\/","url":"https:\/\/munilaja.cl\/w\/wp-content\/uploads\/2024\/11\/ESCUDO-LAJA-LETRAS-BLANCAS-LOGO-WEB.png","contentUrl":"https:\/\/munilaja.cl\/w\/wp-content\/uploads\/2024\/11\/ESCUDO-LAJA-LETRAS-BLANCAS-LOGO-WEB.png","width":150,"height":150,"caption":"Municipalidad de Laja"},"image":{"@id":"https:\/\/munilaja.cl\/w\/#\/schema\/logo\/image\/"}}]}},"_links":{"self":[{"href":"https:\/\/munilaja.cl\/w\/wp-json\/wp\/v2\/pages\/10474"}],"collection":[{"href":"https:\/\/munilaja.cl\/w\/wp-json\/wp\/v2\/pages"}],"about":[{"href":"https:\/\/munilaja.cl\/w\/wp-json\/wp\/v2\/types\/page"}],"author":[{"embeddable":true,"href":"https:\/\/munilaja.cl\/w\/wp-json\/wp\/v2\/users\/11"}],"replies":[{"embeddable":true,"href":"https:\/\/munilaja.cl\/w\/wp-json\/wp\/v2\/comments?post=10474"}],"version-history":[{"count":3,"href":"https:\/\/munilaja.cl\/w\/wp-json\/wp\/v2\/pages\/10474\/revisions"}],"predecessor-version":[{"id":73951,"href":"https:\/\/munilaja.cl\/w\/wp-json\/wp\/v2\/pages\/10474\/revisions\/73951"}],"wp:attachment":[{"href":"https:\/\/munilaja.cl\/w\/wp-json\/wp\/v2\/media?parent=10474"}],"curies":[{"name":"wp","href":"https:\/\/api.w.org\/{rel}","templated":true}]}}