{"version":"1.0","provider_name":"Municipalidad de Laja","provider_url":"https:\/\/munilaja.cl\/w","author_name":"Administrador","author_url":"https:\/\/munilaja.cl\/w\/author\/rssmunilaja\/","title":"Reuni\u00f3n protocolar con Directora Regional de INJUV - Municipalidad de Laja","type":"rich","width":600,"height":338,"html":"<blockquote class=\"wp-embedded-content\" data-secret=\"3lDYoAjnNQ\"><a href=\"https:\/\/munilaja.cl\/w\/reunion-protocolar-con-directora-regional-de-injuv\/\">Reuni\u00f3n protocolar con Directora Regional de INJUV<\/a><\/blockquote><iframe sandbox=\"allow-scripts\" security=\"restricted\" src=\"https:\/\/munilaja.cl\/w\/reunion-protocolar-con-directora-regional-de-injuv\/embed\/#?secret=3lDYoAjnNQ\" width=\"600\" height=\"338\" title=\"\u00abReuni\u00f3n protocolar con Directora Regional de INJUV\u00bb \u2014 Municipalidad de Laja\" data-secret=\"3lDYoAjnNQ\" frameborder=\"0\" marginwidth=\"0\" marginheight=\"0\" scrolling=\"no\" class=\"wp-embedded-content\"><\/iframe><script type=\"text\/javascript\">\n\/* <![CDATA[ *\/\n\/*! This file is auto-generated *\/\n!function(d,l){\"use strict\";l.querySelector&&d.addEventListener&&\"undefined\"!=typeof URL&&(d.wp=d.wp||{},d.wp.receiveEmbedMessage||(d.wp.receiveEmbedMessage=function(e){var t=e.data;if((t||t.secret||t.message||t.value)&&!\/[^a-zA-Z0-9]\/.test(t.secret)){for(var s,r,n,a=l.querySelectorAll('iframe[data-secret=\"'+t.secret+'\"]'),o=l.querySelectorAll('blockquote[data-secret=\"'+t.secret+'\"]'),c=new RegExp(\"^https?:$\",\"i\"),i=0;i<o.length;i++)o[i].style.display=\"none\";for(i=0;i<a.length;i++)s=a[i],e.source===s.contentWindow&&(s.removeAttribute(\"style\"),\"height\"===t.message?(1e3<(r=parseInt(t.value,10))?r=1e3:~~r<200&&(r=200),s.height=r):\"link\"===t.message&&(r=new URL(s.getAttribute(\"src\")),n=new URL(t.value),c.test(n.protocol))&&n.host===r.host&&l.activeElement===s&&(d.top.location.href=t.value))}},d.addEventListener(\"message\",d.wp.receiveEmbedMessage,!1),l.addEventListener(\"DOMContentLoaded\",function(){for(var e,t,s=l.querySelectorAll(\"iframe.wp-embedded-content\"),r=0;r<s.length;r++)(t=(e=s[r]).getAttribute(\"data-secret\"))||(t=Math.random().toString(36).substring(2,12),e.src+=\"#?secret=\"+t,e.setAttribute(\"data-secret\",t)),e.contentWindow.postMessage({message:\"ready\",secret:t},\"*\")},!1)))}(window,document);\n\/* ]]> *\/\n<\/script>\n","thumbnail_url":"https:\/\/munilaja.cl\/w\/wp-content\/uploads\/2024\/09\/IMG_5594-scaled.jpeg","thumbnail_width":2560,"thumbnail_height":1437,"description":"Hace unos d\u00edas, recibimos la visita protocolar de la nueva Directora de INJUV Biob\u00edo, Jimena Jorquera. En la reuni\u00f3n, liderada por el alcalde Roberto Quintana, se abordaron temas clave para la juventud local, destacando el chat \u201cHablemos de Todo\u201d una plataforma que ofrece atenci\u00f3n psicol\u00f3gica y orientaci\u00f3n en autocuidado y bienestar. Esta iniciativa busca brindar [&hellip;]"}

Reunión protocolar con Directora Regional de INJUV - Municipalidad de Laja

<blockquote class="wp-embedded-content" data-secret="3lDYoAjnNQ"><a href="https://munilaja.cl/w/reunion-protocolar-con-directora-regional-de-injuv/">Reunión protocolar con Directora Regional de INJUV</a></blockquote><iframe sandbox="allow-scripts" security="restricted" src="https://munilaja.cl/w/reunion-protocolar-con-directora-regional-de-injuv/embed/#?secret=3lDYoAjnNQ" width="600" height="338" title="«Reunión protocolar con Directora Regional de INJUV» — Municipalidad de Laja" data-secret="3lDYoAjnNQ" frameborder="0" marginwidth="0" marginheight="0" scrolling="no" class="wp-embedded-content"></iframe><script type="text/javascript">
/* <![CDATA[ */
/*! This file is auto-generated */
!function(d,l){"use strict";l.querySelector&&d.addEventListener&&"undefined"!=typeof URL&&(d.wp=d.wp||{},d.wp.receiveEmbedMessage||(d.wp.receiveEmbedMessage=function(e){var t=e.data;if((t||t.secret||t.message||t.value)&&!/[^a-zA-Z0-9]/.test(t.secret)){for(var s,r,n,a=l.querySelectorAll('iframe[data-secret="'+t.secret+'"]'),o=l.querySelectorAll('blockquote[data-secret="'+t.secret+'"]'),c=new RegExp("^https?:$","i"),i=0;i<o.length;i++)o[i].style.display="none";for(i=0;i<a.length;i++)s=a[i],e.source===s.contentWindow&&(s.removeAttribute("style"),"height"===t.message?(1e3<(r=parseInt(t.value,10))?r=1e3:~~r<200&&(r=200),s.height=r):"link"===t.message&&(r=new URL(s.getAttribute("src")),n=new URL(t.value),c.test(n.protocol))&&n.host===r.host&&l.activeElement===s&&(d.top.location.href=t.value))}},d.addEventListener("message",d.wp.receiveEmbedMessage,!1),l.addEventListener("DOMContentLoaded",function(){for(var e,t,s=l.querySelectorAll("iframe.wp-embedded-content"),r=0;r<s.length;r++)(t=(e=s[r]).getAttribute("data-secret"))||(t=Math.random().toString(36).substring(2,12),e.src+="#?secret="+t,e.setAttribute("data-secret",t)),e.contentWindow.postMessage({message:"ready",secret:t},"*")},!1)))}(window,document);
/* ]]> */
</script>

Hace unos días, recibimos la visita protocolar de la nueva Directora de INJUV Biobío, Jimena Jorquera. En la reunión, liderada por el alcalde Roberto Quintana, se abordaron temas clave para la juventud local, destacando el chat “Hablemos de Todo” una plataforma que ofrece atención psicológica y orientación en autocuidado y bienestar. Esta iniciativa busca brindar [&hellip;]
