{"version":"1.0","provider_name":"Municipalidad de Laja","provider_url":"https:\/\/munilaja.cl\/w","author_name":"Administrador","author_url":"https:\/\/munilaja.cl\/w\/author\/rssmunilaja\/","title":"Positivo balance de Fiestas Patrias en Laja - Municipalidad de Laja","type":"rich","width":600,"height":338,"html":"<blockquote class=\"wp-embedded-content\" data-secret=\"pLbyz985GT\"><a href=\"https:\/\/munilaja.cl\/w\/positivo-balance-de-fiestas-patrias-en-laja\/\">Positivo balance de Fiestas Patrias en Laja<\/a><\/blockquote><iframe sandbox=\"allow-scripts\" security=\"restricted\" src=\"https:\/\/munilaja.cl\/w\/positivo-balance-de-fiestas-patrias-en-laja\/embed\/#?secret=pLbyz985GT\" width=\"600\" height=\"338\" title=\"\u00abPositivo balance de Fiestas Patrias en Laja\u00bb \u2014 Municipalidad de Laja\" data-secret=\"pLbyz985GT\" frameborder=\"0\" marginwidth=\"0\" marginheight=\"0\" scrolling=\"no\" class=\"wp-embedded-content\"><\/iframe><script type=\"text\/javascript\">\n\/* <![CDATA[ *\/\n\/*! This file is auto-generated *\/\n!function(d,l){\"use strict\";l.querySelector&&d.addEventListener&&\"undefined\"!=typeof URL&&(d.wp=d.wp||{},d.wp.receiveEmbedMessage||(d.wp.receiveEmbedMessage=function(e){var t=e.data;if((t||t.secret||t.message||t.value)&&!\/[^a-zA-Z0-9]\/.test(t.secret)){for(var s,r,n,a=l.querySelectorAll('iframe[data-secret=\"'+t.secret+'\"]'),o=l.querySelectorAll('blockquote[data-secret=\"'+t.secret+'\"]'),c=new RegExp(\"^https?:$\",\"i\"),i=0;i<o.length;i++)o[i].style.display=\"none\";for(i=0;i<a.length;i++)s=a[i],e.source===s.contentWindow&&(s.removeAttribute(\"style\"),\"height\"===t.message?(1e3<(r=parseInt(t.value,10))?r=1e3:~~r<200&&(r=200),s.height=r):\"link\"===t.message&&(r=new URL(s.getAttribute(\"src\")),n=new URL(t.value),c.test(n.protocol))&&n.host===r.host&&l.activeElement===s&&(d.top.location.href=t.value))}},d.addEventListener(\"message\",d.wp.receiveEmbedMessage,!1),l.addEventListener(\"DOMContentLoaded\",function(){for(var e,t,s=l.querySelectorAll(\"iframe.wp-embedded-content\"),r=0;r<s.length;r++)(t=(e=s[r]).getAttribute(\"data-secret\"))||(t=Math.random().toString(36).substring(2,12),e.src+=\"#?secret=\"+t,e.setAttribute(\"data-secret\",t)),e.contentWindow.postMessage({message:\"ready\",secret:t},\"*\")},!1)))}(window,document);\n\/* ]]> *\/\n<\/script>\n","thumbnail_url":"https:\/\/munilaja.cl\/w\/wp-content\/uploads\/2019\/09\/celebraci\u00f3n.jpg","thumbnail_width":1944,"thumbnail_height":1296,"description":"Tras 5 d\u00edas de celebraci\u00f3n, el balance de fonderos, Carabineros y Alcald\u00eda fue positivo, debido a la asistencia masiva a la fonda oficial y que no se registraron accidentes fatales. Se consagr\u00f3 como una de las mejores celebraciones de fiestas patrias en\u00a0 la regi\u00f3n. M\u00e1s de 60 mil personas disfrutaron en el Polideportivo la carpa [&hellip;]"}

https://munilaja.cl/w/wp-content/uploads/2019/09/celebración.jpg

Tras 5 días de celebración, el balance de fonderos, Carabineros y Alcaldía fue positivo, debido a la asistencia masiva a la fonda oficial y que no se registraron accidentes fatales. Se consagró como una de las mejores celebraciones de fiestas patrias en  la región. Más de 60 mil personas disfrutaron en el Polideportivo la carpa [&hellip;]
