{"version":"1.0","provider_name":"Municipalidad de Laja","provider_url":"https:\/\/munilaja.cl\/w","author_name":"Administrador","author_url":"https:\/\/munilaja.cl\/w\/author\/rssmunilaja\/","title":"Plan de Acci\u00f3n comunal por el cambio clim\u00e1tico - Municipalidad de Laja","type":"rich","width":600,"height":338,"html":"<blockquote class=\"wp-embedded-content\" data-secret=\"pP3FCvtUpg\"><a href=\"https:\/\/munilaja.cl\/w\/plan-de-accion-comunal-por-el-cambio-climatico\/\">Plan de Acci\u00f3n comunal por el cambio clim\u00e1tico<\/a><\/blockquote><iframe sandbox=\"allow-scripts\" security=\"restricted\" src=\"https:\/\/munilaja.cl\/w\/plan-de-accion-comunal-por-el-cambio-climatico\/embed\/#?secret=pP3FCvtUpg\" width=\"600\" height=\"338\" title=\"\u00abPlan de Acci\u00f3n comunal por el cambio clim\u00e1tico\u00bb \u2014 Municipalidad de Laja\" data-secret=\"pP3FCvtUpg\" frameborder=\"0\" marginwidth=\"0\" marginheight=\"0\" scrolling=\"no\" class=\"wp-embedded-content\"><\/iframe><script type=\"text\/javascript\">\n\/* <![CDATA[ *\/\n\/*! This file is auto-generated *\/\n!function(d,l){\"use strict\";l.querySelector&&d.addEventListener&&\"undefined\"!=typeof URL&&(d.wp=d.wp||{},d.wp.receiveEmbedMessage||(d.wp.receiveEmbedMessage=function(e){var t=e.data;if((t||t.secret||t.message||t.value)&&!\/[^a-zA-Z0-9]\/.test(t.secret)){for(var s,r,n,a=l.querySelectorAll('iframe[data-secret=\"'+t.secret+'\"]'),o=l.querySelectorAll('blockquote[data-secret=\"'+t.secret+'\"]'),c=new RegExp(\"^https?:$\",\"i\"),i=0;i<o.length;i++)o[i].style.display=\"none\";for(i=0;i<a.length;i++)s=a[i],e.source===s.contentWindow&&(s.removeAttribute(\"style\"),\"height\"===t.message?(1e3<(r=parseInt(t.value,10))?r=1e3:~~r<200&&(r=200),s.height=r):\"link\"===t.message&&(r=new URL(s.getAttribute(\"src\")),n=new URL(t.value),c.test(n.protocol))&&n.host===r.host&&l.activeElement===s&&(d.top.location.href=t.value))}},d.addEventListener(\"message\",d.wp.receiveEmbedMessage,!1),l.addEventListener(\"DOMContentLoaded\",function(){for(var e,t,s=l.querySelectorAll(\"iframe.wp-embedded-content\"),r=0;r<s.length;r++)(t=(e=s[r]).getAttribute(\"data-secret\"))||(t=Math.random().toString(36).substring(2,12),e.src+=\"#?secret=\"+t,e.setAttribute(\"data-secret\",t)),e.contentWindow.postMessage({message:\"ready\",secret:t},\"*\")},!1)))}(window,document);\n\/* ]]> *\/\n<\/script>\n","thumbnail_url":"https:\/\/munilaja.cl\/w\/wp-content\/uploads\/2025\/11\/thumbnail_Afiche_Laja_PACCC-1.jpg","thumbnail_width":1081,"thumbnail_height":1350,"description":"Invitamos a todos los vecinos y vecinas de Laja centro y alrededores, a un taller participativo donde avanzaremos en definir en conjunto el Plan de Acci\u00f3n de cambio clim\u00e1tico que nuestra comuna est\u00e1 desarrollando. Los esperamos en nuestra casa de Botes, en la costanera sur este jueves 13 de noviembre desde las 10:00 h a [&hellip;]"}

Plan de Acción comunal por el cambio climático - Municipalidad de Laja

<blockquote class="wp-embedded-content" data-secret="pP3FCvtUpg"><a href="https://munilaja.cl/w/plan-de-accion-comunal-por-el-cambio-climatico/">Plan de Acción comunal por el cambio climático</a></blockquote><iframe sandbox="allow-scripts" security="restricted" src="https://munilaja.cl/w/plan-de-accion-comunal-por-el-cambio-climatico/embed/#?secret=pP3FCvtUpg" width="600" height="338" title="«Plan de Acción comunal por el cambio climático» — Municipalidad de Laja" data-secret="pP3FCvtUpg" frameborder="0" marginwidth="0" marginheight="0" scrolling="no" class="wp-embedded-content"></iframe><script type="text/javascript">
/* <![CDATA[ */
/*! This file is auto-generated */
!function(d,l){"use strict";l.querySelector&&d.addEventListener&&"undefined"!=typeof URL&&(d.wp=d.wp||{},d.wp.receiveEmbedMessage||(d.wp.receiveEmbedMessage=function(e){var t=e.data;if((t||t.secret||t.message||t.value)&&!/[^a-zA-Z0-9]/.test(t.secret)){for(var s,r,n,a=l.querySelectorAll('iframe[data-secret="'+t.secret+'"]'),o=l.querySelectorAll('blockquote[data-secret="'+t.secret+'"]'),c=new RegExp("^https?:$","i"),i=0;i<o.length;i++)o[i].style.display="none";for(i=0;i<a.length;i++)s=a[i],e.source===s.contentWindow&&(s.removeAttribute("style"),"height"===t.message?(1e3<(r=parseInt(t.value,10))?r=1e3:~~r<200&&(r=200),s.height=r):"link"===t.message&&(r=new URL(s.getAttribute("src")),n=new URL(t.value),c.test(n.protocol))&&n.host===r.host&&l.activeElement===s&&(d.top.location.href=t.value))}},d.addEventListener("message",d.wp.receiveEmbedMessage,!1),l.addEventListener("DOMContentLoaded",function(){for(var e,t,s=l.querySelectorAll("iframe.wp-embedded-content"),r=0;r<s.length;r++)(t=(e=s[r]).getAttribute("data-secret"))||(t=Math.random().toString(36).substring(2,12),e.src+="#?secret="+t,e.setAttribute("data-secret",t)),e.contentWindow.postMessage({message:"ready",secret:t},"*")},!1)))}(window,document);
/* ]]> */
</script>

Invitamos a todos los vecinos y vecinas de Laja centro y alrededores, a un taller participativo donde avanzaremos en definir en conjunto el Plan de Acción de cambio climático que nuestra comuna está desarrollando. Los esperamos en nuestra casa de Botes, en la costanera sur este jueves 13 de noviembre desde las 10:00 h a [&hellip;]
