{"version":"1.0","provider_name":"Municipalidad de Laja","provider_url":"https:\/\/munilaja.cl\/w","author_name":"Administrador","author_url":"https:\/\/munilaja.cl\/w\/author\/rssmunilaja\/","title":"Ministro Pacheco confirm\u00f3 pronta rebaja de tarifas el\u00e9ctricas - Municipalidad de Laja","type":"rich","width":600,"height":338,"html":"<blockquote class=\"wp-embedded-content\" data-secret=\"OgRQukBEWu\"><a href=\"https:\/\/munilaja.cl\/w\/ministro-pacheco-confirmo-pronta-rebaja-de-tarifas-electricas\/\">Ministro Pacheco confirm\u00f3 pronta rebaja de tarifas el\u00e9ctricas<\/a><\/blockquote><iframe sandbox=\"allow-scripts\" security=\"restricted\" src=\"https:\/\/munilaja.cl\/w\/ministro-pacheco-confirmo-pronta-rebaja-de-tarifas-electricas\/embed\/#?secret=OgRQukBEWu\" width=\"600\" height=\"338\" title=\"\u00abMinistro Pacheco confirm\u00f3 pronta rebaja de tarifas el\u00e9ctricas\u00bb \u2014 Municipalidad de Laja\" data-secret=\"OgRQukBEWu\" frameborder=\"0\" marginwidth=\"0\" marginheight=\"0\" scrolling=\"no\" class=\"wp-embedded-content\"><\/iframe><script type=\"text\/javascript\">\n\/* <![CDATA[ *\/\n\/*! This file is auto-generated *\/\n!function(d,l){\"use strict\";l.querySelector&&d.addEventListener&&\"undefined\"!=typeof URL&&(d.wp=d.wp||{},d.wp.receiveEmbedMessage||(d.wp.receiveEmbedMessage=function(e){var t=e.data;if((t||t.secret||t.message||t.value)&&!\/[^a-zA-Z0-9]\/.test(t.secret)){for(var s,r,n,a=l.querySelectorAll('iframe[data-secret=\"'+t.secret+'\"]'),o=l.querySelectorAll('blockquote[data-secret=\"'+t.secret+'\"]'),c=new RegExp(\"^https?:$\",\"i\"),i=0;i<o.length;i++)o[i].style.display=\"none\";for(i=0;i<a.length;i++)s=a[i],e.source===s.contentWindow&&(s.removeAttribute(\"style\"),\"height\"===t.message?(1e3<(r=parseInt(t.value,10))?r=1e3:~~r<200&&(r=200),s.height=r):\"link\"===t.message&&(r=new URL(s.getAttribute(\"src\")),n=new URL(t.value),c.test(n.protocol))&&n.host===r.host&&l.activeElement===s&&(d.top.location.href=t.value))}},d.addEventListener(\"message\",d.wp.receiveEmbedMessage,!1),l.addEventListener(\"DOMContentLoaded\",function(){for(var e,t,s=l.querySelectorAll(\"iframe.wp-embedded-content\"),r=0;r<s.length;r++)(t=(e=s[r]).getAttribute(\"data-secret\"))||(t=Math.random().toString(36).substring(2,12),e.src+=\"#?secret=\"+t,e.setAttribute(\"data-secret\",t)),e.contentWindow.postMessage({message:\"ready\",secret:t},\"*\")},!1)))}(window,document);\n\/* ]]> *\/\n<\/script>\n","thumbnail_url":"https:\/\/munilaja.cl\/w\/wp-content\/uploads\/2015\/08\/Encuentro-Ministro-Energ\u00eda09.jpg","thumbnail_width":800,"thumbnail_height":533,"description":"El tema de reducir las cuentas de electricidad de todas las comunas de Biob\u00edo, fue el punto central del encuentro sostenido en Los \u00c1ngeles el pasado martes 25, por los alcaldes de la zona con el secretario ministerial de Energ\u00eda M\u00e1ximo Pacheco. El ministro Pacheco, se\u00f1al\u00f3 que la reducci\u00f3n de tarifas , responde a la [&hellip;]"}

Ministro Pacheco confirmó pronta rebaja de tarifas eléctricas - Municipalidad de Laja

<blockquote class="wp-embedded-content" data-secret="OgRQukBEWu"><a href="https://munilaja.cl/w/ministro-pacheco-confirmo-pronta-rebaja-de-tarifas-electricas/">Ministro Pacheco confirmó pronta rebaja de tarifas eléctricas</a></blockquote><iframe sandbox="allow-scripts" security="restricted" src="https://munilaja.cl/w/ministro-pacheco-confirmo-pronta-rebaja-de-tarifas-electricas/embed/#?secret=OgRQukBEWu" width="600" height="338" title="«Ministro Pacheco confirmó pronta rebaja de tarifas eléctricas» — Municipalidad de Laja" data-secret="OgRQukBEWu" frameborder="0" marginwidth="0" marginheight="0" scrolling="no" class="wp-embedded-content"></iframe><script type="text/javascript">
/* <![CDATA[ */
/*! This file is auto-generated */
!function(d,l){"use strict";l.querySelector&&d.addEventListener&&"undefined"!=typeof URL&&(d.wp=d.wp||{},d.wp.receiveEmbedMessage||(d.wp.receiveEmbedMessage=function(e){var t=e.data;if((t||t.secret||t.message||t.value)&&!/[^a-zA-Z0-9]/.test(t.secret)){for(var s,r,n,a=l.querySelectorAll('iframe[data-secret="'+t.secret+'"]'),o=l.querySelectorAll('blockquote[data-secret="'+t.secret+'"]'),c=new RegExp("^https?:$","i"),i=0;i<o.length;i++)o[i].style.display="none";for(i=0;i<a.length;i++)s=a[i],e.source===s.contentWindow&&(s.removeAttribute("style"),"height"===t.message?(1e3<(r=parseInt(t.value,10))?r=1e3:~~r<200&&(r=200),s.height=r):"link"===t.message&&(r=new URL(s.getAttribute("src")),n=new URL(t.value),c.test(n.protocol))&&n.host===r.host&&l.activeElement===s&&(d.top.location.href=t.value))}},d.addEventListener("message",d.wp.receiveEmbedMessage,!1),l.addEventListener("DOMContentLoaded",function(){for(var e,t,s=l.querySelectorAll("iframe.wp-embedded-content"),r=0;r<s.length;r++)(t=(e=s[r]).getAttribute("data-secret"))||(t=Math.random().toString(36).substring(2,12),e.src+="#?secret="+t,e.setAttribute("data-secret",t)),e.contentWindow.postMessage({message:"ready",secret:t},"*")},!1)))}(window,document);
/* ]]> */
</script>

https://munilaja.cl/w/wp-content/uploads/2015/08/Encuentro-Ministro-Energía09.jpg

El tema de reducir las cuentas de electricidad de todas las comunas de Biobío, fue el punto central del encuentro sostenido en Los Ángeles el pasado martes 25, por los alcaldes de la zona con el secretario ministerial de Energía Máximo Pacheco. El ministro Pacheco, señaló que la reducción de tarifas , responde a la [&hellip;]
