{"version":"1.0","provider_name":"Municipalidad de Laja","provider_url":"https:\/\/munilaja.cl\/w","author_name":"Administrador","author_url":"https:\/\/munilaja.cl\/w\/author\/rssmunilaja\/","title":"Laja vive el Sudamericano de canotaje - Municipalidad de Laja","type":"rich","width":600,"height":338,"html":"<blockquote class=\"wp-embedded-content\" data-secret=\"eZu85mTMpt\"><a href=\"https:\/\/munilaja.cl\/w\/laja-vive-el-sudamericano-de-canotaje\/\">Laja vive el Sudamericano de canotaje<\/a><\/blockquote><iframe sandbox=\"allow-scripts\" security=\"restricted\" src=\"https:\/\/munilaja.cl\/w\/laja-vive-el-sudamericano-de-canotaje\/embed\/#?secret=eZu85mTMpt\" width=\"600\" height=\"338\" title=\"\u00abLaja vive el Sudamericano de canotaje\u00bb \u2014 Municipalidad de Laja\" data-secret=\"eZu85mTMpt\" frameborder=\"0\" marginwidth=\"0\" marginheight=\"0\" scrolling=\"no\" class=\"wp-embedded-content\"><\/iframe><script type=\"text\/javascript\">\n\/* <![CDATA[ *\/\n\/*! This file is auto-generated *\/\n!function(d,l){\"use strict\";l.querySelector&&d.addEventListener&&\"undefined\"!=typeof URL&&(d.wp=d.wp||{},d.wp.receiveEmbedMessage||(d.wp.receiveEmbedMessage=function(e){var t=e.data;if((t||t.secret||t.message||t.value)&&!\/[^a-zA-Z0-9]\/.test(t.secret)){for(var s,r,n,a=l.querySelectorAll('iframe[data-secret=\"'+t.secret+'\"]'),o=l.querySelectorAll('blockquote[data-secret=\"'+t.secret+'\"]'),c=new RegExp(\"^https?:$\",\"i\"),i=0;i<o.length;i++)o[i].style.display=\"none\";for(i=0;i<a.length;i++)s=a[i],e.source===s.contentWindow&&(s.removeAttribute(\"style\"),\"height\"===t.message?(1e3<(r=parseInt(t.value,10))?r=1e3:~~r<200&&(r=200),s.height=r):\"link\"===t.message&&(r=new URL(s.getAttribute(\"src\")),n=new URL(t.value),c.test(n.protocol))&&n.host===r.host&&l.activeElement===s&&(d.top.location.href=t.value))}},d.addEventListener(\"message\",d.wp.receiveEmbedMessage,!1),l.addEventListener(\"DOMContentLoaded\",function(){for(var e,t,s=l.querySelectorAll(\"iframe.wp-embedded-content\"),r=0;r<s.length;r++)(t=(e=s[r]).getAttribute(\"data-secret\"))||(t=Math.random().toString(36).substring(2,12),e.src+=\"#?secret=\"+t,e.setAttribute(\"data-secret\",t)),e.contentWindow.postMessage({message:\"ready\",secret:t},\"*\")},!1)))}(window,document);\n\/* ]]> *\/\n<\/script>\n","thumbnail_url":"https:\/\/munilaja.cl\/w\/wp-content\/uploads\/2022\/11\/IMG_1696-scaled.jpg","thumbnail_width":2560,"thumbnail_height":1745,"description":"Una ceremonia impecable fue la calificaci\u00f3n que emitieron autoridades pol\u00edticas y deportivas presentes en la inauguraci\u00f3n de este certamen deportivo que por vez primera se efect\u00faa en Laja, en su principal espejo de agua, la laguna La Se\u00f1oraza. En ceremonia realizada en el anfiteatro de la costanera sur, &nbsp;&nbsp;estuvieron la delegada Presidencial (s), Paulina Purr\u00e1n, [&hellip;]"}

Una ceremonia impecable fue la calificación que emitieron autoridades políticas y deportivas presentes en la inauguración de este certamen deportivo que por vez primera se efectúa en Laja, en su principal espejo de agua, la laguna La Señoraza. En ceremonia realizada en el anfiteatro de la costanera sur, &nbsp;&nbsp;estuvieron la delegada Presidencial (s), Paulina Purrán, [&hellip;]
