{"version":"1.0","provider_name":"Municipalidad de Laja","provider_url":"https:\/\/munilaja.cl\/w","author_name":"Administrador","author_url":"https:\/\/munilaja.cl\/w\/author\/rssmunilaja\/","title":"Alcalde de Laja firma convenio con autoridades para mejora de veredas - Municipalidad de Laja","type":"rich","width":600,"height":338,"html":"<blockquote class=\"wp-embedded-content\" data-secret=\"I4BAgEe13N\"><a href=\"https:\/\/munilaja.cl\/w\/laja-tendra-nueva-fachada-por-su-acceso-norte\/\">Alcalde de Laja firma convenio con autoridades para mejora de veredas<\/a><\/blockquote><iframe sandbox=\"allow-scripts\" security=\"restricted\" src=\"https:\/\/munilaja.cl\/w\/laja-tendra-nueva-fachada-por-su-acceso-norte\/embed\/#?secret=I4BAgEe13N\" width=\"600\" height=\"338\" title=\"\u00abAlcalde de Laja firma convenio con autoridades para mejora de veredas\u00bb \u2014 Municipalidad de Laja\" data-secret=\"I4BAgEe13N\" frameborder=\"0\" marginwidth=\"0\" marginheight=\"0\" scrolling=\"no\" class=\"wp-embedded-content\"><\/iframe><script type=\"text\/javascript\">\n\/* <![CDATA[ *\/\n\/*! This file is auto-generated *\/\n!function(d,l){\"use strict\";l.querySelector&&d.addEventListener&&\"undefined\"!=typeof URL&&(d.wp=d.wp||{},d.wp.receiveEmbedMessage||(d.wp.receiveEmbedMessage=function(e){var t=e.data;if((t||t.secret||t.message||t.value)&&!\/[^a-zA-Z0-9]\/.test(t.secret)){for(var s,r,n,a=l.querySelectorAll('iframe[data-secret=\"'+t.secret+'\"]'),o=l.querySelectorAll('blockquote[data-secret=\"'+t.secret+'\"]'),c=new RegExp(\"^https?:$\",\"i\"),i=0;i<o.length;i++)o[i].style.display=\"none\";for(i=0;i<a.length;i++)s=a[i],e.source===s.contentWindow&&(s.removeAttribute(\"style\"),\"height\"===t.message?(1e3<(r=parseInt(t.value,10))?r=1e3:~~r<200&&(r=200),s.height=r):\"link\"===t.message&&(r=new URL(s.getAttribute(\"src\")),n=new URL(t.value),c.test(n.protocol))&&n.host===r.host&&l.activeElement===s&&(d.top.location.href=t.value))}},d.addEventListener(\"message\",d.wp.receiveEmbedMessage,!1),l.addEventListener(\"DOMContentLoaded\",function(){for(var e,t,s=l.querySelectorAll(\"iframe.wp-embedded-content\"),r=0;r<s.length;r++)(t=(e=s[r]).getAttribute(\"data-secret\"))||(t=Math.random().toString(36).substring(2,12),e.src+=\"#?secret=\"+t,e.setAttribute(\"data-secret\",t)),e.contentWindow.postMessage({message:\"ready\",secret:t},\"*\")},!1)))}(window,document);\n\/* ]]> *\/\n<\/script>\n","thumbnail_url":"https:\/\/munilaja.cl\/w\/wp-content\/uploads\/2019\/11\/4.jpeg","thumbnail_width":1280,"thumbnail_height":853,"description":"El arreglo de la acera ser\u00e1 de Avenida Los R\u00edos hasta el Polideportivo. El viernes 22 de noviembre en la comuna de Santa B\u00e1rbara, el Alcalde Vladimir Fica Toledo, junto al Intendente de la regi\u00f3n del Biob\u00edo, Sergio Giacaman Garc\u00eda y el Gobernador de la Provincia del Biob\u00edo, Ignacio Fica Espinoza, realizaron firma de convenio [&hellip;]"}

El arreglo de la acera será de Avenida Los Ríos hasta el Polideportivo. El viernes 22 de noviembre en la comuna de Santa Bárbara, el Alcalde Vladimir Fica Toledo, junto al Intendente de la región del Biobío, Sergio Giacaman García y el Gobernador de la Provincia del Biobío, Ignacio Fica Espinoza, realizaron firma de convenio [&hellip;]
