{"version":"1.0","provider_name":"Municipalidad de Laja","provider_url":"https:\/\/munilaja.cl\/w","author_name":"Administrador","author_url":"https:\/\/munilaja.cl\/w\/author\/rssmunilaja\/","title":"Gobierno adelanta toque de queda durante Fiestas Patrias - Municipalidad de Laja","type":"rich","width":600,"height":338,"html":"<blockquote class=\"wp-embedded-content\" data-secret=\"OtMR177SsS\"><a href=\"https:\/\/munilaja.cl\/w\/gobierno-adelanta-toque-de-queda-durante-fiestas-patrias\/\">Gobierno adelanta toque de queda durante Fiestas Patrias<\/a><\/blockquote><iframe sandbox=\"allow-scripts\" security=\"restricted\" src=\"https:\/\/munilaja.cl\/w\/gobierno-adelanta-toque-de-queda-durante-fiestas-patrias\/embed\/#?secret=OtMR177SsS\" width=\"600\" height=\"338\" title=\"\u00abGobierno adelanta toque de queda durante Fiestas Patrias\u00bb \u2014 Municipalidad de Laja\" data-secret=\"OtMR177SsS\" frameborder=\"0\" marginwidth=\"0\" marginheight=\"0\" scrolling=\"no\" class=\"wp-embedded-content\"><\/iframe><script type=\"text\/javascript\">\n\/* <![CDATA[ *\/\n\/*! This file is auto-generated *\/\n!function(d,l){\"use strict\";l.querySelector&&d.addEventListener&&\"undefined\"!=typeof URL&&(d.wp=d.wp||{},d.wp.receiveEmbedMessage||(d.wp.receiveEmbedMessage=function(e){var t=e.data;if((t||t.secret||t.message||t.value)&&!\/[^a-zA-Z0-9]\/.test(t.secret)){for(var s,r,n,a=l.querySelectorAll('iframe[data-secret=\"'+t.secret+'\"]'),o=l.querySelectorAll('blockquote[data-secret=\"'+t.secret+'\"]'),c=new RegExp(\"^https?:$\",\"i\"),i=0;i<o.length;i++)o[i].style.display=\"none\";for(i=0;i<a.length;i++)s=a[i],e.source===s.contentWindow&&(s.removeAttribute(\"style\"),\"height\"===t.message?(1e3<(r=parseInt(t.value,10))?r=1e3:~~r<200&&(r=200),s.height=r):\"link\"===t.message&&(r=new URL(s.getAttribute(\"src\")),n=new URL(t.value),c.test(n.protocol))&&n.host===r.host&&l.activeElement===s&&(d.top.location.href=t.value))}},d.addEventListener(\"message\",d.wp.receiveEmbedMessage,!1),l.addEventListener(\"DOMContentLoaded\",function(){for(var e,t,s=l.querySelectorAll(\"iframe.wp-embedded-content\"),r=0;r<s.length;r++)(t=(e=s[r]).getAttribute(\"data-secret\"))||(t=Math.random().toString(36).substring(2,12),e.src+=\"#?secret=\"+t,e.setAttribute(\"data-secret\",t)),e.contentWindow.postMessage({message:\"ready\",secret:t},\"*\")},!1)))}(window,document);\n\/* ]]> *\/\n<\/script>\n","thumbnail_url":"https:\/\/munilaja.cl\/w\/wp-content\/uploads\/2020\/09\/Toque-de-queda-2-630x300.jpg","thumbnail_width":1024,"thumbnail_height":488,"description":"La Subsecretaria\u00a0 de Salud P\u00fablica, Paula Daza, anunci\u00f3 que durante las Fiestas Patrias se adelantar\u00e1 el toque de Queda a las 21:00 hrs. Lo anterior como medida preventiva para evitar mayores contagios durante las celebraciones. Igualmente, el Ministro de Salud, Enrique Paris, explic\u00f3 que el adelantamiento regir\u00e1 desde el JUEVES 17 DE SEPTIEMBRE HASTA EL [&hellip;]"}

La Subsecretaria  de Salud Pública, Paula Daza, anunció que durante las Fiestas Patrias se adelantará el toque de Queda a las 21:00 hrs. Lo anterior como medida preventiva para evitar mayores contagios durante las celebraciones. Igualmente, el Ministro de Salud, Enrique Paris, explicó que el adelantamiento regirá desde el JUEVES 17 DE SEPTIEMBRE HASTA EL [&hellip;]
