{"version":"1.0","provider_name":"Municipalidad de Laja","provider_url":"https:\/\/munilaja.cl\/w","author_name":"Administrador","author_url":"https:\/\/munilaja.cl\/w\/author\/rssmunilaja\/","title":"Colaboraci\u00f3n interinstitucional fortalece medidas preventivas en Laja - Municipalidad de Laja","type":"rich","width":600,"height":338,"html":"<blockquote class=\"wp-embedded-content\" data-secret=\"PasMlSrfKY\"><a href=\"https:\/\/munilaja.cl\/w\/colaboracion-interinstitucional-fortalece-medidas-preventivas-en-laja\/\">Colaboraci\u00f3n interinstitucional fortalece medidas preventivas en Laja<\/a><\/blockquote><iframe sandbox=\"allow-scripts\" security=\"restricted\" src=\"https:\/\/munilaja.cl\/w\/colaboracion-interinstitucional-fortalece-medidas-preventivas-en-laja\/embed\/#?secret=PasMlSrfKY\" width=\"600\" height=\"338\" title=\"\u00abColaboraci\u00f3n interinstitucional fortalece medidas preventivas en Laja\u00bb \u2014 Municipalidad de Laja\" data-secret=\"PasMlSrfKY\" frameborder=\"0\" marginwidth=\"0\" marginheight=\"0\" scrolling=\"no\" class=\"wp-embedded-content\"><\/iframe><script type=\"text\/javascript\">\n\/* <![CDATA[ *\/\n\/*! This file is auto-generated *\/\n!function(d,l){\"use strict\";l.querySelector&&d.addEventListener&&\"undefined\"!=typeof URL&&(d.wp=d.wp||{},d.wp.receiveEmbedMessage||(d.wp.receiveEmbedMessage=function(e){var t=e.data;if((t||t.secret||t.message||t.value)&&!\/[^a-zA-Z0-9]\/.test(t.secret)){for(var s,r,n,a=l.querySelectorAll('iframe[data-secret=\"'+t.secret+'\"]'),o=l.querySelectorAll('blockquote[data-secret=\"'+t.secret+'\"]'),c=new RegExp(\"^https?:$\",\"i\"),i=0;i<o.length;i++)o[i].style.display=\"none\";for(i=0;i<a.length;i++)s=a[i],e.source===s.contentWindow&&(s.removeAttribute(\"style\"),\"height\"===t.message?(1e3<(r=parseInt(t.value,10))?r=1e3:~~r<200&&(r=200),s.height=r):\"link\"===t.message&&(r=new URL(s.getAttribute(\"src\")),n=new URL(t.value),c.test(n.protocol))&&n.host===r.host&&l.activeElement===s&&(d.top.location.href=t.value))}},d.addEventListener(\"message\",d.wp.receiveEmbedMessage,!1),l.addEventListener(\"DOMContentLoaded\",function(){for(var e,t,s=l.querySelectorAll(\"iframe.wp-embedded-content\"),r=0;r<s.length;r++)(t=(e=s[r]).getAttribute(\"data-secret\"))||(t=Math.random().toString(36).substring(2,12),e.src+=\"#?secret=\"+t,e.setAttribute(\"data-secret\",t)),e.contentWindow.postMessage({message:\"ready\",secret:t},\"*\")},!1)))}(window,document);\n\/* ]]> *\/\n<\/script>\n","thumbnail_url":"https:\/\/munilaja.cl\/w\/wp-content\/uploads\/2024\/03\/8d397287-5d92-4b23-9ec0-bdf4cadc67d1.jpeg","thumbnail_width":1156,"thumbnail_height":867,"description":"En una muestra de colaboraci\u00f3n interinstitucional, Carabineros en conjunto con seguridad ciudadana e Inspecci\u00f3n de Tr\u00e1nsito, llevaron a cabo una ronda preventiva el pasado 07 de marzo en nuestra comuna. El punto de partida fue la costanera sur de la laguna La Se\u00f1oraza, donde el alcalde Roberto Quintana se hizo presente para saludar a Carabineros [&hellip;]"}

Colaboración interinstitucional fortalece medidas preventivas en Laja - Municipalidad de Laja

<blockquote class="wp-embedded-content" data-secret="PasMlSrfKY"><a href="https://munilaja.cl/w/colaboracion-interinstitucional-fortalece-medidas-preventivas-en-laja/">Colaboración interinstitucional fortalece medidas preventivas en Laja</a></blockquote><iframe sandbox="allow-scripts" security="restricted" src="https://munilaja.cl/w/colaboracion-interinstitucional-fortalece-medidas-preventivas-en-laja/embed/#?secret=PasMlSrfKY" width="600" height="338" title="«Colaboración interinstitucional fortalece medidas preventivas en Laja» — Municipalidad de Laja" data-secret="PasMlSrfKY" frameborder="0" marginwidth="0" marginheight="0" scrolling="no" class="wp-embedded-content"></iframe><script type="text/javascript">
/* <![CDATA[ */
/*! This file is auto-generated */
!function(d,l){"use strict";l.querySelector&&d.addEventListener&&"undefined"!=typeof URL&&(d.wp=d.wp||{},d.wp.receiveEmbedMessage||(d.wp.receiveEmbedMessage=function(e){var t=e.data;if((t||t.secret||t.message||t.value)&&!/[^a-zA-Z0-9]/.test(t.secret)){for(var s,r,n,a=l.querySelectorAll('iframe[data-secret="'+t.secret+'"]'),o=l.querySelectorAll('blockquote[data-secret="'+t.secret+'"]'),c=new RegExp("^https?:$","i"),i=0;i<o.length;i++)o[i].style.display="none";for(i=0;i<a.length;i++)s=a[i],e.source===s.contentWindow&&(s.removeAttribute("style"),"height"===t.message?(1e3<(r=parseInt(t.value,10))?r=1e3:~~r<200&&(r=200),s.height=r):"link"===t.message&&(r=new URL(s.getAttribute("src")),n=new URL(t.value),c.test(n.protocol))&&n.host===r.host&&l.activeElement===s&&(d.top.location.href=t.value))}},d.addEventListener("message",d.wp.receiveEmbedMessage,!1),l.addEventListener("DOMContentLoaded",function(){for(var e,t,s=l.querySelectorAll("iframe.wp-embedded-content"),r=0;r<s.length;r++)(t=(e=s[r]).getAttribute("data-secret"))||(t=Math.random().toString(36).substring(2,12),e.src+="#?secret="+t,e.setAttribute("data-secret",t)),e.contentWindow.postMessage({message:"ready",secret:t},"*")},!1)))}(window,document);
/* ]]> */
</script>

En una muestra de colaboración interinstitucional, Carabineros en conjunto con seguridad ciudadana e Inspección de Tránsito, llevaron a cabo una ronda preventiva el pasado 07 de marzo en nuestra comuna. El punto de partida fue la costanera sur de la laguna La Señoraza, donde el alcalde Roberto Quintana se hizo presente para saludar a Carabineros [&hellip;]
